{"version":"1.0","provider_name":"Tribunal Judicial da Comarca de Aveiro","provider_url":"https:\/\/comarcas.csm.org.pt\/aveiro","title":"Tribunal da Rela\u00e7\u00e3o do Porto, visitou o Tribunal Judicial da Comarca de Aveiro, tendo sido realizadas sess\u00f5es descentralizadas. - Tribunal Judicial da Comarca de Aveiro","type":"rich","width":600,"height":338,"html":"<blockquote class=\"wp-embedded-content\" data-secret=\"L2xqgUycSC\"><a href=\"https:\/\/comarcas.csm.org.pt\/aveiro\/blog\/2025\/06\/05\/titulo\/\">Tribunal da Rela\u00e7\u00e3o do Porto, visitou o Tribunal Judicial da Comarca de Aveiro, tendo sido realizadas sess\u00f5es descentralizadas.<\/a><\/blockquote><iframe sandbox=\"allow-scripts\" security=\"restricted\" src=\"https:\/\/comarcas.csm.org.pt\/aveiro\/blog\/2025\/06\/05\/titulo\/embed\/#?secret=L2xqgUycSC\" width=\"600\" height=\"338\" title=\"&#8220;Tribunal da Rela\u00e7\u00e3o do Porto, visitou o Tribunal Judicial da Comarca de Aveiro, tendo sido realizadas sess\u00f5es descentralizadas.&#8221; &#8212; Tribunal Judicial da Comarca de Aveiro\" data-secret=\"L2xqgUycSC\" frameborder=\"0\" marginwidth=\"0\" marginheight=\"0\" scrolling=\"no\" class=\"wp-embedded-content\"><\/iframe><script>\n\/*! This file is auto-generated *\/\n!function(d,l){\"use strict\";l.querySelector&&d.addEventListener&&\"undefined\"!=typeof URL&&(d.wp=d.wp||{},d.wp.receiveEmbedMessage||(d.wp.receiveEmbedMessage=function(e){var t=e.data;if((t||t.secret||t.message||t.value)&&!\/[^a-zA-Z0-9]\/.test(t.secret)){for(var s,r,n,a=l.querySelectorAll('iframe[data-secret=\"'+t.secret+'\"]'),o=l.querySelectorAll('blockquote[data-secret=\"'+t.secret+'\"]'),c=new RegExp(\"^https?:$\",\"i\"),i=0;i<o.length;i++)o[i].style.display=\"none\";for(i=0;i<a.length;i++)s=a[i],e.source===s.contentWindow&&(s.removeAttribute(\"style\"),\"height\"===t.message?(1e3<(r=parseInt(t.value,10))?r=1e3:~~r<200&&(r=200),s.height=r):\"link\"===t.message&&(r=new URL(s.getAttribute(\"src\")),n=new URL(t.value),c.test(n.protocol))&&n.host===r.host&&l.activeElement===s&&(d.top.location.href=t.value))}},d.addEventListener(\"message\",d.wp.receiveEmbedMessage,!1),l.addEventListener(\"DOMContentLoaded\",function(){for(var e,t,s=l.querySelectorAll(\"iframe.wp-embedded-content\"),r=0;r<s.length;r++)(t=(e=s[r]).getAttribute(\"data-secret\"))||(t=Math.random().toString(36).substring(2,12),e.src+=\"#?secret=\"+t,e.setAttribute(\"data-secret\",t)),e.contentWindow.postMessage({message:\"ready\",secret:t},\"*\")},!1)))}(window,document);\n<\/script>\n","thumbnail_url":"https:\/\/comarcas.csm.org.pt\/aveiro\/wp-content\/uploads\/sites\/5\/2025\/02\/Imagem-WhatsApp-2025-06-05-as-16.22.45_b3310edc-e1750159159286.jpg","thumbnail_width":300,"thumbnail_height":447,"description":"No dia 04 de junho de 2025, o Tribunal da Rela\u00e7\u00e3o do Porto efetuou uma visita ao Tribunal e \u00e0 cidade de Aveiro, decorrendo as sess\u00f5es das Sec\u00e7\u00f5es C\u00edveis, de forma conjunta, no Pal\u00e1cio de Justi\u00e7a de Aveiro. Essa iniciativa, resultado de uma parceria entre ambos os Tribunais, teve subjacente a circunst\u00e2ncia de o Tribunal..."}

Tribunal da Relação do Porto, visitou o Tribunal Judicial da Comarca de Aveiro, tendo sido realizadas sessões descentralizadas. - Tribunal Judicial da Comarca de Aveiro

<blockquote class="wp-embedded-content" data-secret="L2xqgUycSC"><a href="https://comarcas.csm.org.pt/aveiro/blog/2025/06/05/titulo/">Tribunal da Relação do Porto, visitou o Tribunal Judicial da Comarca de Aveiro, tendo sido realizadas sessões descentralizadas.</a></blockquote><iframe sandbox="allow-scripts" security="restricted" src="https://comarcas.csm.org.pt/aveiro/blog/2025/06/05/titulo/embed/#?secret=L2xqgUycSC" width="600" height="338" title="&#8220;Tribunal da Relação do Porto, visitou o Tribunal Judicial da Comarca de Aveiro, tendo sido realizadas sessões descentralizadas.&#8221; &#8212; Tribunal Judicial da Comarca de Aveiro" data-secret="L2xqgUycSC" frameborder="0" marginwidth="0" marginheight="0" scrolling="no" class="wp-embedded-content"></iframe><script>
/*! This file is auto-generated */
!function(d,l){"use strict";l.querySelector&&d.addEventListener&&"undefined"!=typeof URL&&(d.wp=d.wp||{},d.wp.receiveEmbedMessage||(d.wp.receiveEmbedMessage=function(e){var t=e.data;if((t||t.secret||t.message||t.value)&&!/[^a-zA-Z0-9]/.test(t.secret)){for(var s,r,n,a=l.querySelectorAll('iframe[data-secret="'+t.secret+'"]'),o=l.querySelectorAll('blockquote[data-secret="'+t.secret+'"]'),c=new RegExp("^https?:$","i"),i=0;i<o.length;i++)o[i].style.display="none";for(i=0;i<a.length;i++)s=a[i],e.source===s.contentWindow&&(s.removeAttribute("style"),"height"===t.message?(1e3<(r=parseInt(t.value,10))?r=1e3:~~r<200&&(r=200),s.height=r):"link"===t.message&&(r=new URL(s.getAttribute("src")),n=new URL(t.value),c.test(n.protocol))&&n.host===r.host&&l.activeElement===s&&(d.top.location.href=t.value))}},d.addEventListener("message",d.wp.receiveEmbedMessage,!1),l.addEventListener("DOMContentLoaded",function(){for(var e,t,s=l.querySelectorAll("iframe.wp-embedded-content"),r=0;r<s.length;r++)(t=(e=s[r]).getAttribute("data-secret"))||(t=Math.random().toString(36).substring(2,12),e.src+="#?secret="+t,e.setAttribute("data-secret",t)),e.contentWindow.postMessage({message:"ready",secret:t},"*")},!1)))}(window,document);
</script>

No dia 04 de junho de 2025, o Tribunal da Relação do Porto efetuou uma visita ao Tribunal e à cidade de Aveiro, decorrendo as sessões das Secções Cíveis, de forma conjunta, no Palácio de Justiça de Aveiro. Essa iniciativa, resultado de uma parceria entre ambos os Tribunais, teve subjacente a circunstância de o Tribunal...
