{"id":11351,"date":"2024-05-22T11:32:51","date_gmt":"2024-05-22T11:32:51","guid":{"rendered":"https:\/\/aveiro.vvr.pt\/?page_id=11351"},"modified":"2026-04-16T17:50:11","modified_gmt":"2026-04-16T17:50:11","slug":"jurisprudencia","status":"publish","type":"page","link":"https:\/\/comarcas.csm.org.pt\/braga\/jurisprudencia\/","title":{"rendered":"Jurisprud\u00eancia"},"content":{"rendered":"\t\t<div data-elementor-type=\"wp-page\" data-elementor-id=\"11351\" class=\"elementor elementor-11351\" data-elementor-post-type=\"page\">\n\t\t\t\t<div class=\"elementor-element elementor-element-327c7c4 e-flex e-con-boxed e-con e-parent\" data-id=\"327c7c4\" data-element_type=\"container\">\n\t\t\t\t\t<div class=\"e-con-inner\">\n\t\t\t\t<div class=\"elementor-element elementor-element-47c6f56 elementor-widget elementor-widget-text-editor\" data-id=\"47c6f56\" data-element_type=\"widget\" data-widget_type=\"text-editor.default\">\n\t\t\t\t<div class=\"elementor-widget-container\">\n\t\t\t\t\t\t\t\t\t<h5><span style=\"text-decoration: underline\"><strong><a href=\"https:\/\/comarcas.csm.org.pt\/braga\/wp-content\/uploads\/sites\/9\/2026\/04\/5118-21.3T9BRG-sem-transito.pdf\">5118\/21.3T9BRG<\/a><\/strong><\/span><\/h5><p><strong>Senten\u00e7a &#8211; Processo Comum (Tribunal Singular) &#8211; Decis\u00e3o n\u00e3o transitada em julgado<\/strong><br \/><br \/><strong>Descritores: <\/strong>crime de interven\u00e7\u00f5es e tratamentos m\u00e9dico-cir\u00fargicos; leges artis; pedido de indemniza\u00e7\u00e3o civil; responsabilidade civil extracontratual.<\/p>\t\t\t\t\t\t\t\t<\/div>\n\t\t\t\t<\/div>\n\t\t\t\t<div class=\"elementor-element elementor-element-5224a97 elementor-widget elementor-widget-text-editor\" data-id=\"5224a97\" data-element_type=\"widget\" data-widget_type=\"text-editor.default\">\n\t\t\t\t<div class=\"elementor-widget-container\">\n\t\t\t\t\t\t\t\t\t<h5><span style=\"text-decoration: underline\"><strong><a href=\"https:\/\/comarcas.csm.org.pt\/braga\/wp-content\/uploads\/sites\/9\/2025\/06\/12-745-14.8GAFAF.pdf\">745\/14.8GAFAF<\/a><\/strong><\/span><\/h5><p><strong>Descritores: <\/strong>crimes sexuais; fraude sexual; viola\u00e7\u00e3o; coa\u00e7\u00e3o; fotografias il\u00edcitas; recurso \u00e0 prostitui\u00e7\u00e3o de menores; pornografia de menores; concurso de crimes.<\/p>\t\t\t\t\t\t\t\t<\/div>\n\t\t\t\t<\/div>\n\t\t\t\t<div class=\"elementor-element elementor-element-a1d9ceb elementor-widget elementor-widget-text-editor\" data-id=\"a1d9ceb\" data-element_type=\"widget\" data-widget_type=\"text-editor.default\">\n\t\t\t\t<div class=\"elementor-widget-container\">\n\t\t\t\t\t\t\t\t\t<h5><span style=\"text-decoration: underline\"><strong><a href=\"https:\/\/comarcas.csm.org.pt\/braga\/wp-content\/uploads\/sites\/9\/2025\/06\/11-646-19.3GAVNF.pdf\">646\/19.3GAVNF<\/a><\/strong><\/span><\/h5><p><strong>Descritores: <\/strong>viol\u00eancia dom\u00e9stica agravada; inibi\u00e7\u00e3o do exerc\u00edcio das responsabilidades parentais; proibi\u00e7\u00e3o de uso e porte de arma; proibi\u00e7\u00e3o de contactar com a v\u00edtima.<\/p>\t\t\t\t\t\t\t\t<\/div>\n\t\t\t\t<\/div>\n\t\t\t\t<div class=\"elementor-element elementor-element-dddd67b elementor-widget elementor-widget-text-editor\" data-id=\"dddd67b\" data-element_type=\"widget\" data-widget_type=\"text-editor.default\">\n\t\t\t\t<div class=\"elementor-widget-container\">\n\t\t\t\t\t\t\t\t\t<h5><span style=\"text-decoration: underline\"><strong><a href=\"https:\/\/comarcas.csm.org.pt\/braga\/wp-content\/uploads\/sites\/9\/2025\/06\/10-894-04.0GAVNF.pdf\">894\/04.0GAVNF<\/a><\/strong><\/span><\/h5><p><strong>Descritores:<\/strong> escravid\u00e3o; pessoas jur\u00eddicas de direito can\u00f3nico; responsabilidade penal de pessoas coletivas e entidades equiparadas; funda\u00e7\u00e3o can\u00f3nica p\u00fablica e privada; pedido de indemniza\u00e7\u00e3o c\u00edvel; arbitramento oficioso de indemniza\u00e7\u00f5es.<\/p>\t\t\t\t\t\t\t\t<\/div>\n\t\t\t\t<\/div>\n\t\t\t\t<div class=\"elementor-element elementor-element-5f5de77 elementor-widget elementor-widget-text-editor\" data-id=\"5f5de77\" data-element_type=\"widget\" data-widget_type=\"text-editor.default\">\n\t\t\t\t<div class=\"elementor-widget-container\">\n\t\t\t\t\t\t\t\t\t<h5><span style=\"text-decoration: underline\"><strong><a href=\"https:\/\/comarcas.csm.org.pt\/braga\/wp-content\/uploads\/sites\/9\/2025\/06\/9-918-20.4GAFAF.pdf\">918\/20.4GAFAF<\/a><\/strong><\/span><\/h5><p><strong>Descritores:<\/strong> viol\u00eancia dom\u00e9stica; coping; deten\u00e7\u00e3o de arma proibida.<\/p>\t\t\t\t\t\t\t\t<\/div>\n\t\t\t\t<\/div>\n\t\t\t\t<div class=\"elementor-element elementor-element-6cebf25 elementor-widget elementor-widget-text-editor\" data-id=\"6cebf25\" data-element_type=\"widget\" data-widget_type=\"text-editor.default\">\n\t\t\t\t<div class=\"elementor-widget-container\">\n\t\t\t\t\t\t\t\t\t<h5><strong><span style=\"text-decoration: underline\"><a href=\"https:\/\/comarcas.csm.org.pt\/braga\/wp-content\/uploads\/sites\/9\/2025\/06\/8-1583-18.4PBBRG.pdf\">1583\/18.4PBBRG<\/a><\/span><\/strong><\/h5><p><strong>Descritores:<\/strong> nulidade de reconhecimento pessoal &#8211; menor 21 anos; direito ao sil\u00eancio; crime de roubo simples e agravado, na forma consumada e tentada; concurso de crimes; suspens\u00e3o da execu\u00e7\u00e3o da pena.<\/p>\t\t\t\t\t\t\t\t<\/div>\n\t\t\t\t<\/div>\n\t\t\t\t<div class=\"elementor-element elementor-element-45adae0 elementor-widget elementor-widget-text-editor\" data-id=\"45adae0\" data-element_type=\"widget\" data-widget_type=\"text-editor.default\">\n\t\t\t\t<div class=\"elementor-widget-container\">\n\t\t\t\t\t\t\t\t\t<h5><strong><span style=\"text-decoration: underline\"><a href=\"https:\/\/comarcas.csm.org.pt\/braga\/wp-content\/uploads\/sites\/9\/2025\/06\/7-1118-18.9JABRG.pdf\">1118\/18.9JABRG<\/a><\/span><\/strong><\/h5><p><strong>Descritores:<\/strong> crimes de actos sexuais com adolescentes (simples e agravados); concurso de crimes; suspens\u00e3o da execu\u00e7\u00e3o da pena de pris\u00e3o.<\/p>\t\t\t\t\t\t\t\t<\/div>\n\t\t\t\t<\/div>\n\t\t\t\t<div class=\"elementor-element elementor-element-7f4d4a5 elementor-widget elementor-widget-text-editor\" data-id=\"7f4d4a5\" data-element_type=\"widget\" data-widget_type=\"text-editor.default\">\n\t\t\t\t<div class=\"elementor-widget-container\">\n\t\t\t\t\t\t\t\t\t<h5><strong><span style=\"text-decoration: underline\"><a href=\"https:\/\/comarcas.csm.org.pt\/braga\/wp-content\/uploads\/sites\/9\/2025\/06\/6-2638-17.8T9BRG.pdf\">2638\/17.8T9BRG<\/a><\/span><\/strong><\/h5><p><strong>Descritores:<\/strong> princ\u00edpio ne bis in idem; crime de ofensa \u00e0 integridade f\u00edsica qualificada, na forma tentada; crime de inj\u00faria agravada; crime de amea\u00e7a agravada; crime de dano qualificado; concurso de crimes.<\/p>\t\t\t\t\t\t\t\t<\/div>\n\t\t\t\t<\/div>\n\t\t\t\t<div class=\"elementor-element elementor-element-ef48b6b elementor-widget elementor-widget-text-editor\" data-id=\"ef48b6b\" data-element_type=\"widget\" data-widget_type=\"text-editor.default\">\n\t\t\t\t<div class=\"elementor-widget-container\">\n\t\t\t\t\t\t\t\t\t<h5><strong><span style=\"text-decoration: underline\"><a href=\"https:\/\/comarcas.csm.org.pt\/braga\/wp-content\/uploads\/sites\/9\/2025\/06\/5-1267-17.0JAPRT.pdf\">1267\/17.0JAPRT<\/a><\/span><\/strong><\/h5><p><strong>Descritores:<\/strong> presun\u00e7\u00f5es judiciais; direito ao sil\u00eancio; associa\u00e7\u00e3o criminosa; furto qualificado: medida concreta da pena; concurso de crimes.<\/p>\t\t\t\t\t\t\t\t<\/div>\n\t\t\t\t<\/div>\n\t\t\t\t<div class=\"elementor-element elementor-element-107f7a2 elementor-widget elementor-widget-text-editor\" data-id=\"107f7a2\" data-element_type=\"widget\" data-widget_type=\"text-editor.default\">\n\t\t\t\t<div class=\"elementor-widget-container\">\n\t\t\t\t\t\t\t\t\t<h5><span style=\"text-decoration: underline\"><strong><a href=\"https:\/\/comarcas.csm.org.pt\/braga\/wp-content\/uploads\/sites\/9\/2025\/06\/4-2418-15.5T9BRG.pdf\">2418\/15.5T9BRG<\/a><\/strong><\/span><\/h5><p><strong>Descritores:<\/strong>\u00a0c\u00famulo jur\u00eddico de penas; concurso de crimes; pena suspensa; pena de pris\u00e3o; pena de multa.<\/p>\t\t\t\t\t\t\t\t<\/div>\n\t\t\t\t<\/div>\n\t\t\t\t<div class=\"elementor-element elementor-element-b23597a elementor-widget elementor-widget-text-editor\" data-id=\"b23597a\" data-element_type=\"widget\" data-widget_type=\"text-editor.default\">\n\t\t\t\t<div class=\"elementor-widget-container\">\n\t\t\t\t\t\t\t\t\t<h5><span style=\"text-decoration: underline\"><strong><a href=\"https:\/\/comarcas.csm.org.pt\/braga\/wp-content\/uploads\/sites\/9\/2025\/06\/3-4269-18-6T8GMR.pdf\">4269\/18 6T8GMR<\/a><\/strong><\/span><\/h5><p><strong>Descritores: <\/strong><span style=\"letter-spacing: 0.3px\">\u00e1lcool; <\/span><span style=\"letter-spacing: 0.3px\">direito de regresso; <\/span><span style=\"letter-spacing: 0.3px\">prazo de prescri\u00e7\u00e3o; <\/span><span style=\"letter-spacing: 0.3px\">n\u00facleos indemnizat\u00f3rios.<\/span><\/p>\t\t\t\t\t\t\t\t<\/div>\n\t\t\t\t<\/div>\n\t\t\t\t<div class=\"elementor-element elementor-element-b2dbde7 elementor-widget elementor-widget-text-editor\" data-id=\"b2dbde7\" data-element_type=\"widget\" data-widget_type=\"text-editor.default\">\n\t\t\t\t<div class=\"elementor-widget-container\">\n\t\t\t\t\t\t\t\t\t<h5><strong><a href=\"https:\/\/comarcas.csm.org.pt\/braga\/wp-content\/uploads\/sites\/9\/2025\/06\/2-520-15.2PABCL.pdf\"><span style=\"text-decoration: underline\">520\/15.2PABCL<\/span><\/a><\/strong><\/h5><p><strong>Descritores: <\/strong><span style=\"font-size: 14px;letter-spacing: 0.3px;text-transform: none\">presun\u00e7\u00f5es; <\/span><span style=\"font-size: 14px;letter-spacing: 0.3px;text-transform: none\">regras; <\/span><span style=\"font-size: 14px;letter-spacing: 0.3px;text-transform: none\">experi\u00eancia.<\/span><\/p>\t\t\t\t\t\t\t\t<\/div>\n\t\t\t\t<\/div>\n\t\t\t\t<div class=\"elementor-element elementor-element-c098a8c elementor-widget elementor-widget-text-editor\" data-id=\"c098a8c\" data-element_type=\"widget\" data-widget_type=\"text-editor.default\">\n\t\t\t\t<div class=\"elementor-widget-container\">\n\t\t\t\t\t\t\t\t\t<h5><span style=\"text-decoration: underline\"><strong><a href=\"https:\/\/comarcas.csm.org.pt\/braga\/wp-content\/uploads\/sites\/9\/2025\/06\/1-7-15.3GBBCL.pdf\">7\/15.3GBBCL<\/a><\/strong><\/span><\/h5><p><strong>Descritores:<\/strong> declara\u00e7\u00f5es; co-arguido; tr\u00e1fico; estupefaciente; jovens; delinquentes; sil\u00eancio; perda; objectos.<\/p>\t\t\t\t\t\t\t\t<\/div>\n\t\t\t\t<\/div>\n\t\t\t\t\t<\/div>\n\t\t\t\t<\/div>\n\t\t<div class=\"elementor-element elementor-element-45a7250 e-flex e-con-boxed e-con e-parent\" data-id=\"45a7250\" data-element_type=\"container\">\n\t\t\t\t\t<div class=\"e-con-inner\">\n\t\t\t\t\t<\/div>\n\t\t\t\t<\/div>\n\t\t<div class=\"elementor-element elementor-element-e1add4c e-flex e-con-boxed e-con e-parent\" data-id=\"e1add4c\" data-element_type=\"container\">\n\t\t\t\t\t<div class=\"e-con-inner\">\n\t\t\t\t\t<\/div>\n\t\t\t\t<\/div>\n\t\t\t\t<\/div>\n\t\t","protected":false},"excerpt":{"rendered":"<p>5118\/21.3T9BRG Senten\u00e7a &#8211; Processo Comum (Tribunal Singular) &#8211; Decis\u00e3o n\u00e3o transitada em julgado Descritores: crime de interven\u00e7\u00f5es e tratamentos m\u00e9dico-cir\u00fargicos; leges artis; pedido de indemniza\u00e7\u00e3o civil; responsabilidade civil extracontratual. 745\/14.8GAFAF Descritores: crimes sexuais; fraude sexual; viola\u00e7\u00e3o; coa\u00e7\u00e3o; fotografias il\u00edcitas; recurso \u00e0 prostitui\u00e7\u00e3o de menores; pornografia de menores; concurso de crimes. 646\/19.3GAVNF Descritores: viol\u00eancia dom\u00e9stica agravada;&#8230;<\/p>\n","protected":false},"author":1,"featured_media":0,"parent":0,"menu_order":0,"comment_status":"closed","ping_status":"closed","template":"","meta":{"_tbt_post_transparent":"","_tbt_post_title":"","_tbt_post_layout":"","_tbt_post_sidebar_id":"","_tbt_post_content_style":"","_tbt_post_vertical_padding":"","_tbt_post_feature":"","_tbt_post_feature_position":"","_tbt_post_header":false,"_tbt_post_footer":false},"class_list":["post-11351","page","type-page","status-publish","hentry"],"yoast_head":"<!-- This site is optimized with the Yoast SEO plugin v25.6 - https:\/\/yoast.com\/wordpress\/plugins\/seo\/ -->\n<title>Jurisprud\u00eancia - Tribunal Judicial da Comarca de Braga<\/title>\n<meta name=\"robots\" content=\"index, follow, max-snippet:-1, max-image-preview:large, max-video-preview:-1\" \/>\n<link rel=\"canonical\" href=\"https:\/\/comarcas.csm.org.pt\/braga\/jurisprudencia\/\" \/>\n<meta property=\"og:locale\" content=\"pt_PT\" \/>\n<meta property=\"og:type\" content=\"article\" \/>\n<meta property=\"og:title\" content=\"Jurisprud\u00eancia - Tribunal Judicial da Comarca de Braga\" \/>\n<meta property=\"og:description\" content=\"5118\/21.3T9BRG Senten\u00e7a &#8211; Processo Comum (Tribunal Singular) &#8211; Decis\u00e3o n\u00e3o transitada em julgado Descritores: crime de interven\u00e7\u00f5es e tratamentos m\u00e9dico-cir\u00fargicos; leges artis; pedido de indemniza\u00e7\u00e3o civil; responsabilidade civil extracontratual. 745\/14.8GAFAF Descritores: crimes sexuais; fraude sexual; viola\u00e7\u00e3o; coa\u00e7\u00e3o; fotografias il\u00edcitas; recurso \u00e0 prostitui\u00e7\u00e3o de menores; pornografia de menores; concurso de crimes. 646\/19.3GAVNF Descritores: viol\u00eancia dom\u00e9stica agravada;...\" \/>\n<meta property=\"og:url\" content=\"https:\/\/comarcas.csm.org.pt\/braga\/jurisprudencia\/\" \/>\n<meta property=\"og:site_name\" content=\"Tribunal Judicial da Comarca de Braga\" \/>\n<meta property=\"article:modified_time\" content=\"2026-04-16T17:50:11+00:00\" \/>\n<meta name=\"twitter:card\" content=\"summary_large_image\" \/>\n<meta name=\"twitter:label1\" content=\"Tempo estimado de leitura\" \/>\n\t<meta name=\"twitter:data1\" content=\"2 minutos\" \/>\n<script type=\"application\/ld+json\" class=\"yoast-schema-graph\">{\"@context\":\"https:\/\/schema.org\",\"@graph\":[{\"@type\":\"WebPage\",\"@id\":\"https:\/\/comarcas.csm.org.pt\/braga\/jurisprudencia\/\",\"url\":\"https:\/\/comarcas.csm.org.pt\/braga\/jurisprudencia\/\",\"name\":\"Jurisprud\u00eancia - Tribunal Judicial da Comarca de Braga\",\"isPartOf\":{\"@id\":\"https:\/\/comarcas.csm.org.pt\/braga\/#website\"},\"datePublished\":\"2024-05-22T11:32:51+00:00\",\"dateModified\":\"2026-04-16T17:50:11+00:00\",\"breadcrumb\":{\"@id\":\"https:\/\/comarcas.csm.org.pt\/braga\/jurisprudencia\/#breadcrumb\"},\"inLanguage\":\"pt-PT\",\"potentialAction\":[{\"@type\":\"ReadAction\",\"target\":[\"https:\/\/comarcas.csm.org.pt\/braga\/jurisprudencia\/\"]}]},{\"@type\":\"BreadcrumbList\",\"@id\":\"https:\/\/comarcas.csm.org.pt\/braga\/jurisprudencia\/#breadcrumb\",\"itemListElement\":[{\"@type\":\"ListItem\",\"position\":1,\"name\":\"In\u00edcio\",\"item\":\"https:\/\/comarcas.csm.org.pt\/braga\/\"},{\"@type\":\"ListItem\",\"position\":2,\"name\":\"Jurisprud\u00eancia\"}]},{\"@type\":\"WebSite\",\"@id\":\"https:\/\/comarcas.csm.org.pt\/braga\/#website\",\"url\":\"https:\/\/comarcas.csm.org.pt\/braga\/\",\"name\":\"Tribunal Judicial da Comarca de Braga\",\"description\":\"Tribunal Judicial da Comarca de Aveiro\",\"publisher\":{\"@id\":\"https:\/\/comarcas.csm.org.pt\/braga\/#organization\"},\"potentialAction\":[{\"@type\":\"SearchAction\",\"target\":{\"@type\":\"EntryPoint\",\"urlTemplate\":\"https:\/\/comarcas.csm.org.pt\/braga\/?s={search_term_string}\"},\"query-input\":{\"@type\":\"PropertyValueSpecification\",\"valueRequired\":true,\"valueName\":\"search_term_string\"}}],\"inLanguage\":\"pt-PT\"},{\"@type\":\"Organization\",\"@id\":\"https:\/\/comarcas.csm.org.pt\/braga\/#organization\",\"name\":\"Tribunal Judicial da Comarca de Braga\",\"url\":\"https:\/\/comarcas.csm.org.pt\/braga\/\",\"logo\":{\"@type\":\"ImageObject\",\"inLanguage\":\"pt-PT\",\"@id\":\"https:\/\/comarcas.csm.org.pt\/braga\/#\/schema\/logo\/image\/\",\"url\":\"https:\/\/comarcas.csm.org.pt\/braga\/wp-content\/uploads\/sites\/9\/2024\/11\/Braga_positivo-horizontal.png\",\"contentUrl\":\"https:\/\/comarcas.csm.org.pt\/braga\/wp-content\/uploads\/sites\/9\/2024\/11\/Braga_positivo-horizontal.png\",\"width\":4720,\"height\":933,\"caption\":\"Tribunal Judicial da Comarca de Braga\"},\"image\":{\"@id\":\"https:\/\/comarcas.csm.org.pt\/braga\/#\/schema\/logo\/image\/\"}}]}<\/script>\n<!-- \/ Yoast SEO plugin. -->","yoast_head_json":{"title":"Jurisprud\u00eancia - Tribunal Judicial da Comarca de Braga","robots":{"index":"index","follow":"follow","max-snippet":"max-snippet:-1","max-image-preview":"max-image-preview:large","max-video-preview":"max-video-preview:-1"},"canonical":"https:\/\/comarcas.csm.org.pt\/braga\/jurisprudencia\/","og_locale":"pt_PT","og_type":"article","og_title":"Jurisprud\u00eancia - Tribunal Judicial da Comarca de Braga","og_description":"5118\/21.3T9BRG Senten\u00e7a &#8211; Processo Comum (Tribunal Singular) &#8211; Decis\u00e3o n\u00e3o transitada em julgado Descritores: crime de interven\u00e7\u00f5es e tratamentos m\u00e9dico-cir\u00fargicos; leges artis; pedido de indemniza\u00e7\u00e3o civil; responsabilidade civil extracontratual. 745\/14.8GAFAF Descritores: crimes sexuais; fraude sexual; viola\u00e7\u00e3o; coa\u00e7\u00e3o; fotografias il\u00edcitas; recurso \u00e0 prostitui\u00e7\u00e3o de menores; pornografia de menores; concurso de crimes. 646\/19.3GAVNF Descritores: viol\u00eancia dom\u00e9stica agravada;...","og_url":"https:\/\/comarcas.csm.org.pt\/braga\/jurisprudencia\/","og_site_name":"Tribunal Judicial da Comarca de Braga","article_modified_time":"2026-04-16T17:50:11+00:00","twitter_card":"summary_large_image","twitter_misc":{"Tempo estimado de leitura":"2 minutos"},"schema":{"@context":"https:\/\/schema.org","@graph":[{"@type":"WebPage","@id":"https:\/\/comarcas.csm.org.pt\/braga\/jurisprudencia\/","url":"https:\/\/comarcas.csm.org.pt\/braga\/jurisprudencia\/","name":"Jurisprud\u00eancia - Tribunal Judicial da Comarca de Braga","isPartOf":{"@id":"https:\/\/comarcas.csm.org.pt\/braga\/#website"},"datePublished":"2024-05-22T11:32:51+00:00","dateModified":"2026-04-16T17:50:11+00:00","breadcrumb":{"@id":"https:\/\/comarcas.csm.org.pt\/braga\/jurisprudencia\/#breadcrumb"},"inLanguage":"pt-PT","potentialAction":[{"@type":"ReadAction","target":["https:\/\/comarcas.csm.org.pt\/braga\/jurisprudencia\/"]}]},{"@type":"BreadcrumbList","@id":"https:\/\/comarcas.csm.org.pt\/braga\/jurisprudencia\/#breadcrumb","itemListElement":[{"@type":"ListItem","position":1,"name":"In\u00edcio","item":"https:\/\/comarcas.csm.org.pt\/braga\/"},{"@type":"ListItem","position":2,"name":"Jurisprud\u00eancia"}]},{"@type":"WebSite","@id":"https:\/\/comarcas.csm.org.pt\/braga\/#website","url":"https:\/\/comarcas.csm.org.pt\/braga\/","name":"Tribunal Judicial da Comarca de Braga","description":"Tribunal Judicial da Comarca de Aveiro","publisher":{"@id":"https:\/\/comarcas.csm.org.pt\/braga\/#organization"},"potentialAction":[{"@type":"SearchAction","target":{"@type":"EntryPoint","urlTemplate":"https:\/\/comarcas.csm.org.pt\/braga\/?s={search_term_string}"},"query-input":{"@type":"PropertyValueSpecification","valueRequired":true,"valueName":"search_term_string"}}],"inLanguage":"pt-PT"},{"@type":"Organization","@id":"https:\/\/comarcas.csm.org.pt\/braga\/#organization","name":"Tribunal Judicial da Comarca de Braga","url":"https:\/\/comarcas.csm.org.pt\/braga\/","logo":{"@type":"ImageObject","inLanguage":"pt-PT","@id":"https:\/\/comarcas.csm.org.pt\/braga\/#\/schema\/logo\/image\/","url":"https:\/\/comarcas.csm.org.pt\/braga\/wp-content\/uploads\/sites\/9\/2024\/11\/Braga_positivo-horizontal.png","contentUrl":"https:\/\/comarcas.csm.org.pt\/braga\/wp-content\/uploads\/sites\/9\/2024\/11\/Braga_positivo-horizontal.png","width":4720,"height":933,"caption":"Tribunal Judicial da Comarca de Braga"},"image":{"@id":"https:\/\/comarcas.csm.org.pt\/braga\/#\/schema\/logo\/image\/"}}]}},"_links":{"self":[{"href":"https:\/\/comarcas.csm.org.pt\/braga\/wp-json\/wp\/v2\/pages\/11351","targetHints":{"allow":["GET"]}}],"collection":[{"href":"https:\/\/comarcas.csm.org.pt\/braga\/wp-json\/wp\/v2\/pages"}],"about":[{"href":"https:\/\/comarcas.csm.org.pt\/braga\/wp-json\/wp\/v2\/types\/page"}],"author":[{"embeddable":true,"href":"https:\/\/comarcas.csm.org.pt\/braga\/wp-json\/wp\/v2\/users\/1"}],"replies":[{"embeddable":true,"href":"https:\/\/comarcas.csm.org.pt\/braga\/wp-json\/wp\/v2\/comments?post=11351"}],"version-history":[{"count":106,"href":"https:\/\/comarcas.csm.org.pt\/braga\/wp-json\/wp\/v2\/pages\/11351\/revisions"}],"predecessor-version":[{"id":14118,"href":"https:\/\/comarcas.csm.org.pt\/braga\/wp-json\/wp\/v2\/pages\/11351\/revisions\/14118"}],"wp:attachment":[{"href":"https:\/\/comarcas.csm.org.pt\/braga\/wp-json\/wp\/v2\/media?parent=11351"}],"curies":[{"name":"wp","href":"https:\/\/api.w.org\/{rel}","templated":true}]}}