{"id":14580,"date":"2025-10-29T17:05:02","date_gmt":"2025-10-29T17:05:02","guid":{"rendered":"https:\/\/comarcas.csm.org.pt\/castelo-branco\/?page_id=14580"},"modified":"2026-01-06T10:30:07","modified_gmt":"2026-01-06T10:30:07","slug":"unidade-central-da-serta","status":"publish","type":"page","link":"https:\/\/comarcas.csm.org.pt\/castelo-branco\/acomarca\/atas-distribuicao-eletronica-2025\/unidade-central-da-serta\/","title":{"rendered":"Unidade Central da sert\u00e3"},"content":{"rendered":"\t\t<div data-elementor-type=\"wp-page\" data-elementor-id=\"14580\" class=\"elementor elementor-14580\" data-elementor-post-type=\"page\">\n\t\t\t\t<div class=\"elementor-element elementor-element-1782e4f e-flex e-con-boxed e-con e-parent\" data-id=\"1782e4f\" data-element_type=\"container\">\n\t\t\t\t\t<div class=\"e-con-inner\">\n\t\t<div class=\"elementor-element elementor-element-9dfa475 e-con-full e-flex e-con e-child\" data-id=\"9dfa475\" data-element_type=\"container\">\n\t\t\t\t<div class=\"elementor-element elementor-element-c0c9e0d elementor-widget__width-initial elementor-widget elementor-widget-heading\" data-id=\"c0c9e0d\" data-element_type=\"widget\" data-widget_type=\"heading.default\">\n\t\t\t\t<div class=\"elementor-widget-container\">\n\t\t\t\t\t<h4 class=\"elementor-heading-title elementor-size-default\"><b><span>Unidade Central da Sert\u00e3, Atas Distribui\u00e7\u00e3o Eletr\u00f3nica 2025<\/span><\/b><\/h4>\t\t\t\t<\/div>\n\t\t\t\t<\/div>\n\t\t\t\t<div class=\"elementor-element elementor-element-218b642 elementor-widget elementor-widget-text-editor\" data-id=\"218b642\" data-element_type=\"widget\" data-widget_type=\"text-editor.default\">\n\t\t\t\t<div class=\"elementor-widget-container\">\n\t\t\t\t\t\t\t\t\t<h4><strong>Outubro<\/strong><\/h4><div><strong style=\"color: #161616;font-size: 18px;letter-spacing: 0.3px;background-color: transparent\">Tipo de distribui\u00e7\u00e3o: Judicial Di\u00e1ria<\/strong><br \/><span style=\"font-weight: bold;letter-spacing: 0.3px;background-color: transparent\">Dia<\/span><\/div><ul style=\"margin: 0px;letter-spacing: 0.3px\"><li style=\"list-style-type: none\"><ul><li><a style=\"color: #161616\" href=\"https:\/\/comarcas.csm.org.pt\/castelo-branco\/wp-content\/uploads\/sites\/11\/2025\/10\/22655_SRT27102025.pdf\" target=\"_blank\" rel=\"noopener\"><span style=\"text-decoration: underline\">27-Refer\u00eancia 22655<\/span><\/a>,\u00a0<a style=\"color: #161616\" href=\"https:\/\/comarcas.csm.org.pt\/castelo-branco\/wp-content\/uploads\/sites\/11\/2025\/10\/28-Referencia-22696.pdf\" target=\"_blank\" rel=\"noopener\">2<span style=\"text-decoration: underline\">8-Refer\u00eancia 22696<\/span><\/a>,\u00a0<span style=\"text-decoration: underline\"><a style=\"color: #161616;text-decoration: underline\" href=\"https:\/\/comarcas.csm.org.pt\/castelo-branco\/wp-content\/uploads\/sites\/11\/2025\/10\/29-Referencia_22718.pdf\" target=\"_blank\" rel=\"noopener\">29-Refer\u00eancia 22718<\/a><\/span>,\u00a0<span style=\"text-decoration: underline\"><a style=\"color: #161616;text-decoration: underline\" href=\"https:\/\/comarcas.csm.org.pt\/castelo-branco\/wp-content\/uploads\/sites\/11\/2025\/10\/30-Referencia-22750.pdf\" target=\"_blank\" rel=\"noopener\">30-Refer\u00eancia 22750<\/a><\/span>,\u00a0<span style=\"text-decoration: underline\"><a style=\"color: #161616;text-decoration: underline\" href=\"https:\/\/comarcas.csm.org.pt\/castelo-branco\/wp-content\/uploads\/sites\/11\/2025\/11\/31-Referencia-22795.pdf\" target=\"_blank\" rel=\"noopener\">31-Refer\u00eancia 22795<\/a><\/span><\/li><\/ul><\/li><\/ul><div><ul><li style=\"list-style-type: none\">\u00a0<\/li><\/ul><\/div>\t\t\t\t\t\t\t\t<\/div>\n\t\t\t\t<\/div>\n\t\t\t\t<div class=\"elementor-element elementor-element-82a13d0 elementor-widget elementor-widget-text-editor\" data-id=\"82a13d0\" data-element_type=\"widget\" data-widget_type=\"text-editor.default\">\n\t\t\t\t<div class=\"elementor-widget-container\">\n\t\t\t\t\t\t\t\t\t<h4><strong>Novembro<\/strong><\/h4><div><strong style=\"color: #161616;font-size: 18px;letter-spacing: 0.3px;background-color: transparent\">Tipo de distribui\u00e7\u00e3o: Judicial Di\u00e1ria<\/strong><br \/><span style=\"font-weight: bold;letter-spacing: 0.3px;background-color: transparent\">Dia<\/span><\/div><ul style=\"margin: 0px;letter-spacing: 0.3px\"><li style=\"list-style-type: none\"><ul><li><a href=\"https:\/\/comarcas.csm.org.pt\/castelo-branco\/wp-content\/uploads\/sites\/11\/2025\/11\/03-Referencia-22826.pdf\" target=\"_blank\" rel=\"noopener\"><span style=\"text-decoration: underline\">03-Refer\u00eancia 22826<\/span><\/a>, <span style=\"text-decoration: underline\"><a href=\"https:\/\/comarcas.csm.org.pt\/castelo-branco\/wp-content\/uploads\/sites\/11\/2025\/11\/04-Referencia-22865.pdf\" target=\"_blank\" rel=\"noopener\">04-Refer\u00eancia 22865<\/a><\/span>, <span style=\"text-decoration: underline\"><a href=\"https:\/\/comarcas.csm.org.pt\/castelo-branco\/wp-content\/uploads\/sites\/11\/2025\/11\/05-Referencia-22896.pdf\">05-Refer\u00eancia 22896<\/a><\/span>, <span style=\"text-decoration: underline\"><a href=\"https:\/\/comarcas.csm.org.pt\/castelo-branco\/wp-content\/uploads\/sites\/11\/2025\/11\/06-Referencia-22941.pdf\" target=\"_blank\" rel=\"noopener\">06-Refer\u00eancia 22941<\/a><\/span>, <span style=\"text-decoration: underline\"><a href=\"https:\/\/comarcas.csm.org.pt\/castelo-branco\/wp-content\/uploads\/sites\/11\/2025\/11\/07-Referencia-22969-1.pdf\" target=\"_blank\" rel=\"noopener\">07-Refer\u00eancia 22969<\/a><\/span>,\u00a0<span style=\"text-decoration: underline\"><a href=\"https:\/\/comarcas.csm.org.pt\/castelo-branco\/wp-content\/uploads\/sites\/11\/2025\/11\/10-Referencia-23003.pdf\" target=\"_blank\" rel=\"noopener\">10-Refer\u00eancia 23003<\/a><\/span>,\u00a0<span style=\"text-decoration: underline\"><a href=\"https:\/\/comarcas.csm.org.pt\/castelo-branco\/wp-content\/uploads\/sites\/11\/2025\/11\/11-Referencia-23035.pdf\" target=\"_blank\" rel=\"noopener\">11-Refer\u00eancia 23035<\/a><\/span>,\u00a0<span style=\"text-decoration: underline\"><a href=\"https:\/\/comarcas.csm.org.pt\/castelo-branco\/wp-content\/uploads\/sites\/11\/2025\/11\/13-Referencia-23091.pdf\" target=\"_blank\" rel=\"noopener\">13-Refer\u00eancia 23091<\/a><\/span>,\u00a0<span style=\"text-decoration: underline\"><a href=\"https:\/\/comarcas.csm.org.pt\/castelo-branco\/wp-content\/uploads\/sites\/11\/2025\/11\/14-Referencia-23112.pdf\" target=\"_blank\" rel=\"noopener\">14-Refer\u00eancia 23112<\/a><\/span>,\u00a0<span style=\"text-decoration: underline\"><a href=\"https:\/\/comarcas.csm.org.pt\/castelo-branco\/wp-content\/uploads\/sites\/11\/2025\/11\/17-Referencia-23174.pdf\" target=\"_blank\" rel=\"noopener\">17-Refer\u00eancia 23174<\/a><\/span>,\u00a0<span style=\"text-decoration: underline\"><a href=\"https:\/\/comarcas.csm.org.pt\/castelo-branco\/wp-content\/uploads\/sites\/11\/2025\/11\/18-Referencia-23196.pdf\" target=\"_blank\" rel=\"noopener\">18-Refer\u00eancia 23196<\/a><\/span>,\u00a0<span style=\"text-decoration: underline\"><a href=\"https:\/\/comarcas.csm.org.pt\/castelo-branco\/wp-content\/uploads\/sites\/11\/2025\/11\/19-Referencia-23224.pdf\" target=\"_blank\" rel=\"noopener\">19-Refer\u00eancia 23224<\/a><\/span>,\u00a0<span style=\"text-decoration: underline\"><a href=\"https:\/\/comarcas.csm.org.pt\/castelo-branco\/wp-content\/uploads\/sites\/11\/2025\/11\/20-Referencia-23253.pdf\" target=\"_blank\" rel=\"noopener\">20-Refer\u00eancia 23253<\/a><\/span>,\u00a0<span style=\"text-decoration: underline\"><a href=\"https:\/\/comarcas.csm.org.pt\/castelo-branco\/wp-content\/uploads\/sites\/11\/2025\/11\/24-Referencia-23294.pdf\" target=\"_blank\" rel=\"noopener\">24-Refer\u00eancia 23294<\/a><\/span>,\u00a0<span style=\"text-decoration: underline\"><a href=\"https:\/\/comarcas.csm.org.pt\/castelo-branco\/wp-content\/uploads\/sites\/11\/2025\/11\/25-Referencia-23325.pdf\" target=\"_blank\" rel=\"noopener\">25-Refer\u00eancia 23325<\/a><\/span>,\u00a0<span style=\"text-decoration: underline\"><a href=\"https:\/\/comarcas.csm.org.pt\/castelo-branco\/wp-content\/uploads\/sites\/11\/2025\/11\/26-Referencia-23355.pdf\" target=\"_blank\" rel=\"noopener\">26-Refer\u00eancia 23355<\/a><\/span>,\u00a0<span style=\"text-decoration: underline\"><a href=\"https:\/\/comarcas.csm.org.pt\/castelo-branco\/wp-content\/uploads\/sites\/11\/2025\/12\/27-Referencia-23378.pdf\" target=\"_blank\" rel=\"noopener\">27-Refer\u00eancia 23378<\/a><\/span>, <span style=\"text-decoration: underline\"><a href=\"https:\/\/comarcas.csm.org.pt\/castelo-branco\/wp-content\/uploads\/sites\/11\/2025\/12\/28-Referencia-23401.pdf\" target=\"_blank\" rel=\"noopener\">28-Refer\u00eancia 23401<\/a><\/span><\/li><\/ul><\/li><\/ul>\t\t\t\t\t\t\t\t<\/div>\n\t\t\t\t<\/div>\n\t\t\t\t<div class=\"elementor-element elementor-element-ad34986 elementor-widget elementor-widget-text-editor\" data-id=\"ad34986\" data-element_type=\"widget\" data-widget_type=\"text-editor.default\">\n\t\t\t\t<div class=\"elementor-widget-container\">\n\t\t\t\t\t\t\t\t\t<h4><strong>Dezembro<\/strong><\/h4><div><strong style=\"color: #161616;font-size: 18px;letter-spacing: 0.3px;background-color: transparent\">Tipo de distribui\u00e7\u00e3o: Judicial Di\u00e1ria<\/strong><br \/><span style=\"font-weight: bold;letter-spacing: 0.3px;background-color: transparent\">Dia<\/span><\/div><ul style=\"margin: 0px;letter-spacing: 0.3px\"><li style=\"list-style-type: none\"><ul><li><span style=\"text-decoration: underline\"><a href=\"https:\/\/comarcas.csm.org.pt\/castelo-branco\/wp-content\/uploads\/sites\/11\/2025\/12\/02-Referencia-23449.pdf\" target=\"_blank\" rel=\"noopener\">02-Refer\u00eancia 23449<\/a><\/span>,\u00a0<span style=\"text-decoration: underline\"><a href=\"https:\/\/comarcas.csm.org.pt\/castelo-branco\/wp-content\/uploads\/sites\/11\/2025\/12\/04-Referencia-23499.pdf\" target=\"_blank\" rel=\"noopener\">04-Refer\u00eancia 23499<\/a><\/span>,\u00a0<span style=\"text-decoration: underline\"><a href=\"https:\/\/comarcas.csm.org.pt\/castelo-branco\/wp-content\/uploads\/sites\/11\/2025\/12\/05-Referencia-23534.pdf\" target=\"_blank\" rel=\"noopener\">05-Refer\u00eancia 23534<\/a><\/span>,\u00a0<span style=\"text-decoration: underline\"><a href=\"https:\/\/comarcas.csm.org.pt\/castelo-branco\/wp-content\/uploads\/sites\/11\/2025\/12\/09-Referencia-23566.pdf\" target=\"_blank\" rel=\"noopener\">09-Refer\u00eancia 23566<\/a><\/span>,\u00a0<span style=\"text-decoration: underline\"><a href=\"https:\/\/comarcas.csm.org.pt\/castelo-branco\/wp-content\/uploads\/sites\/11\/2025\/12\/09-Referencia-23578.pdf\" target=\"_blank\" rel=\"noopener\">09-Refer\u00eancia 23578<\/a><\/span>,\u00a0<span style=\"text-decoration: underline\"><a href=\"https:\/\/comarcas.csm.org.pt\/castelo-branco\/wp-content\/uploads\/sites\/11\/2025\/12\/10-Referencia-23594.pdf\" target=\"_blank\" rel=\"noopener\">10-Refer\u00eancia 23594<\/a><\/span>,\u00a0<span style=\"text-decoration: underline\"><a href=\"https:\/\/comarcas.csm.org.pt\/castelo-branco\/wp-content\/uploads\/sites\/11\/2025\/12\/11-Referencia-23622.pdf\" target=\"_blank\" rel=\"noopener\">11-Refer\u00eancia 23622<\/a><\/span>,\u00a0<span style=\"text-decoration: underline\"><a href=\"https:\/\/comarcas.csm.org.pt\/castelo-branco\/wp-content\/uploads\/sites\/11\/2025\/12\/15-Referencia-23662.pdf\" target=\"_blank\" rel=\"noopener\">15-Refer\u00eancia 23662<\/a><\/span>,\u00a0<span style=\"text-decoration: underline\"><a href=\"https:\/\/comarcas.csm.org.pt\/castelo-branco\/wp-content\/uploads\/sites\/11\/2026\/01\/17-Referencia-24724.pdf\" target=\"_blank\" rel=\"noopener\">17-Refer\u00eancia 24724<\/a><\/span>,\u00a0<span style=\"text-decoration: underline\"><a href=\"https:\/\/comarcas.csm.org.pt\/castelo-branco\/wp-content\/uploads\/sites\/11\/2026\/01\/18-Referencia-24759.pdf\" target=\"_blank\" rel=\"noopener\">18-Refer\u00eancia 24759<\/a><\/span>,\u00a0<span style=\"text-decoration: underline\"><a href=\"https:\/\/comarcas.csm.org.pt\/castelo-branco\/wp-content\/uploads\/sites\/11\/2026\/01\/19-Referencia-24785.pdf\" target=\"_blank\" rel=\"noopener\">19-Refer\u00eancia 24785<\/a><\/span><\/li><\/ul><\/li><\/ul>\t\t\t\t\t\t\t\t<\/div>\n\t\t\t\t<\/div>\n\t\t\t\t<\/div>\n\t\t<div class=\"elementor-element elementor-element-c9c55a8 e-con-full e-flex e-con e-child\" data-id=\"c9c55a8\" data-element_type=\"container\">\n\t\t<div class=\"elementor-element elementor-element-a39a3eb e-con-full e-flex e-con e-child\" data-id=\"a39a3eb\" data-element_type=\"container\">\n\t\t\t\t<div class=\"elementor-element elementor-element-ba51e51 elementor-widget elementor-widget-google_maps\" data-id=\"ba51e51\" data-element_type=\"widget\" data-widget_type=\"google_maps.default\">\n\t\t\t\t<div class=\"elementor-widget-container\">\n\t\t\t\t\t\t\t<div class=\"elementor-custom-embed\">\n\t\t\t<iframe loading=\"lazy\"\n\t\t\t\t\tsrc=\"https:\/\/www.google.com\/maps\/embed\/v1\/place?key=AIzaSyDhSoLeftGxfg7Tvco7SEUCY-Cc_XLDY3c&#038;q=Tribunal%20da%20Sert%C3%A3&#038;zoom=15\"\n\t\t\t\t\ttitle=\"Tribunal da Sert\u00e3\"\n\t\t\t\t\taria-label=\"Tribunal da Sert\u00e3\"\n\t\t\t><\/iframe>\n\t\t<\/div>\n\t\t\t\t\t\t<\/div>\n\t\t\t\t<\/div>\n\t\t\t\t<\/div>\n\t\t\t\t<\/div>\n\t\t\t\t\t<\/div>\n\t\t\t\t<\/div>\n\t\t\t\t<\/div>\n\t\t","protected":false},"excerpt":{"rendered":"<p>Unidade Central da Sert\u00e3, Atas Distribui\u00e7\u00e3o Eletr\u00f3nica 2025 Outubro Tipo de distribui\u00e7\u00e3o: Judicial Di\u00e1riaDia 27-Refer\u00eancia 22655,\u00a028-Refer\u00eancia 22696,\u00a029-Refer\u00eancia 22718,\u00a030-Refer\u00eancia 22750,\u00a031-Refer\u00eancia 22795 \u00a0 Novembro Tipo de distribui\u00e7\u00e3o: Judicial Di\u00e1riaDia 03-Refer\u00eancia 22826, 04-Refer\u00eancia 22865, 05-Refer\u00eancia 22896, 06-Refer\u00eancia 22941, 07-Refer\u00eancia 22969,\u00a010-Refer\u00eancia 23003,\u00a011-Refer\u00eancia 23035,\u00a013-Refer\u00eancia 23091,\u00a014-Refer\u00eancia 23112,\u00a017-Refer\u00eancia 23174,\u00a018-Refer\u00eancia 23196,\u00a019-Refer\u00eancia 23224,\u00a020-Refer\u00eancia 23253,\u00a024-Refer\u00eancia 23294,\u00a025-Refer\u00eancia 23325,\u00a026-Refer\u00eancia 23355,\u00a027-Refer\u00eancia 23378, 28-Refer\u00eancia 23401 Dezembro Tipo de distribui\u00e7\u00e3o:&#8230;<\/p>\n","protected":false},"author":11,"featured_media":0,"parent":14335,"menu_order":0,"comment_status":"closed","ping_status":"closed","template":"elementor_theme","meta":{"_tbt_post_transparent":"","_tbt_post_title":"hide","_tbt_post_layout":"fullwidth","_tbt_post_sidebar_id":"","_tbt_post_content_style":"unboxed","_tbt_post_vertical_padding":"hide","_tbt_post_feature":"hide","_tbt_post_feature_position":"","_tbt_post_header":false,"_tbt_post_footer":false},"class_list":["post-14580","page","type-page","status-publish","hentry"],"yoast_head":"<!-- This site is optimized with the Yoast SEO plugin v25.6 - https:\/\/yoast.com\/wordpress\/plugins\/seo\/ -->\n<title>Unidade Central da sert\u00e3 - Tribunal Judicial da Comarca de Castelo Branco<\/title>\n<meta name=\"robots\" content=\"index, follow, max-snippet:-1, max-image-preview:large, max-video-preview:-1\" \/>\n<link rel=\"canonical\" href=\"https:\/\/comarcas.csm.org.pt\/castelo-branco\/acomarca\/atas-distribuicao-eletronica-2025\/unidade-central-da-serta\/\" \/>\n<meta property=\"og:locale\" content=\"pt_PT\" \/>\n<meta property=\"og:type\" content=\"article\" \/>\n<meta property=\"og:title\" content=\"Unidade Central da sert\u00e3 - Tribunal Judicial da Comarca de Castelo Branco\" \/>\n<meta property=\"og:description\" content=\"Unidade Central da Sert\u00e3, Atas Distribui\u00e7\u00e3o Eletr\u00f3nica 2025 Outubro Tipo de distribui\u00e7\u00e3o: Judicial Di\u00e1riaDia 27-Refer\u00eancia 22655,\u00a028-Refer\u00eancia 22696,\u00a029-Refer\u00eancia 22718,\u00a030-Refer\u00eancia 22750,\u00a031-Refer\u00eancia 22795 \u00a0 Novembro Tipo de distribui\u00e7\u00e3o: Judicial Di\u00e1riaDia 03-Refer\u00eancia 22826, 04-Refer\u00eancia 22865, 05-Refer\u00eancia 22896, 06-Refer\u00eancia 22941, 07-Refer\u00eancia 22969,\u00a010-Refer\u00eancia 23003,\u00a011-Refer\u00eancia 23035,\u00a013-Refer\u00eancia 23091,\u00a014-Refer\u00eancia 23112,\u00a017-Refer\u00eancia 23174,\u00a018-Refer\u00eancia 23196,\u00a019-Refer\u00eancia 23224,\u00a020-Refer\u00eancia 23253,\u00a024-Refer\u00eancia 23294,\u00a025-Refer\u00eancia 23325,\u00a026-Refer\u00eancia 23355,\u00a027-Refer\u00eancia 23378, 28-Refer\u00eancia 23401 Dezembro Tipo de distribui\u00e7\u00e3o:...\" \/>\n<meta property=\"og:url\" content=\"https:\/\/comarcas.csm.org.pt\/castelo-branco\/acomarca\/atas-distribuicao-eletronica-2025\/unidade-central-da-serta\/\" \/>\n<meta property=\"og:site_name\" content=\"Tribunal Judicial da Comarca de Castelo Branco\" \/>\n<meta property=\"article:modified_time\" content=\"2026-01-06T10:30:07+00:00\" \/>\n<meta name=\"twitter:card\" content=\"summary_large_image\" \/>\n<meta name=\"twitter:label1\" content=\"Tempo estimado de leitura\" \/>\n\t<meta name=\"twitter:data1\" content=\"1 minuto\" \/>\n<script type=\"application\/ld+json\" class=\"yoast-schema-graph\">{\"@context\":\"https:\/\/schema.org\",\"@graph\":[{\"@type\":\"WebPage\",\"@id\":\"https:\/\/comarcas.csm.org.pt\/castelo-branco\/acomarca\/atas-distribuicao-eletronica-2025\/unidade-central-da-serta\/\",\"url\":\"https:\/\/comarcas.csm.org.pt\/castelo-branco\/acomarca\/atas-distribuicao-eletronica-2025\/unidade-central-da-serta\/\",\"name\":\"Unidade Central da sert\u00e3 - Tribunal Judicial da Comarca de Castelo Branco\",\"isPartOf\":{\"@id\":\"https:\/\/comarcas.csm.org.pt\/castelo-branco\/#website\"},\"datePublished\":\"2025-10-29T17:05:02+00:00\",\"dateModified\":\"2026-01-06T10:30:07+00:00\",\"breadcrumb\":{\"@id\":\"https:\/\/comarcas.csm.org.pt\/castelo-branco\/acomarca\/atas-distribuicao-eletronica-2025\/unidade-central-da-serta\/#breadcrumb\"},\"inLanguage\":\"pt-PT\",\"potentialAction\":[{\"@type\":\"ReadAction\",\"target\":[\"https:\/\/comarcas.csm.org.pt\/castelo-branco\/acomarca\/atas-distribuicao-eletronica-2025\/unidade-central-da-serta\/\"]}]},{\"@type\":\"BreadcrumbList\",\"@id\":\"https:\/\/comarcas.csm.org.pt\/castelo-branco\/acomarca\/atas-distribuicao-eletronica-2025\/unidade-central-da-serta\/#breadcrumb\",\"itemListElement\":[{\"@type\":\"ListItem\",\"position\":1,\"name\":\"In\u00edcio\",\"item\":\"https:\/\/comarcas.csm.org.pt\/castelo-branco\/\"},{\"@type\":\"ListItem\",\"position\":2,\"name\":\"A Comarca\",\"item\":\"https:\/\/comarcas.csm.org.pt\/castelo-branco\/acomarca\/\"},{\"@type\":\"ListItem\",\"position\":3,\"name\":\"Atas Distribui\u00e7\u00e3o Eletr\u00f3nica 2025\",\"item\":\"https:\/\/comarcas.csm.org.pt\/castelo-branco\/acomarca\/atas-distribuicao-eletronica-2025\/\"},{\"@type\":\"ListItem\",\"position\":4,\"name\":\"Unidade Central da sert\u00e3\"}]},{\"@type\":\"WebSite\",\"@id\":\"https:\/\/comarcas.csm.org.pt\/castelo-branco\/#website\",\"url\":\"https:\/\/comarcas.csm.org.pt\/castelo-branco\/\",\"name\":\"Tribunal Judicial da Comarca de Castelo Branco\",\"description\":\"Tribunal Judicial da Comarca de Aveiro\",\"publisher\":{\"@id\":\"https:\/\/comarcas.csm.org.pt\/castelo-branco\/#organization\"},\"potentialAction\":[{\"@type\":\"SearchAction\",\"target\":{\"@type\":\"EntryPoint\",\"urlTemplate\":\"https:\/\/comarcas.csm.org.pt\/castelo-branco\/?s={search_term_string}\"},\"query-input\":{\"@type\":\"PropertyValueSpecification\",\"valueRequired\":true,\"valueName\":\"search_term_string\"}}],\"inLanguage\":\"pt-PT\"},{\"@type\":\"Organization\",\"@id\":\"https:\/\/comarcas.csm.org.pt\/castelo-branco\/#organization\",\"name\":\"Tribunal Judicial da Comarca de Castelo Branco\",\"url\":\"https:\/\/comarcas.csm.org.pt\/castelo-branco\/\",\"logo\":{\"@type\":\"ImageObject\",\"inLanguage\":\"pt-PT\",\"@id\":\"https:\/\/comarcas.csm.org.pt\/castelo-branco\/#\/schema\/logo\/image\/\",\"url\":\"https:\/\/comarcas.csm.org.pt\/castelo-branco\/wp-content\/uploads\/sites\/11\/2024\/11\/C-Branco_positivo-horizontal.png\",\"contentUrl\":\"https:\/\/comarcas.csm.org.pt\/castelo-branco\/wp-content\/uploads\/sites\/11\/2024\/11\/C-Branco_positivo-horizontal.png\",\"width\":5388,\"height\":998,\"caption\":\"Tribunal Judicial da Comarca de Castelo Branco\"},\"image\":{\"@id\":\"https:\/\/comarcas.csm.org.pt\/castelo-branco\/#\/schema\/logo\/image\/\"}}]}<\/script>\n<!-- \/ Yoast SEO plugin. -->","yoast_head_json":{"title":"Unidade Central da sert\u00e3 - Tribunal Judicial da Comarca de Castelo Branco","robots":{"index":"index","follow":"follow","max-snippet":"max-snippet:-1","max-image-preview":"max-image-preview:large","max-video-preview":"max-video-preview:-1"},"canonical":"https:\/\/comarcas.csm.org.pt\/castelo-branco\/acomarca\/atas-distribuicao-eletronica-2025\/unidade-central-da-serta\/","og_locale":"pt_PT","og_type":"article","og_title":"Unidade Central da sert\u00e3 - Tribunal Judicial da Comarca de Castelo Branco","og_description":"Unidade Central da Sert\u00e3, Atas Distribui\u00e7\u00e3o Eletr\u00f3nica 2025 Outubro Tipo de distribui\u00e7\u00e3o: Judicial Di\u00e1riaDia 27-Refer\u00eancia 22655,\u00a028-Refer\u00eancia 22696,\u00a029-Refer\u00eancia 22718,\u00a030-Refer\u00eancia 22750,\u00a031-Refer\u00eancia 22795 \u00a0 Novembro Tipo de distribui\u00e7\u00e3o: Judicial Di\u00e1riaDia 03-Refer\u00eancia 22826, 04-Refer\u00eancia 22865, 05-Refer\u00eancia 22896, 06-Refer\u00eancia 22941, 07-Refer\u00eancia 22969,\u00a010-Refer\u00eancia 23003,\u00a011-Refer\u00eancia 23035,\u00a013-Refer\u00eancia 23091,\u00a014-Refer\u00eancia 23112,\u00a017-Refer\u00eancia 23174,\u00a018-Refer\u00eancia 23196,\u00a019-Refer\u00eancia 23224,\u00a020-Refer\u00eancia 23253,\u00a024-Refer\u00eancia 23294,\u00a025-Refer\u00eancia 23325,\u00a026-Refer\u00eancia 23355,\u00a027-Refer\u00eancia 23378, 28-Refer\u00eancia 23401 Dezembro Tipo de distribui\u00e7\u00e3o:...","og_url":"https:\/\/comarcas.csm.org.pt\/castelo-branco\/acomarca\/atas-distribuicao-eletronica-2025\/unidade-central-da-serta\/","og_site_name":"Tribunal Judicial da Comarca de Castelo Branco","article_modified_time":"2026-01-06T10:30:07+00:00","twitter_card":"summary_large_image","twitter_misc":{"Tempo estimado de leitura":"1 minuto"},"schema":{"@context":"https:\/\/schema.org","@graph":[{"@type":"WebPage","@id":"https:\/\/comarcas.csm.org.pt\/castelo-branco\/acomarca\/atas-distribuicao-eletronica-2025\/unidade-central-da-serta\/","url":"https:\/\/comarcas.csm.org.pt\/castelo-branco\/acomarca\/atas-distribuicao-eletronica-2025\/unidade-central-da-serta\/","name":"Unidade Central da sert\u00e3 - Tribunal Judicial da Comarca de Castelo Branco","isPartOf":{"@id":"https:\/\/comarcas.csm.org.pt\/castelo-branco\/#website"},"datePublished":"2025-10-29T17:05:02+00:00","dateModified":"2026-01-06T10:30:07+00:00","breadcrumb":{"@id":"https:\/\/comarcas.csm.org.pt\/castelo-branco\/acomarca\/atas-distribuicao-eletronica-2025\/unidade-central-da-serta\/#breadcrumb"},"inLanguage":"pt-PT","potentialAction":[{"@type":"ReadAction","target":["https:\/\/comarcas.csm.org.pt\/castelo-branco\/acomarca\/atas-distribuicao-eletronica-2025\/unidade-central-da-serta\/"]}]},{"@type":"BreadcrumbList","@id":"https:\/\/comarcas.csm.org.pt\/castelo-branco\/acomarca\/atas-distribuicao-eletronica-2025\/unidade-central-da-serta\/#breadcrumb","itemListElement":[{"@type":"ListItem","position":1,"name":"In\u00edcio","item":"https:\/\/comarcas.csm.org.pt\/castelo-branco\/"},{"@type":"ListItem","position":2,"name":"A Comarca","item":"https:\/\/comarcas.csm.org.pt\/castelo-branco\/acomarca\/"},{"@type":"ListItem","position":3,"name":"Atas Distribui\u00e7\u00e3o Eletr\u00f3nica 2025","item":"https:\/\/comarcas.csm.org.pt\/castelo-branco\/acomarca\/atas-distribuicao-eletronica-2025\/"},{"@type":"ListItem","position":4,"name":"Unidade Central da sert\u00e3"}]},{"@type":"WebSite","@id":"https:\/\/comarcas.csm.org.pt\/castelo-branco\/#website","url":"https:\/\/comarcas.csm.org.pt\/castelo-branco\/","name":"Tribunal Judicial da Comarca de Castelo Branco","description":"Tribunal Judicial da Comarca de Aveiro","publisher":{"@id":"https:\/\/comarcas.csm.org.pt\/castelo-branco\/#organization"},"potentialAction":[{"@type":"SearchAction","target":{"@type":"EntryPoint","urlTemplate":"https:\/\/comarcas.csm.org.pt\/castelo-branco\/?s={search_term_string}"},"query-input":{"@type":"PropertyValueSpecification","valueRequired":true,"valueName":"search_term_string"}}],"inLanguage":"pt-PT"},{"@type":"Organization","@id":"https:\/\/comarcas.csm.org.pt\/castelo-branco\/#organization","name":"Tribunal Judicial da Comarca de Castelo Branco","url":"https:\/\/comarcas.csm.org.pt\/castelo-branco\/","logo":{"@type":"ImageObject","inLanguage":"pt-PT","@id":"https:\/\/comarcas.csm.org.pt\/castelo-branco\/#\/schema\/logo\/image\/","url":"https:\/\/comarcas.csm.org.pt\/castelo-branco\/wp-content\/uploads\/sites\/11\/2024\/11\/C-Branco_positivo-horizontal.png","contentUrl":"https:\/\/comarcas.csm.org.pt\/castelo-branco\/wp-content\/uploads\/sites\/11\/2024\/11\/C-Branco_positivo-horizontal.png","width":5388,"height":998,"caption":"Tribunal Judicial da Comarca de Castelo Branco"},"image":{"@id":"https:\/\/comarcas.csm.org.pt\/castelo-branco\/#\/schema\/logo\/image\/"}}]}},"_links":{"self":[{"href":"https:\/\/comarcas.csm.org.pt\/castelo-branco\/wp-json\/wp\/v2\/pages\/14580","targetHints":{"allow":["GET"]}}],"collection":[{"href":"https:\/\/comarcas.csm.org.pt\/castelo-branco\/wp-json\/wp\/v2\/pages"}],"about":[{"href":"https:\/\/comarcas.csm.org.pt\/castelo-branco\/wp-json\/wp\/v2\/types\/page"}],"author":[{"embeddable":true,"href":"https:\/\/comarcas.csm.org.pt\/castelo-branco\/wp-json\/wp\/v2\/users\/11"}],"replies":[{"embeddable":true,"href":"https:\/\/comarcas.csm.org.pt\/castelo-branco\/wp-json\/wp\/v2\/comments?post=14580"}],"version-history":[{"count":164,"href":"https:\/\/comarcas.csm.org.pt\/castelo-branco\/wp-json\/wp\/v2\/pages\/14580\/revisions"}],"predecessor-version":[{"id":15835,"href":"https:\/\/comarcas.csm.org.pt\/castelo-branco\/wp-json\/wp\/v2\/pages\/14580\/revisions\/15835"}],"up":[{"embeddable":true,"href":"https:\/\/comarcas.csm.org.pt\/castelo-branco\/wp-json\/wp\/v2\/pages\/14335"}],"wp:attachment":[{"href":"https:\/\/comarcas.csm.org.pt\/castelo-branco\/wp-json\/wp\/v2\/media?parent=14580"}],"curies":[{"name":"wp","href":"https:\/\/api.w.org\/{rel}","templated":true}]}}