{"id":11359,"date":"2024-05-22T11:36:09","date_gmt":"2024-05-22T11:36:09","guid":{"rendered":"https:\/\/aveiro.vvr.pt\/?page_id=11359"},"modified":"2025-06-26T08:52:57","modified_gmt":"2025-06-26T08:52:57","slug":"rgpd","status":"publish","type":"page","link":"https:\/\/comarcas.csm.org.pt\/coimbra\/cidadao\/rgpd\/","title":{"rendered":"RGPD"},"content":{"rendered":"\t\t<div data-elementor-type=\"wp-page\" data-elementor-id=\"11359\" class=\"elementor elementor-11359\" data-elementor-post-type=\"page\">\n\t\t\t\t<div class=\"elementor-element elementor-element-5c48483 e-con-full e-flex e-con e-parent\" data-id=\"5c48483\" data-element_type=\"container\">\n\t\t\t\t<div class=\"elementor-element elementor-element-beb780d elementor-widget elementor-widget-image\" data-id=\"beb780d\" data-element_type=\"widget\" data-widget_type=\"image.default\">\n\t\t\t\t<div class=\"elementor-widget-container\">\n\t\t\t\t\t\t\t\t\t\t\t\t\t\t\t<img fetchpriority=\"high\" decoding=\"async\" width=\"300\" height=\"221\" src=\"https:\/\/comarcas.csm.org.pt\/coimbra\/wp-content\/uploads\/sites\/12\/2025\/06\/rgdp-300x221.jpg\" class=\"attachment-medium size-medium wp-image-41645\" alt=\"\" srcset=\"https:\/\/comarcas.csm.org.pt\/coimbra\/wp-content\/uploads\/sites\/12\/2025\/06\/rgdp-300x221.jpg 300w, https:\/\/comarcas.csm.org.pt\/coimbra\/wp-content\/uploads\/sites\/12\/2025\/06\/rgdp.jpg 544w\" sizes=\"(max-width: 300px) 100vw, 300px\" \/>\t\t\t\t\t\t\t\t\t\t\t\t\t\t\t<\/div>\n\t\t\t\t<\/div>\n\t\t\t\t<\/div>\n\t\t<div class=\"elementor-element elementor-element-be4dfc3 e-con-full e-flex e-con e-parent\" data-id=\"be4dfc3\" data-element_type=\"container\">\n\t\t\t\t<div class=\"elementor-element elementor-element-7e07987 elementor-widget elementor-widget-text-editor\" data-id=\"7e07987\" data-element_type=\"widget\" data-widget_type=\"text-editor.default\">\n\t\t\t\t<div class=\"elementor-widget-container\">\n\t\t\t\t\t\t\t\t\t<h6>O Regulamento (EU) n\u00ba 2016\/679, do Parlamento e do Conselho, de 27 de abril de 2016 &#8211; Regulamento Geral de Prote\u00e7\u00e3o de Dados (RGPD) goza de plena efic\u00e1cia na nossa ordem jur\u00eddica desde o dia 25 de maio de 2018, tendo aplica\u00e7\u00e3o direta e imediata, e car\u00e1ter vinculativo.<\/h6>\n<h6>Como resulta do artigo 2\u00ba do RGPD e do seu Considerando 20, os princ\u00edpios da prote\u00e7\u00e3o de dados pessoais constantes desse instrumento legal s\u00e3o aplic\u00e1veis \u00e0s opera\u00e7\u00f5es de tratamento efetuadas pelas autoridades p\u00fablicas, incluindo os tribunais.<\/h6>\n<h6>O Tribunal Judicial da Comarca de Coimbra est\u00e1, pois, vinculado \u00e0 aplica\u00e7\u00e3o dos princ\u00edpios e regras do RGPD.<\/h6>\n<h6>No que respeita aos dados pessoais tratados na Comarca, \u00e9 assumido o compromisso de atua\u00e7\u00e3o segundo o modelo regulat\u00f3rio imposto pelo RGPD, num contexto de coopera\u00e7\u00e3o, controlo e seguran\u00e7a da atividade de tratamento dos dados pessoais, assente nos princ\u00edpios fundamentais da livre circula\u00e7\u00e3o no interior da Uni\u00e3o Europeia, da licitude, lealdade e transpar\u00eancia, da limita\u00e7\u00e3o das finalidades de tratamento, da minimiza\u00e7\u00e3o e exatid\u00e3o dos dados, da limita\u00e7\u00e3o da conserva\u00e7\u00e3o, da sua integridade e confidencialidade e, por fim, da responsabilidade proativa (<em>accountability<\/em>).<\/h6>\n<h6>Este compromisso vincula todos os profissionais da Comarca, ju\u00edzes, magistrados e oficiais de justi\u00e7a, e os \u00f3rg\u00e3os de gest\u00e3o e servi\u00e7os de apoio, n\u00e3o apenas no exerc\u00edcio da fun\u00e7\u00e3o jurisdicional, mas tamb\u00e9m no \u00e2mbito de atividades administrativas e de gest\u00e3o.<\/h6>\n<h6>Nos Tribunais da Comarca, o respons\u00e1vel pelo tratamento de dados pessoais \u00e9 o Conselho Superior da Magistratura. Da\u00ed que o C.S.M. disponha de um Servi\u00e7o da Prote\u00e7\u00e3o de Dados, em fun\u00e7\u00f5es.<\/h6>\n<h6>Para mais informa\u00e7\u00f5es a este respeito, e para o exerc\u00edcio dos direitos de acesso, retifica\u00e7\u00e3o, apagamento, limita\u00e7\u00e3o e oposi\u00e7\u00e3o, consulte o separador \u201cProte\u00e7\u00e3o de Dados\u201d na p\u00e1gina do C.S.M. <strong>(<a href=\"https:\/\/csm.org.pt\/rgpd\/\"><em>https:\/\/csm.org.pt\/rgpd\/<\/em><\/a>).<\/strong><\/h6>\t\t\t\t\t\t\t\t<\/div>\n\t\t\t\t<\/div>\n\t\t\t\t<\/div>\n\t\t\t\t<\/div>\n\t\t","protected":false},"excerpt":{"rendered":"<p>O Regulamento (EU) n\u00ba 2016\/679, do Parlamento e do Conselho, de 27 de abril de 2016 &#8211; Regulamento Geral de Prote\u00e7\u00e3o de Dados (RGPD) goza de plena efic\u00e1cia na nossa ordem jur\u00eddica desde o dia 25 de maio de 2018, tendo aplica\u00e7\u00e3o direta e imediata, e car\u00e1ter vinculativo. Como resulta do artigo 2\u00ba do RGPD&#8230;<\/p>\n","protected":false},"author":1,"featured_media":0,"parent":11404,"menu_order":0,"comment_status":"closed","ping_status":"closed","template":"","meta":{"_tbt_post_transparent":"","_tbt_post_title":"","_tbt_post_layout":"","_tbt_post_sidebar_id":"","_tbt_post_content_style":"","_tbt_post_vertical_padding":"","_tbt_post_feature":"","_tbt_post_feature_position":"","_tbt_post_header":false,"_tbt_post_footer":false},"class_list":["post-11359","page","type-page","status-publish","hentry"],"yoast_head":"<!-- This site is optimized with the Yoast SEO plugin v25.6 - https:\/\/yoast.com\/wordpress\/plugins\/seo\/ -->\n<title>RGPD - Tribunal Judicial da Comarca de Coimbra<\/title>\n<meta name=\"robots\" content=\"index, follow, max-snippet:-1, max-image-preview:large, max-video-preview:-1\" \/>\n<link rel=\"canonical\" href=\"https:\/\/comarcas.csm.org.pt\/coimbra\/cidadao\/rgpd\/\" \/>\n<meta property=\"og:locale\" content=\"pt_PT\" \/>\n<meta property=\"og:type\" content=\"article\" \/>\n<meta property=\"og:title\" content=\"RGPD - Tribunal Judicial da Comarca de Coimbra\" \/>\n<meta property=\"og:description\" content=\"O Regulamento (EU) n\u00ba 2016\/679, do Parlamento e do Conselho, de 27 de abril de 2016 &#8211; Regulamento Geral de Prote\u00e7\u00e3o de Dados (RGPD) goza de plena efic\u00e1cia na nossa ordem jur\u00eddica desde o dia 25 de maio de 2018, tendo aplica\u00e7\u00e3o direta e imediata, e car\u00e1ter vinculativo. Como resulta do artigo 2\u00ba do RGPD...\" \/>\n<meta property=\"og:url\" content=\"https:\/\/comarcas.csm.org.pt\/coimbra\/cidadao\/rgpd\/\" \/>\n<meta property=\"og:site_name\" content=\"Tribunal Judicial da Comarca de Coimbra\" \/>\n<meta property=\"article:modified_time\" content=\"2025-06-26T08:52:57+00:00\" \/>\n<meta property=\"og:image\" content=\"https:\/\/comarcas.csm.org.pt\/coimbra\/wp-content\/uploads\/sites\/12\/2025\/06\/rgdp.jpg\" \/>\n\t<meta property=\"og:image:width\" content=\"544\" \/>\n\t<meta property=\"og:image:height\" content=\"401\" \/>\n\t<meta property=\"og:image:type\" content=\"image\/jpeg\" \/>\n<meta name=\"twitter:card\" content=\"summary_large_image\" \/>\n<meta name=\"twitter:label1\" content=\"Tempo estimado de leitura\" \/>\n\t<meta name=\"twitter:data1\" content=\"2 minutos\" \/>\n<script type=\"application\/ld+json\" class=\"yoast-schema-graph\">{\"@context\":\"https:\/\/schema.org\",\"@graph\":[{\"@type\":\"WebPage\",\"@id\":\"https:\/\/comarcas.csm.org.pt\/coimbra\/cidadao\/rgpd\/\",\"url\":\"https:\/\/comarcas.csm.org.pt\/coimbra\/cidadao\/rgpd\/\",\"name\":\"RGPD - Tribunal Judicial da Comarca de Coimbra\",\"isPartOf\":{\"@id\":\"https:\/\/comarcas.csm.org.pt\/coimbra\/#website\"},\"primaryImageOfPage\":{\"@id\":\"https:\/\/comarcas.csm.org.pt\/coimbra\/cidadao\/rgpd\/#primaryimage\"},\"image\":{\"@id\":\"https:\/\/comarcas.csm.org.pt\/coimbra\/cidadao\/rgpd\/#primaryimage\"},\"thumbnailUrl\":\"https:\/\/comarcas.csm.org.pt\/coimbra\/wp-content\/uploads\/sites\/12\/2025\/06\/rgdp-300x221.jpg\",\"datePublished\":\"2024-05-22T11:36:09+00:00\",\"dateModified\":\"2025-06-26T08:52:57+00:00\",\"breadcrumb\":{\"@id\":\"https:\/\/comarcas.csm.org.pt\/coimbra\/cidadao\/rgpd\/#breadcrumb\"},\"inLanguage\":\"pt-PT\",\"potentialAction\":[{\"@type\":\"ReadAction\",\"target\":[\"https:\/\/comarcas.csm.org.pt\/coimbra\/cidadao\/rgpd\/\"]}]},{\"@type\":\"ImageObject\",\"inLanguage\":\"pt-PT\",\"@id\":\"https:\/\/comarcas.csm.org.pt\/coimbra\/cidadao\/rgpd\/#primaryimage\",\"url\":\"https:\/\/comarcas.csm.org.pt\/coimbra\/wp-content\/uploads\/sites\/12\/2025\/06\/rgdp.jpg\",\"contentUrl\":\"https:\/\/comarcas.csm.org.pt\/coimbra\/wp-content\/uploads\/sites\/12\/2025\/06\/rgdp.jpg\",\"width\":544,\"height\":401},{\"@type\":\"BreadcrumbList\",\"@id\":\"https:\/\/comarcas.csm.org.pt\/coimbra\/cidadao\/rgpd\/#breadcrumb\",\"itemListElement\":[{\"@type\":\"ListItem\",\"position\":1,\"name\":\"In\u00edcio\",\"item\":\"https:\/\/comarcas.csm.org.pt\/coimbra\/\"},{\"@type\":\"ListItem\",\"position\":2,\"name\":\"Cidad\u00e3o\",\"item\":\"https:\/\/comarcas.csm.org.pt\/coimbra\/cidadao\/\"},{\"@type\":\"ListItem\",\"position\":3,\"name\":\"RGPD\"}]},{\"@type\":\"WebSite\",\"@id\":\"https:\/\/comarcas.csm.org.pt\/coimbra\/#website\",\"url\":\"https:\/\/comarcas.csm.org.pt\/coimbra\/\",\"name\":\"Tribunal Judicial da Comarca de Coimbra\",\"description\":\"Tribunal Judicial da Comarca de Aveiro\",\"publisher\":{\"@id\":\"https:\/\/comarcas.csm.org.pt\/coimbra\/#organization\"},\"potentialAction\":[{\"@type\":\"SearchAction\",\"target\":{\"@type\":\"EntryPoint\",\"urlTemplate\":\"https:\/\/comarcas.csm.org.pt\/coimbra\/?s={search_term_string}\"},\"query-input\":{\"@type\":\"PropertyValueSpecification\",\"valueRequired\":true,\"valueName\":\"search_term_string\"}}],\"inLanguage\":\"pt-PT\"},{\"@type\":\"Organization\",\"@id\":\"https:\/\/comarcas.csm.org.pt\/coimbra\/#organization\",\"name\":\"Tribunal Judicial da Comarca de Coimbra\",\"url\":\"https:\/\/comarcas.csm.org.pt\/coimbra\/\",\"logo\":{\"@type\":\"ImageObject\",\"inLanguage\":\"pt-PT\",\"@id\":\"https:\/\/comarcas.csm.org.pt\/coimbra\/#\/schema\/logo\/image\/\",\"url\":\"https:\/\/comarcas.csm.org.pt\/coimbra\/wp-content\/uploads\/sites\/12\/2024\/11\/Coimbra_positivo-horizontal.png\",\"contentUrl\":\"https:\/\/comarcas.csm.org.pt\/coimbra\/wp-content\/uploads\/sites\/12\/2024\/11\/Coimbra_positivo-horizontal.png\",\"width\":4163,\"height\":1224,\"caption\":\"Tribunal Judicial da Comarca de Coimbra\"},\"image\":{\"@id\":\"https:\/\/comarcas.csm.org.pt\/coimbra\/#\/schema\/logo\/image\/\"}}]}<\/script>\n<!-- \/ Yoast SEO plugin. -->","yoast_head_json":{"title":"RGPD - Tribunal Judicial da Comarca de Coimbra","robots":{"index":"index","follow":"follow","max-snippet":"max-snippet:-1","max-image-preview":"max-image-preview:large","max-video-preview":"max-video-preview:-1"},"canonical":"https:\/\/comarcas.csm.org.pt\/coimbra\/cidadao\/rgpd\/","og_locale":"pt_PT","og_type":"article","og_title":"RGPD - Tribunal Judicial da Comarca de Coimbra","og_description":"O Regulamento (EU) n\u00ba 2016\/679, do Parlamento e do Conselho, de 27 de abril de 2016 &#8211; Regulamento Geral de Prote\u00e7\u00e3o de Dados (RGPD) goza de plena efic\u00e1cia na nossa ordem jur\u00eddica desde o dia 25 de maio de 2018, tendo aplica\u00e7\u00e3o direta e imediata, e car\u00e1ter vinculativo. Como resulta do artigo 2\u00ba do RGPD...","og_url":"https:\/\/comarcas.csm.org.pt\/coimbra\/cidadao\/rgpd\/","og_site_name":"Tribunal Judicial da Comarca de Coimbra","article_modified_time":"2025-06-26T08:52:57+00:00","og_image":[{"width":544,"height":401,"url":"https:\/\/comarcas.csm.org.pt\/coimbra\/wp-content\/uploads\/sites\/12\/2025\/06\/rgdp.jpg","type":"image\/jpeg"}],"twitter_card":"summary_large_image","twitter_misc":{"Tempo estimado de leitura":"2 minutos"},"schema":{"@context":"https:\/\/schema.org","@graph":[{"@type":"WebPage","@id":"https:\/\/comarcas.csm.org.pt\/coimbra\/cidadao\/rgpd\/","url":"https:\/\/comarcas.csm.org.pt\/coimbra\/cidadao\/rgpd\/","name":"RGPD - Tribunal Judicial da Comarca de Coimbra","isPartOf":{"@id":"https:\/\/comarcas.csm.org.pt\/coimbra\/#website"},"primaryImageOfPage":{"@id":"https:\/\/comarcas.csm.org.pt\/coimbra\/cidadao\/rgpd\/#primaryimage"},"image":{"@id":"https:\/\/comarcas.csm.org.pt\/coimbra\/cidadao\/rgpd\/#primaryimage"},"thumbnailUrl":"https:\/\/comarcas.csm.org.pt\/coimbra\/wp-content\/uploads\/sites\/12\/2025\/06\/rgdp-300x221.jpg","datePublished":"2024-05-22T11:36:09+00:00","dateModified":"2025-06-26T08:52:57+00:00","breadcrumb":{"@id":"https:\/\/comarcas.csm.org.pt\/coimbra\/cidadao\/rgpd\/#breadcrumb"},"inLanguage":"pt-PT","potentialAction":[{"@type":"ReadAction","target":["https:\/\/comarcas.csm.org.pt\/coimbra\/cidadao\/rgpd\/"]}]},{"@type":"ImageObject","inLanguage":"pt-PT","@id":"https:\/\/comarcas.csm.org.pt\/coimbra\/cidadao\/rgpd\/#primaryimage","url":"https:\/\/comarcas.csm.org.pt\/coimbra\/wp-content\/uploads\/sites\/12\/2025\/06\/rgdp.jpg","contentUrl":"https:\/\/comarcas.csm.org.pt\/coimbra\/wp-content\/uploads\/sites\/12\/2025\/06\/rgdp.jpg","width":544,"height":401},{"@type":"BreadcrumbList","@id":"https:\/\/comarcas.csm.org.pt\/coimbra\/cidadao\/rgpd\/#breadcrumb","itemListElement":[{"@type":"ListItem","position":1,"name":"In\u00edcio","item":"https:\/\/comarcas.csm.org.pt\/coimbra\/"},{"@type":"ListItem","position":2,"name":"Cidad\u00e3o","item":"https:\/\/comarcas.csm.org.pt\/coimbra\/cidadao\/"},{"@type":"ListItem","position":3,"name":"RGPD"}]},{"@type":"WebSite","@id":"https:\/\/comarcas.csm.org.pt\/coimbra\/#website","url":"https:\/\/comarcas.csm.org.pt\/coimbra\/","name":"Tribunal Judicial da Comarca de Coimbra","description":"Tribunal Judicial da Comarca de Aveiro","publisher":{"@id":"https:\/\/comarcas.csm.org.pt\/coimbra\/#organization"},"potentialAction":[{"@type":"SearchAction","target":{"@type":"EntryPoint","urlTemplate":"https:\/\/comarcas.csm.org.pt\/coimbra\/?s={search_term_string}"},"query-input":{"@type":"PropertyValueSpecification","valueRequired":true,"valueName":"search_term_string"}}],"inLanguage":"pt-PT"},{"@type":"Organization","@id":"https:\/\/comarcas.csm.org.pt\/coimbra\/#organization","name":"Tribunal Judicial da Comarca de Coimbra","url":"https:\/\/comarcas.csm.org.pt\/coimbra\/","logo":{"@type":"ImageObject","inLanguage":"pt-PT","@id":"https:\/\/comarcas.csm.org.pt\/coimbra\/#\/schema\/logo\/image\/","url":"https:\/\/comarcas.csm.org.pt\/coimbra\/wp-content\/uploads\/sites\/12\/2024\/11\/Coimbra_positivo-horizontal.png","contentUrl":"https:\/\/comarcas.csm.org.pt\/coimbra\/wp-content\/uploads\/sites\/12\/2024\/11\/Coimbra_positivo-horizontal.png","width":4163,"height":1224,"caption":"Tribunal Judicial da Comarca de Coimbra"},"image":{"@id":"https:\/\/comarcas.csm.org.pt\/coimbra\/#\/schema\/logo\/image\/"}}]}},"_links":{"self":[{"href":"https:\/\/comarcas.csm.org.pt\/coimbra\/wp-json\/wp\/v2\/pages\/11359","targetHints":{"allow":["GET"]}}],"collection":[{"href":"https:\/\/comarcas.csm.org.pt\/coimbra\/wp-json\/wp\/v2\/pages"}],"about":[{"href":"https:\/\/comarcas.csm.org.pt\/coimbra\/wp-json\/wp\/v2\/types\/page"}],"author":[{"embeddable":true,"href":"https:\/\/comarcas.csm.org.pt\/coimbra\/wp-json\/wp\/v2\/users\/1"}],"replies":[{"embeddable":true,"href":"https:\/\/comarcas.csm.org.pt\/coimbra\/wp-json\/wp\/v2\/comments?post=11359"}],"version-history":[{"count":7,"href":"https:\/\/comarcas.csm.org.pt\/coimbra\/wp-json\/wp\/v2\/pages\/11359\/revisions"}],"predecessor-version":[{"id":41651,"href":"https:\/\/comarcas.csm.org.pt\/coimbra\/wp-json\/wp\/v2\/pages\/11359\/revisions\/41651"}],"up":[{"embeddable":true,"href":"https:\/\/comarcas.csm.org.pt\/coimbra\/wp-json\/wp\/v2\/pages\/11404"}],"wp:attachment":[{"href":"https:\/\/comarcas.csm.org.pt\/coimbra\/wp-json\/wp\/v2\/media?parent=11359"}],"curies":[{"name":"wp","href":"https:\/\/api.w.org\/{rel}","templated":true}]}}