{"version":"1.0","provider_name":"Tribunal Judicial da Comarca de Faro","provider_url":"https:\/\/comarcas.csm.org.pt\/faro","title":"Processo: 538\/26.0T8FAR - Tribunal Judicial da Comarca de Faro","type":"rich","width":600,"height":338,"html":"<blockquote class=\"wp-embedded-content\" data-secret=\"g2lD1CwRWn\"><a href=\"https:\/\/comarcas.csm.org.pt\/faro\/blog\/2026\/03\/24\/processo-538-26-0t8far\/\">Processo: 538\/26.0T8FAR<\/a><\/blockquote><iframe sandbox=\"allow-scripts\" security=\"restricted\" src=\"https:\/\/comarcas.csm.org.pt\/faro\/blog\/2026\/03\/24\/processo-538-26-0t8far\/embed\/#?secret=g2lD1CwRWn\" width=\"600\" height=\"338\" title=\"&#8220;Processo: 538\/26.0T8FAR&#8221; &#8212; Tribunal Judicial da Comarca de Faro\" data-secret=\"g2lD1CwRWn\" frameborder=\"0\" marginwidth=\"0\" marginheight=\"0\" scrolling=\"no\" class=\"wp-embedded-content\"><\/iframe><script>\n\/*! This file is auto-generated *\/\n!function(d,l){\"use strict\";l.querySelector&&d.addEventListener&&\"undefined\"!=typeof URL&&(d.wp=d.wp||{},d.wp.receiveEmbedMessage||(d.wp.receiveEmbedMessage=function(e){var t=e.data;if((t||t.secret||t.message||t.value)&&!\/[^a-zA-Z0-9]\/.test(t.secret)){for(var s,r,n,a=l.querySelectorAll('iframe[data-secret=\"'+t.secret+'\"]'),o=l.querySelectorAll('blockquote[data-secret=\"'+t.secret+'\"]'),c=new RegExp(\"^https?:$\",\"i\"),i=0;i<o.length;i++)o[i].style.display=\"none\";for(i=0;i<a.length;i++)s=a[i],e.source===s.contentWindow&&(s.removeAttribute(\"style\"),\"height\"===t.message?(1e3<(r=parseInt(t.value,10))?r=1e3:~~r<200&&(r=200),s.height=r):\"link\"===t.message&&(r=new URL(s.getAttribute(\"src\")),n=new URL(t.value),c.test(n.protocol))&&n.host===r.host&&l.activeElement===s&&(d.top.location.href=t.value))}},d.addEventListener(\"message\",d.wp.receiveEmbedMessage,!1),l.addEventListener(\"DOMContentLoaded\",function(){for(var e,t,s=l.querySelectorAll(\"iframe.wp-embedded-content\"),r=0;r<s.length;r++)(t=(e=s[r]).getAttribute(\"data-secret\"))||(t=Math.random().toString(36).substring(2,12),e.src+=\"#?secret=\"+t,e.setAttribute(\"data-secret\",t)),e.contentWindow.postMessage({message:\"ready\",secret:t},\"*\")},!1)))}(window,document);\n<\/script>\n","description":"COMUNICADO \u00e0 IMPRENSA Tribunal Judicial da Comarca de Faro, Ju\u00edzo de Instru\u00e7\u00e3o Criminal de Faro &#8211; Juiz 2\u00a0 &#8211; Processo: 538\/26.0T8FAR \u00a0 Face \u00e0 repercuss\u00e3o e ao interesse p\u00fablico suscitado, d\u00e1-se a conhecer que, na sequ\u00eancia do interrogat\u00f3rio judicial realizado ao arguido que se encontrava detido: Foi fortemente indiciada a pr\u00e1tica por este, em co-autoria..."}

COMUNICADO à IMPRENSA Tribunal Judicial da Comarca de Faro, Juízo de Instrução Criminal de Faro &#8211; Juiz 2  &#8211; Processo: 538/26.0T8FAR   Face à repercussão e ao interesse público suscitado, dá-se a conhecer que, na sequência do interrogatório judicial realizado ao arguido que se encontrava detido: Foi fortemente indiciada a prática por este, em co-autoria...
