{"id":11467,"date":"2024-06-30T21:19:48","date_gmt":"2024-06-30T21:19:48","guid":{"rendered":"https:\/\/aveiro.vvr.pt\/?page_id=11467"},"modified":"2025-10-10T10:30:47","modified_gmt":"2025-10-10T10:30:47","slug":"mensagem-do-presidente","status":"publish","type":"page","link":"https:\/\/comarcas.csm.org.pt\/faro\/acomarca\/mensagem-do-presidente\/","title":{"rendered":"Mensagem do presidente"},"content":{"rendered":"\t\t<div data-elementor-type=\"wp-page\" data-elementor-id=\"11467\" class=\"elementor elementor-11467\" data-elementor-post-type=\"page\">\n\t\t\t\t<div class=\"elementor-element elementor-element-f0b8c02 e-flex e-con-boxed e-con e-parent\" data-id=\"f0b8c02\" data-element_type=\"container\">\n\t\t\t\t\t<div class=\"e-con-inner\">\n\t\t<div class=\"elementor-element elementor-element-ed5f838 e-con-full e-flex e-con e-child\" data-id=\"ed5f838\" data-element_type=\"container\">\n\t\t\t\t<\/div>\n\t\t<div class=\"elementor-element elementor-element-fd6e0dc e-con-full e-flex e-con e-child\" data-id=\"fd6e0dc\" data-element_type=\"container\">\n\t\t\t\t<div class=\"elementor-element elementor-element-9ea1d40 elementor-widget elementor-widget-heading\" data-id=\"9ea1d40\" data-element_type=\"widget\" data-widget_type=\"heading.default\">\n\t\t\t\t<div class=\"elementor-widget-container\">\n\t\t\t\t\t<h2 class=\"elementor-heading-title elementor-size-default\">\nMensagem do Juiz Presidente do Tribunal Judicial da Comarca de Faro<\/h2>\t\t\t\t<\/div>\n\t\t\t\t<\/div>\n\t\t\t\t<div class=\"elementor-element elementor-element-495703b elementor-widget elementor-widget-text-editor\" data-id=\"495703b\" data-element_type=\"widget\" data-widget_type=\"text-editor.default\">\n\t\t\t\t<div class=\"elementor-widget-container\">\n\t\t\t\t\t\t\t\t\t<p>Esta \u00e9 p\u00e1gina do Tribunal Judicial da Comarca de Faro.<\/p><p>Neste canal institucional encontrar\u00e3o um conjunto de informa\u00e7\u00f5es sobre a actividade e o funcionamento da Comarca, \u00fateis para magistrados, advogados e demais profissionais do foro, funcion\u00e1rios judiciais e p\u00fablico em geral.<\/p><p>Com sede em Faro, a Comarca abrange 16 munic\u00edpios e os seus servi\u00e7os de justi\u00e7a encontram-se distribu\u00eddos por 10 n\u00facleos e por um ju\u00edzo de proximidade.<\/p><p>Cientes das responsabilidades e dos desafios que enfrentamos, trabalhamos todos os dias para tornar a Justi\u00e7a mais c\u00e9lere, pr\u00f3xima e acess\u00edvel, melhorando a sua imagem e refor\u00e7ando o seu prest\u00edgio junto dos cidad\u00e3os.<\/p><p>Sejam, pois, muito bem-vindos!<\/p><p>Faro, 9 de Outubro de 2025<br \/>O Juiz Presidente<br \/><em><strong>Paulo Renato de Freitas Belo \u2013 Juiz Desembargador<\/strong><\/em><\/p>\t\t\t\t\t\t\t\t<\/div>\n\t\t\t\t<\/div>\n\t\t\t\t<\/div>\n\t\t\t\t\t<\/div>\n\t\t\t\t<\/div>\n\t\t\t\t<\/div>\n\t\t","protected":false},"excerpt":{"rendered":"<p>Mensagem do Juiz Presidente do Tribunal Judicial da Comarca de Faro Esta \u00e9 p\u00e1gina do Tribunal Judicial da Comarca de Faro. Neste canal institucional encontrar\u00e3o um conjunto de informa\u00e7\u00f5es sobre a actividade e o funcionamento da Comarca, \u00fateis para magistrados, advogados e demais profissionais do foro, funcion\u00e1rios judiciais e p\u00fablico em geral. Com sede em&#8230;<\/p>\n","protected":false},"author":1,"featured_media":0,"parent":2242,"menu_order":0,"comment_status":"closed","ping_status":"closed","template":"","meta":{"_tbt_post_transparent":"","_tbt_post_title":"","_tbt_post_layout":"default","_tbt_post_sidebar_id":"","_tbt_post_content_style":"","_tbt_post_vertical_padding":"","_tbt_post_feature":"","_tbt_post_feature_position":"","_tbt_post_header":false,"_tbt_post_footer":false},"class_list":["post-11467","page","type-page","status-publish","hentry"],"yoast_head":"<!-- This site is optimized with the Yoast SEO plugin v25.6 - https:\/\/yoast.com\/wordpress\/plugins\/seo\/ -->\n<title>Mensagem do presidente - Tribunal Judicial da Comarca de Faro<\/title>\n<meta name=\"robots\" content=\"index, follow, max-snippet:-1, max-image-preview:large, max-video-preview:-1\" \/>\n<link rel=\"canonical\" href=\"https:\/\/comarcas.csm.org.pt\/faro\/acomarca\/mensagem-do-presidente\/\" \/>\n<meta property=\"og:locale\" content=\"pt_PT\" \/>\n<meta property=\"og:type\" content=\"article\" \/>\n<meta property=\"og:title\" content=\"Mensagem do presidente - Tribunal Judicial da Comarca de Faro\" \/>\n<meta property=\"og:description\" content=\"Mensagem do Juiz Presidente do Tribunal Judicial da Comarca de Faro Esta \u00e9 p\u00e1gina do Tribunal Judicial da Comarca de Faro. Neste canal institucional encontrar\u00e3o um conjunto de informa\u00e7\u00f5es sobre a actividade e o funcionamento da Comarca, \u00fateis para magistrados, advogados e demais profissionais do foro, funcion\u00e1rios judiciais e p\u00fablico em geral. Com sede em...\" \/>\n<meta property=\"og:url\" content=\"https:\/\/comarcas.csm.org.pt\/faro\/acomarca\/mensagem-do-presidente\/\" \/>\n<meta property=\"og:site_name\" content=\"Tribunal Judicial da Comarca de Faro\" \/>\n<meta property=\"article:modified_time\" content=\"2025-10-10T10:30:47+00:00\" \/>\n<meta name=\"twitter:card\" content=\"summary_large_image\" \/>\n<meta name=\"twitter:label1\" content=\"Tempo estimado de leitura\" \/>\n\t<meta name=\"twitter:data1\" content=\"1 minuto\" \/>\n<script type=\"application\/ld+json\" class=\"yoast-schema-graph\">{\"@context\":\"https:\/\/schema.org\",\"@graph\":[{\"@type\":\"WebPage\",\"@id\":\"https:\/\/comarcas.csm.org.pt\/faro\/acomarca\/mensagem-do-presidente\/\",\"url\":\"https:\/\/comarcas.csm.org.pt\/faro\/acomarca\/mensagem-do-presidente\/\",\"name\":\"Mensagem do presidente - Tribunal Judicial da Comarca de Faro\",\"isPartOf\":{\"@id\":\"https:\/\/comarcas.csm.org.pt\/faro\/#website\"},\"datePublished\":\"2024-06-30T21:19:48+00:00\",\"dateModified\":\"2025-10-10T10:30:47+00:00\",\"breadcrumb\":{\"@id\":\"https:\/\/comarcas.csm.org.pt\/faro\/acomarca\/mensagem-do-presidente\/#breadcrumb\"},\"inLanguage\":\"pt-PT\",\"potentialAction\":[{\"@type\":\"ReadAction\",\"target\":[\"https:\/\/comarcas.csm.org.pt\/faro\/acomarca\/mensagem-do-presidente\/\"]}]},{\"@type\":\"BreadcrumbList\",\"@id\":\"https:\/\/comarcas.csm.org.pt\/faro\/acomarca\/mensagem-do-presidente\/#breadcrumb\",\"itemListElement\":[{\"@type\":\"ListItem\",\"position\":1,\"name\":\"In\u00edcio\",\"item\":\"https:\/\/comarcas.csm.org.pt\/faro\/\"},{\"@type\":\"ListItem\",\"position\":2,\"name\":\"A Comarca\",\"item\":\"https:\/\/comarcas.csm.org.pt\/faro\/acomarca\/\"},{\"@type\":\"ListItem\",\"position\":3,\"name\":\"Mensagem do presidente\"}]},{\"@type\":\"WebSite\",\"@id\":\"https:\/\/comarcas.csm.org.pt\/faro\/#website\",\"url\":\"https:\/\/comarcas.csm.org.pt\/faro\/\",\"name\":\"Tribunal Judicial da Comarca de Faro\",\"description\":\"Tribunal Judicial da Comarca de Faro\",\"publisher\":{\"@id\":\"https:\/\/comarcas.csm.org.pt\/faro\/#organization\"},\"potentialAction\":[{\"@type\":\"SearchAction\",\"target\":{\"@type\":\"EntryPoint\",\"urlTemplate\":\"https:\/\/comarcas.csm.org.pt\/faro\/?s={search_term_string}\"},\"query-input\":{\"@type\":\"PropertyValueSpecification\",\"valueRequired\":true,\"valueName\":\"search_term_string\"}}],\"inLanguage\":\"pt-PT\"},{\"@type\":\"Organization\",\"@id\":\"https:\/\/comarcas.csm.org.pt\/faro\/#organization\",\"name\":\"Tribunal Judicial da Comarca de Faro\",\"url\":\"https:\/\/comarcas.csm.org.pt\/faro\/\",\"logo\":{\"@type\":\"ImageObject\",\"inLanguage\":\"pt-PT\",\"@id\":\"https:\/\/comarcas.csm.org.pt\/faro\/#\/schema\/logo\/image\/\",\"url\":\"https:\/\/comarcas.csm.org.pt\/faro\/wp-content\/uploads\/sites\/14\/2024\/11\/Faro_positivo-horizontal.png\",\"contentUrl\":\"https:\/\/comarcas.csm.org.pt\/faro\/wp-content\/uploads\/sites\/14\/2024\/11\/Faro_positivo-horizontal.png\",\"width\":4304,\"height\":1186,\"caption\":\"Tribunal Judicial da Comarca de Faro\"},\"image\":{\"@id\":\"https:\/\/comarcas.csm.org.pt\/faro\/#\/schema\/logo\/image\/\"}}]}<\/script>\n<!-- \/ Yoast SEO plugin. -->","yoast_head_json":{"title":"Mensagem do presidente - Tribunal Judicial da Comarca de Faro","robots":{"index":"index","follow":"follow","max-snippet":"max-snippet:-1","max-image-preview":"max-image-preview:large","max-video-preview":"max-video-preview:-1"},"canonical":"https:\/\/comarcas.csm.org.pt\/faro\/acomarca\/mensagem-do-presidente\/","og_locale":"pt_PT","og_type":"article","og_title":"Mensagem do presidente - Tribunal Judicial da Comarca de Faro","og_description":"Mensagem do Juiz Presidente do Tribunal Judicial da Comarca de Faro Esta \u00e9 p\u00e1gina do Tribunal Judicial da Comarca de Faro. Neste canal institucional encontrar\u00e3o um conjunto de informa\u00e7\u00f5es sobre a actividade e o funcionamento da Comarca, \u00fateis para magistrados, advogados e demais profissionais do foro, funcion\u00e1rios judiciais e p\u00fablico em geral. Com sede em...","og_url":"https:\/\/comarcas.csm.org.pt\/faro\/acomarca\/mensagem-do-presidente\/","og_site_name":"Tribunal Judicial da Comarca de Faro","article_modified_time":"2025-10-10T10:30:47+00:00","twitter_card":"summary_large_image","twitter_misc":{"Tempo estimado de leitura":"1 minuto"},"schema":{"@context":"https:\/\/schema.org","@graph":[{"@type":"WebPage","@id":"https:\/\/comarcas.csm.org.pt\/faro\/acomarca\/mensagem-do-presidente\/","url":"https:\/\/comarcas.csm.org.pt\/faro\/acomarca\/mensagem-do-presidente\/","name":"Mensagem do presidente - Tribunal Judicial da Comarca de Faro","isPartOf":{"@id":"https:\/\/comarcas.csm.org.pt\/faro\/#website"},"datePublished":"2024-06-30T21:19:48+00:00","dateModified":"2025-10-10T10:30:47+00:00","breadcrumb":{"@id":"https:\/\/comarcas.csm.org.pt\/faro\/acomarca\/mensagem-do-presidente\/#breadcrumb"},"inLanguage":"pt-PT","potentialAction":[{"@type":"ReadAction","target":["https:\/\/comarcas.csm.org.pt\/faro\/acomarca\/mensagem-do-presidente\/"]}]},{"@type":"BreadcrumbList","@id":"https:\/\/comarcas.csm.org.pt\/faro\/acomarca\/mensagem-do-presidente\/#breadcrumb","itemListElement":[{"@type":"ListItem","position":1,"name":"In\u00edcio","item":"https:\/\/comarcas.csm.org.pt\/faro\/"},{"@type":"ListItem","position":2,"name":"A Comarca","item":"https:\/\/comarcas.csm.org.pt\/faro\/acomarca\/"},{"@type":"ListItem","position":3,"name":"Mensagem do presidente"}]},{"@type":"WebSite","@id":"https:\/\/comarcas.csm.org.pt\/faro\/#website","url":"https:\/\/comarcas.csm.org.pt\/faro\/","name":"Tribunal Judicial da Comarca de Faro","description":"Tribunal Judicial da Comarca de Faro","publisher":{"@id":"https:\/\/comarcas.csm.org.pt\/faro\/#organization"},"potentialAction":[{"@type":"SearchAction","target":{"@type":"EntryPoint","urlTemplate":"https:\/\/comarcas.csm.org.pt\/faro\/?s={search_term_string}"},"query-input":{"@type":"PropertyValueSpecification","valueRequired":true,"valueName":"search_term_string"}}],"inLanguage":"pt-PT"},{"@type":"Organization","@id":"https:\/\/comarcas.csm.org.pt\/faro\/#organization","name":"Tribunal Judicial da Comarca de Faro","url":"https:\/\/comarcas.csm.org.pt\/faro\/","logo":{"@type":"ImageObject","inLanguage":"pt-PT","@id":"https:\/\/comarcas.csm.org.pt\/faro\/#\/schema\/logo\/image\/","url":"https:\/\/comarcas.csm.org.pt\/faro\/wp-content\/uploads\/sites\/14\/2024\/11\/Faro_positivo-horizontal.png","contentUrl":"https:\/\/comarcas.csm.org.pt\/faro\/wp-content\/uploads\/sites\/14\/2024\/11\/Faro_positivo-horizontal.png","width":4304,"height":1186,"caption":"Tribunal Judicial da Comarca de Faro"},"image":{"@id":"https:\/\/comarcas.csm.org.pt\/faro\/#\/schema\/logo\/image\/"}}]}},"_links":{"self":[{"href":"https:\/\/comarcas.csm.org.pt\/faro\/wp-json\/wp\/v2\/pages\/11467","targetHints":{"allow":["GET"]}}],"collection":[{"href":"https:\/\/comarcas.csm.org.pt\/faro\/wp-json\/wp\/v2\/pages"}],"about":[{"href":"https:\/\/comarcas.csm.org.pt\/faro\/wp-json\/wp\/v2\/types\/page"}],"author":[{"embeddable":true,"href":"https:\/\/comarcas.csm.org.pt\/faro\/wp-json\/wp\/v2\/users\/1"}],"replies":[{"embeddable":true,"href":"https:\/\/comarcas.csm.org.pt\/faro\/wp-json\/wp\/v2\/comments?post=11467"}],"version-history":[{"count":80,"href":"https:\/\/comarcas.csm.org.pt\/faro\/wp-json\/wp\/v2\/pages\/11467\/revisions"}],"predecessor-version":[{"id":14561,"href":"https:\/\/comarcas.csm.org.pt\/faro\/wp-json\/wp\/v2\/pages\/11467\/revisions\/14561"}],"up":[{"embeddable":true,"href":"https:\/\/comarcas.csm.org.pt\/faro\/wp-json\/wp\/v2\/pages\/2242"}],"wp:attachment":[{"href":"https:\/\/comarcas.csm.org.pt\/faro\/wp-json\/wp\/v2\/media?parent=11467"}],"curies":[{"name":"wp","href":"https:\/\/api.w.org\/{rel}","templated":true}]}}

<div data-elementor-type="wp-page" data-elementor-id="11467" class="elementor elementor-11467" data-elementor-post-type="page">
				<div class="elementor-element elementor-element-f0b8c02 e-flex e-con-boxed e-con e-parent" data-id="f0b8c02" data-element_type="container">
					<div class="e-con-inner">
		<div class="elementor-element elementor-element-ed5f838 e-con-full e-flex e-con e-child" data-id="ed5f838" data-element_type="container">
				</div>
		<div class="elementor-element elementor-element-fd6e0dc e-con-full e-flex e-con e-child" data-id="fd6e0dc" data-element_type="container">
				<div class="elementor-element elementor-element-9ea1d40 elementor-widget elementor-widget-heading" data-id="9ea1d40" data-element_type="widget" data-widget_type="heading.default">
				<div class="elementor-widget-container">
					<h2 class="elementor-heading-title elementor-size-default">
Mensagem do Juiz Presidente do Tribunal Judicial da Comarca de Faro</h2>				</div>
				</div>
				<div class="elementor-element elementor-element-495703b elementor-widget elementor-widget-text-editor" data-id="495703b" data-element_type="widget" data-widget_type="text-editor.default">
				<div class="elementor-widget-container">
									<p>Esta é página do Tribunal Judicial da Comarca de Faro.</p><p>Neste canal institucional encontrarão um conjunto de informações sobre a actividade e o funcionamento da Comarca, úteis para magistrados, advogados e demais profissionais do foro, funcionários judiciais e público em geral.</p><p>Com sede em Faro, a Comarca abrange 16 municípios e os seus serviços de justiça encontram-se distribuídos por 10 núcleos e por um juízo de proximidade.</p><p>Cientes das responsabilidades e dos desafios que enfrentamos, trabalhamos todos os dias para tornar a Justiça mais célere, próxima e acessível, melhorando a sua imagem e reforçando o seu prestígio junto dos cidadãos.</p><p>Sejam, pois, muito bem-vindos!</p><p>Faro, 9 de Outubro de 2025<br />O Juiz Presidente<br /><em><strong>Paulo Renato de Freitas Belo – Juiz Desembargador</strong></em></p>								</div>
				</div>
				</div>
					</div>
				</div>
				</div>

<p>Mensagem do Juiz Presidente do Tribunal Judicial da Comarca de Faro Esta é página do Tribunal Judicial da Comarca de Faro. Neste canal institucional encontrarão um conjunto de informações sobre a actividade e o funcionamento da Comarca, úteis para magistrados, advogados e demais profissionais do foro, funcionários judiciais e público em geral. Com sede em&#8230;</p>

<!-- This site is optimized with the Yoast SEO plugin v25.6 - https://yoast.com/wordpress/plugins/seo/ -->
<title>Mensagem do presidente - Tribunal Judicial da Comarca de Faro</title>
<meta name="robots" content="index, follow, max-snippet:-1, max-image-preview:large, max-video-preview:-1" />
<link rel="canonical" href="https://comarcas.csm.org.pt/faro/acomarca/mensagem-do-presidente/" />
<meta property="og:locale" content="pt_PT" />
<meta property="og:type" content="article" />
<meta property="og:title" content="Mensagem do presidente - Tribunal Judicial da Comarca de Faro" />
<meta property="og:description" content="Mensagem do Juiz Presidente do Tribunal Judicial da Comarca de Faro Esta é página do Tribunal Judicial da Comarca de Faro. Neste canal institucional encontrarão um conjunto de informações sobre a actividade e o funcionamento da Comarca, úteis para magistrados, advogados e demais profissionais do foro, funcionários judiciais e público em geral. Com sede em..." />
<meta property="og:url" content="https://comarcas.csm.org.pt/faro/acomarca/mensagem-do-presidente/" />
<meta property="og:site_name" content="Tribunal Judicial da Comarca de Faro" />
<meta property="article:modified_time" content="2025-10-10T10:30:47+00:00" />
<meta name="twitter:card" content="summary_large_image" />
<meta name="twitter:label1" content="Tempo estimado de leitura" />
	<meta name="twitter:data1" content="1 minuto" />
<script type="application/ld+json" class="yoast-schema-graph">{"@context":"https://schema.org","@graph":[{"@type":"WebPage","@id":"https://comarcas.csm.org.pt/faro/acomarca/mensagem-do-presidente/","url":"https://comarcas.csm.org.pt/faro/acomarca/mensagem-do-presidente/","name":"Mensagem do presidente - Tribunal Judicial da Comarca de Faro","isPartOf":{"@id":"https://comarcas.csm.org.pt/faro/#website"},"datePublished":"2024-06-30T21:19:48+00:00","dateModified":"2025-10-10T10:30:47+00:00","breadcrumb":{"@id":"https://comarcas.csm.org.pt/faro/acomarca/mensagem-do-presidente/#breadcrumb"},"inLanguage":"pt-PT","potentialAction":[{"@type":"ReadAction","target":["https://comarcas.csm.org.pt/faro/acomarca/mensagem-do-presidente/"]}]},{"@type":"BreadcrumbList","@id":"https://comarcas.csm.org.pt/faro/acomarca/mensagem-do-presidente/#breadcrumb","itemListElement":[{"@type":"ListItem","position":1,"name":"Início","item":"https://comarcas.csm.org.pt/faro/"},{"@type":"ListItem","position":2,"name":"A Comarca","item":"https://comarcas.csm.org.pt/faro/acomarca/"},{"@type":"ListItem","position":3,"name":"Mensagem do presidente"}]},{"@type":"WebSite","@id":"https://comarcas.csm.org.pt/faro/#website","url":"https://comarcas.csm.org.pt/faro/","name":"Tribunal Judicial da Comarca de Faro","description":"Tribunal Judicial da Comarca de Faro","publisher":{"@id":"https://comarcas.csm.org.pt/faro/#organization"},"potentialAction":[{"@type":"SearchAction","target":{"@type":"EntryPoint","urlTemplate":"https://comarcas.csm.org.pt/faro/?s={search_term_string}"},"query-input":{"@type":"PropertyValueSpecification","valueRequired":true,"valueName":"search_term_string"}}],"inLanguage":"pt-PT"},{"@type":"Organization","@id":"https://comarcas.csm.org.pt/faro/#organization","name":"Tribunal Judicial da Comarca de Faro","url":"https://comarcas.csm.org.pt/faro/","logo":{"@type":"ImageObject","inLanguage":"pt-PT","@id":"https://comarcas.csm.org.pt/faro/#/schema/logo/image/","url":"https://comarcas.csm.org.pt/faro/wp-content/uploads/sites/14/2024/11/Faro_positivo-horizontal.png","contentUrl":"https://comarcas.csm.org.pt/faro/wp-content/uploads/sites/14/2024/11/Faro_positivo-horizontal.png","width":4304,"height":1186,"caption":"Tribunal Judicial da Comarca de Faro"},"image":{"@id":"https://comarcas.csm.org.pt/faro/#/schema/logo/image/"}}]}</script>
<!-- / Yoast SEO plugin. -->

Mensagem do Juiz Presidente do Tribunal Judicial da Comarca de Faro Esta é página do Tribunal Judicial da Comarca de Faro. Neste canal institucional encontrarão um conjunto de informações sobre a actividade e o funcionamento da Comarca, úteis para magistrados, advogados e demais profissionais do foro, funcionários judiciais e público em geral. Com sede em...

Início
