{"id":11467,"date":"2024-06-30T21:19:48","date_gmt":"2024-06-30T21:19:48","guid":{"rendered":"https:\/\/aveiro.vvr.pt\/?page_id=11467"},"modified":"2025-05-27T15:17:55","modified_gmt":"2025-05-27T15:17:55","slug":"mensagem-do-presidente","status":"publish","type":"page","link":"https:\/\/comarcas.csm.org.pt\/guarda\/acomarca\/mensagem-do-presidente\/","title":{"rendered":"Mensagem da presidente"},"content":{"rendered":"\t\t<div data-elementor-type=\"wp-page\" data-elementor-id=\"11467\" class=\"elementor elementor-11467\" data-elementor-post-type=\"page\">\n\t\t\t\t<div class=\"elementor-element elementor-element-f0b8c02 e-flex e-con-boxed e-con e-parent\" data-id=\"f0b8c02\" data-element_type=\"container\">\n\t\t\t\t\t<div class=\"e-con-inner\">\n\t\t<div class=\"elementor-element elementor-element-ed5f838 e-con-full e-flex e-con e-child\" data-id=\"ed5f838\" data-element_type=\"container\">\n\t\t\t\t<div class=\"elementor-element elementor-element-b4e8e24 elementor-widget elementor-widget-image\" data-id=\"b4e8e24\" data-element_type=\"widget\" data-widget_type=\"image.default\">\n\t\t\t\t<div class=\"elementor-widget-container\">\n\t\t\t\t\t\t\t\t\t\t\t\t\t\t\t<img fetchpriority=\"high\" decoding=\"async\" width=\"1024\" height=\"1024\" src=\"https:\/\/comarcas.csm.org.pt\/guarda\/wp-content\/uploads\/sites\/15\/2024\/11\/DALL\u00b7E-2024-11-26-23.32.08-A-realistic-illustration-of-a-female-judge-presiding-over-a-courtroom-seated-at-a-large-wooden-desk-signing-important-legal-documents.-The-judge-is-.webp\" class=\"attachment-large size-large wp-image-11940\" alt=\"\" srcset=\"https:\/\/comarcas.csm.org.pt\/guarda\/wp-content\/uploads\/sites\/15\/2024\/11\/DALL\u00b7E-2024-11-26-23.32.08-A-realistic-illustration-of-a-female-judge-presiding-over-a-courtroom-seated-at-a-large-wooden-desk-signing-important-legal-documents.-The-judge-is-.webp 1024w, https:\/\/comarcas.csm.org.pt\/guarda\/wp-content\/uploads\/sites\/15\/2024\/11\/DALL\u00b7E-2024-11-26-23.32.08-A-realistic-illustration-of-a-female-judge-presiding-over-a-courtroom-seated-at-a-large-wooden-desk-signing-important-legal-documents.-The-judge-is--300x300.webp 300w, https:\/\/comarcas.csm.org.pt\/guarda\/wp-content\/uploads\/sites\/15\/2024\/11\/DALL\u00b7E-2024-11-26-23.32.08-A-realistic-illustration-of-a-female-judge-presiding-over-a-courtroom-seated-at-a-large-wooden-desk-signing-important-legal-documents.-The-judge-is--150x150.webp 150w, https:\/\/comarcas.csm.org.pt\/guarda\/wp-content\/uploads\/sites\/15\/2024\/11\/DALL\u00b7E-2024-11-26-23.32.08-A-realistic-illustration-of-a-female-judge-presiding-over-a-courtroom-seated-at-a-large-wooden-desk-signing-important-legal-documents.-The-judge-is--768x768.webp 768w\" sizes=\"(max-width: 1024px) 100vw, 1024px\" \/>\t\t\t\t\t\t\t\t\t\t\t\t\t\t\t<\/div>\n\t\t\t\t<\/div>\n\t\t\t\t<\/div>\n\t\t<div class=\"elementor-element elementor-element-fd6e0dc e-con-full e-flex e-con e-child\" data-id=\"fd6e0dc\" data-element_type=\"container\">\n\t\t\t\t<div class=\"elementor-element elementor-element-9ea1d40 elementor-widget elementor-widget-heading\" data-id=\"9ea1d40\" data-element_type=\"widget\" data-widget_type=\"heading.default\">\n\t\t\t\t<div class=\"elementor-widget-container\">\n\t\t\t\t\t<h2 class=\"elementor-heading-title elementor-size-default\">Mensagem da Exma. Sra. Ju\u00edza Presidente do Tribunal Judicial da Comarca da Guarda<\/h2>\t\t\t\t<\/div>\n\t\t\t\t<\/div>\n\t\t\t\t<div class=\"elementor-element elementor-element-495703b elementor-widget elementor-widget-text-editor\" data-id=\"495703b\" data-element_type=\"widget\" data-widget_type=\"text-editor.default\">\n\t\t\t\t<div class=\"elementor-widget-container\">\n\t\t\t\t\t\t\t\t\t<p>O Tribunal Judicial da Comarca da Guarda \u00e9 um \u00f3rg\u00e3o de soberania, independente, estando apenas sujeito \u00e0 Constitui\u00e7\u00e3o e \u00e0 lei.<br \/>Ao Tribunal Judicial da Comarca da Guarda incumbe administrar a justi\u00e7a, em nome do povo, na sua \u00e1rea de compet\u00eancia. No \u00e2mbito da sua atua\u00e7\u00e3o, o Tribunal Judicial da Comarca da Guarda visa prosseguir a aplica\u00e7\u00e3o de uma justi\u00e7a de qualidade, centrada no cidad\u00e3o e na promo\u00e7\u00e3o da paz social, num enquadramento de exig\u00eancia de desenvolvimento e progresso econ\u00f3mico, social e cultural.<br \/>O Tribunal Judicial da Comarca da Guarda, no prosseguimento da sua tarefa \u00e9 guiado pelos valores da Justi\u00e7a, Legalidade, Imparcialidade e Isen\u00e7\u00e3o, Integridade, Efici\u00eancia, Transpar\u00eancia, Responsabilidade, Igualdade e Sustentabilidade.<br \/>Os princ\u00edpios estruturantes que orientam a atua\u00e7\u00e3o e o comportamento do Tribunal Judicial da Comarca da Guarda s\u00e3o:<br \/>O enfoque no cidad\u00e3o e na promo\u00e7\u00e3o da justi\u00e7a na comunidade, assegurando a resolu\u00e7\u00e3o adequada e atempada dos lit\u00edgios;<br \/>A otimiza\u00e7\u00e3o dos recursos alocados \u00e0 gest\u00e3o;<br \/>A simplifica\u00e7\u00e3o e otimiza\u00e7\u00e3o dos procedimentos, atrav\u00e9s da promo\u00e7\u00e3o de uma cultura do conhecimento;<br \/>O refor\u00e7o de uma gest\u00e3o efetiva e de responsabiliza\u00e7\u00e3o pelos meios e pelos resultados, apontando \u00e0 coes\u00e3o e excel\u00eancia t\u00e9cnica;<br \/>A melhoria cont\u00ednua da qualidade da justi\u00e7a, atrav\u00e9s de uma postura e pr\u00e1tica respeitando os ditames da \u00e9tica.<br \/>&#8211; artigos 5\u00ba e 6\u00ba do Regulamento interno do Tribunal Judicial da Comarca da Guarda<\/p>\t\t\t\t\t\t\t\t<\/div>\n\t\t\t\t<\/div>\n\t\t\t\t<\/div>\n\t\t\t\t\t<\/div>\n\t\t\t\t<\/div>\n\t\t\t\t<\/div>\n\t\t","protected":false},"excerpt":{"rendered":"<p>Mensagem da Exma. Sra. Ju\u00edza Presidente do Tribunal Judicial da Comarca da Guarda O Tribunal Judicial da Comarca da Guarda \u00e9 um \u00f3rg\u00e3o de soberania, independente, estando apenas sujeito \u00e0 Constitui\u00e7\u00e3o e \u00e0 lei.Ao Tribunal Judicial da Comarca da Guarda incumbe administrar a justi\u00e7a, em nome do povo, na sua \u00e1rea de compet\u00eancia. No \u00e2mbito&#8230;<\/p>\n","protected":false},"author":1,"featured_media":0,"parent":2242,"menu_order":0,"comment_status":"closed","ping_status":"closed","template":"","meta":{"_tbt_post_transparent":"","_tbt_post_title":"","_tbt_post_layout":"default","_tbt_post_sidebar_id":"","_tbt_post_content_style":"","_tbt_post_vertical_padding":"","_tbt_post_feature":"","_tbt_post_feature_position":"","_tbt_post_header":false,"_tbt_post_footer":false},"class_list":["post-11467","page","type-page","status-publish","hentry"],"yoast_head":"<!-- This site is optimized with the Yoast SEO plugin v25.6 - https:\/\/yoast.com\/wordpress\/plugins\/seo\/ -->\n<title>Mensagem da presidente - Tribunal Judicial da Comarca da Guarda<\/title>\n<meta name=\"robots\" content=\"index, follow, max-snippet:-1, max-image-preview:large, max-video-preview:-1\" \/>\n<link rel=\"canonical\" href=\"https:\/\/comarcas.csm.org.pt\/guarda\/acomarca\/mensagem-do-presidente\/\" \/>\n<meta property=\"og:locale\" content=\"pt_PT\" \/>\n<meta property=\"og:type\" content=\"article\" \/>\n<meta property=\"og:title\" content=\"Mensagem da presidente - Tribunal Judicial da Comarca da Guarda\" \/>\n<meta property=\"og:description\" content=\"Mensagem da Exma. Sra. Ju\u00edza Presidente do Tribunal Judicial da Comarca da Guarda O Tribunal Judicial da Comarca da Guarda \u00e9 um \u00f3rg\u00e3o de soberania, independente, estando apenas sujeito \u00e0 Constitui\u00e7\u00e3o e \u00e0 lei.Ao Tribunal Judicial da Comarca da Guarda incumbe administrar a justi\u00e7a, em nome do povo, na sua \u00e1rea de compet\u00eancia. No \u00e2mbito...\" \/>\n<meta property=\"og:url\" content=\"https:\/\/comarcas.csm.org.pt\/guarda\/acomarca\/mensagem-do-presidente\/\" \/>\n<meta property=\"og:site_name\" content=\"Tribunal Judicial da Comarca da Guarda\" \/>\n<meta property=\"article:modified_time\" content=\"2025-05-27T15:17:55+00:00\" \/>\n<meta name=\"twitter:card\" content=\"summary_large_image\" \/>\n<meta name=\"twitter:label1\" content=\"Tempo estimado de leitura\" \/>\n\t<meta name=\"twitter:data1\" content=\"2 minutos\" \/>\n<script type=\"application\/ld+json\" class=\"yoast-schema-graph\">{\"@context\":\"https:\/\/schema.org\",\"@graph\":[{\"@type\":\"WebPage\",\"@id\":\"https:\/\/comarcas.csm.org.pt\/guarda\/acomarca\/mensagem-do-presidente\/\",\"url\":\"https:\/\/comarcas.csm.org.pt\/guarda\/acomarca\/mensagem-do-presidente\/\",\"name\":\"Mensagem da presidente - Tribunal Judicial da Comarca da Guarda\",\"isPartOf\":{\"@id\":\"https:\/\/comarcas.csm.org.pt\/guarda\/#website\"},\"datePublished\":\"2024-06-30T21:19:48+00:00\",\"dateModified\":\"2025-05-27T15:17:55+00:00\",\"breadcrumb\":{\"@id\":\"https:\/\/comarcas.csm.org.pt\/guarda\/acomarca\/mensagem-do-presidente\/#breadcrumb\"},\"inLanguage\":\"pt-PT\",\"potentialAction\":[{\"@type\":\"ReadAction\",\"target\":[\"https:\/\/comarcas.csm.org.pt\/guarda\/acomarca\/mensagem-do-presidente\/\"]}]},{\"@type\":\"BreadcrumbList\",\"@id\":\"https:\/\/comarcas.csm.org.pt\/guarda\/acomarca\/mensagem-do-presidente\/#breadcrumb\",\"itemListElement\":[{\"@type\":\"ListItem\",\"position\":1,\"name\":\"In\u00edcio\",\"item\":\"https:\/\/comarcas.csm.org.pt\/guarda\/\"},{\"@type\":\"ListItem\",\"position\":2,\"name\":\"A Comarca\",\"item\":\"https:\/\/comarcas.csm.org.pt\/guarda\/acomarca\/\"},{\"@type\":\"ListItem\",\"position\":3,\"name\":\"Mensagem da presidente\"}]},{\"@type\":\"WebSite\",\"@id\":\"https:\/\/comarcas.csm.org.pt\/guarda\/#website\",\"url\":\"https:\/\/comarcas.csm.org.pt\/guarda\/\",\"name\":\"Tribunal Judicial da Comarca da Guarda\",\"description\":\"Tribunal Judicial da Comarca da Guarda\",\"publisher\":{\"@id\":\"https:\/\/comarcas.csm.org.pt\/guarda\/#organization\"},\"potentialAction\":[{\"@type\":\"SearchAction\",\"target\":{\"@type\":\"EntryPoint\",\"urlTemplate\":\"https:\/\/comarcas.csm.org.pt\/guarda\/?s={search_term_string}\"},\"query-input\":{\"@type\":\"PropertyValueSpecification\",\"valueRequired\":true,\"valueName\":\"search_term_string\"}}],\"inLanguage\":\"pt-PT\"},{\"@type\":\"Organization\",\"@id\":\"https:\/\/comarcas.csm.org.pt\/guarda\/#organization\",\"name\":\"Tribunal Judicial da Comarca da Guarda\",\"url\":\"https:\/\/comarcas.csm.org.pt\/guarda\/\",\"logo\":{\"@type\":\"ImageObject\",\"inLanguage\":\"pt-PT\",\"@id\":\"https:\/\/comarcas.csm.org.pt\/guarda\/#\/schema\/logo\/image\/\",\"url\":\"https:\/\/comarcas.csm.org.pt\/guarda\/wp-content\/uploads\/sites\/15\/2025\/04\/cropped-Guarda_positivo-horizontal-2048x551-2-1024x276-1.png\",\"contentUrl\":\"https:\/\/comarcas.csm.org.pt\/guarda\/wp-content\/uploads\/sites\/15\/2025\/04\/cropped-Guarda_positivo-horizontal-2048x551-2-1024x276-1.png\",\"width\":1024,\"height\":276,\"caption\":\"Tribunal Judicial da Comarca da Guarda\"},\"image\":{\"@id\":\"https:\/\/comarcas.csm.org.pt\/guarda\/#\/schema\/logo\/image\/\"}}]}<\/script>\n<!-- \/ Yoast SEO plugin. -->","yoast_head_json":{"title":"Mensagem da presidente - Tribunal Judicial da Comarca da Guarda","robots":{"index":"index","follow":"follow","max-snippet":"max-snippet:-1","max-image-preview":"max-image-preview:large","max-video-preview":"max-video-preview:-1"},"canonical":"https:\/\/comarcas.csm.org.pt\/guarda\/acomarca\/mensagem-do-presidente\/","og_locale":"pt_PT","og_type":"article","og_title":"Mensagem da presidente - Tribunal Judicial da Comarca da Guarda","og_description":"Mensagem da Exma. Sra. Ju\u00edza Presidente do Tribunal Judicial da Comarca da Guarda O Tribunal Judicial da Comarca da Guarda \u00e9 um \u00f3rg\u00e3o de soberania, independente, estando apenas sujeito \u00e0 Constitui\u00e7\u00e3o e \u00e0 lei.Ao Tribunal Judicial da Comarca da Guarda incumbe administrar a justi\u00e7a, em nome do povo, na sua \u00e1rea de compet\u00eancia. No \u00e2mbito...","og_url":"https:\/\/comarcas.csm.org.pt\/guarda\/acomarca\/mensagem-do-presidente\/","og_site_name":"Tribunal Judicial da Comarca da Guarda","article_modified_time":"2025-05-27T15:17:55+00:00","twitter_card":"summary_large_image","twitter_misc":{"Tempo estimado de leitura":"2 minutos"},"schema":{"@context":"https:\/\/schema.org","@graph":[{"@type":"WebPage","@id":"https:\/\/comarcas.csm.org.pt\/guarda\/acomarca\/mensagem-do-presidente\/","url":"https:\/\/comarcas.csm.org.pt\/guarda\/acomarca\/mensagem-do-presidente\/","name":"Mensagem da presidente - Tribunal Judicial da Comarca da Guarda","isPartOf":{"@id":"https:\/\/comarcas.csm.org.pt\/guarda\/#website"},"datePublished":"2024-06-30T21:19:48+00:00","dateModified":"2025-05-27T15:17:55+00:00","breadcrumb":{"@id":"https:\/\/comarcas.csm.org.pt\/guarda\/acomarca\/mensagem-do-presidente\/#breadcrumb"},"inLanguage":"pt-PT","potentialAction":[{"@type":"ReadAction","target":["https:\/\/comarcas.csm.org.pt\/guarda\/acomarca\/mensagem-do-presidente\/"]}]},{"@type":"BreadcrumbList","@id":"https:\/\/comarcas.csm.org.pt\/guarda\/acomarca\/mensagem-do-presidente\/#breadcrumb","itemListElement":[{"@type":"ListItem","position":1,"name":"In\u00edcio","item":"https:\/\/comarcas.csm.org.pt\/guarda\/"},{"@type":"ListItem","position":2,"name":"A Comarca","item":"https:\/\/comarcas.csm.org.pt\/guarda\/acomarca\/"},{"@type":"ListItem","position":3,"name":"Mensagem da presidente"}]},{"@type":"WebSite","@id":"https:\/\/comarcas.csm.org.pt\/guarda\/#website","url":"https:\/\/comarcas.csm.org.pt\/guarda\/","name":"Tribunal Judicial da Comarca da Guarda","description":"Tribunal Judicial da Comarca da Guarda","publisher":{"@id":"https:\/\/comarcas.csm.org.pt\/guarda\/#organization"},"potentialAction":[{"@type":"SearchAction","target":{"@type":"EntryPoint","urlTemplate":"https:\/\/comarcas.csm.org.pt\/guarda\/?s={search_term_string}"},"query-input":{"@type":"PropertyValueSpecification","valueRequired":true,"valueName":"search_term_string"}}],"inLanguage":"pt-PT"},{"@type":"Organization","@id":"https:\/\/comarcas.csm.org.pt\/guarda\/#organization","name":"Tribunal Judicial da Comarca da Guarda","url":"https:\/\/comarcas.csm.org.pt\/guarda\/","logo":{"@type":"ImageObject","inLanguage":"pt-PT","@id":"https:\/\/comarcas.csm.org.pt\/guarda\/#\/schema\/logo\/image\/","url":"https:\/\/comarcas.csm.org.pt\/guarda\/wp-content\/uploads\/sites\/15\/2025\/04\/cropped-Guarda_positivo-horizontal-2048x551-2-1024x276-1.png","contentUrl":"https:\/\/comarcas.csm.org.pt\/guarda\/wp-content\/uploads\/sites\/15\/2025\/04\/cropped-Guarda_positivo-horizontal-2048x551-2-1024x276-1.png","width":1024,"height":276,"caption":"Tribunal Judicial da Comarca da Guarda"},"image":{"@id":"https:\/\/comarcas.csm.org.pt\/guarda\/#\/schema\/logo\/image\/"}}]}},"_links":{"self":[{"href":"https:\/\/comarcas.csm.org.pt\/guarda\/wp-json\/wp\/v2\/pages\/11467","targetHints":{"allow":["GET"]}}],"collection":[{"href":"https:\/\/comarcas.csm.org.pt\/guarda\/wp-json\/wp\/v2\/pages"}],"about":[{"href":"https:\/\/comarcas.csm.org.pt\/guarda\/wp-json\/wp\/v2\/types\/page"}],"author":[{"embeddable":true,"href":"https:\/\/comarcas.csm.org.pt\/guarda\/wp-json\/wp\/v2\/users\/1"}],"replies":[{"embeddable":true,"href":"https:\/\/comarcas.csm.org.pt\/guarda\/wp-json\/wp\/v2\/comments?post=11467"}],"version-history":[{"count":54,"href":"https:\/\/comarcas.csm.org.pt\/guarda\/wp-json\/wp\/v2\/pages\/11467\/revisions"}],"predecessor-version":[{"id":12782,"href":"https:\/\/comarcas.csm.org.pt\/guarda\/wp-json\/wp\/v2\/pages\/11467\/revisions\/12782"}],"up":[{"embeddable":true,"href":"https:\/\/comarcas.csm.org.pt\/guarda\/wp-json\/wp\/v2\/pages\/2242"}],"wp:attachment":[{"href":"https:\/\/comarcas.csm.org.pt\/guarda\/wp-json\/wp\/v2\/media?parent=11467"}],"curies":[{"name":"wp","href":"https:\/\/api.w.org\/{rel}","templated":true}]}}