{"id":12537,"date":"2025-04-04T11:10:05","date_gmt":"2025-04-04T11:10:05","guid":{"rendered":"https:\/\/comarcas.csm.org.pt\/porto\/?page_id=12537"},"modified":"2025-04-04T11:21:55","modified_gmt":"2025-04-04T11:21:55","slug":"tribunal-de-execucao-das-penas-do-porto","status":"publish","type":"page","link":"https:\/\/comarcas.csm.org.pt\/porto\/acomarca\/tribunal-de-execucao-das-penas-do-porto\/","title":{"rendered":"Tribunal de Execu\u00e7\u00e3o das Penas"},"content":{"rendered":"\t\t<div data-elementor-type=\"wp-page\" data-elementor-id=\"12537\" class=\"elementor elementor-12537\" data-elementor-post-type=\"page\">\n\t\t\t\t<div class=\"elementor-element elementor-element-8969952 e-flex e-con-boxed e-con e-parent\" data-id=\"8969952\" data-element_type=\"container\">\n\t\t\t\t\t<div class=\"e-con-inner\">\n\t\t\t\t<div class=\"elementor-element elementor-element-2251669 elementor-widget elementor-widget-heading\" data-id=\"2251669\" data-element_type=\"widget\" data-widget_type=\"heading.default\">\n\t\t\t\t<div class=\"elementor-widget-container\">\n\t\t\t\t\t<h1 class=\"elementor-heading-title elementor-size-default\">Tribunal de Execu\u00e7\u00e3o das Penas do Porto<\/h1>\t\t\t\t<\/div>\n\t\t\t\t<\/div>\n\t\t\t\t\t<\/div>\n\t\t\t\t<\/div>\n\t\t<div class=\"elementor-element elementor-element-4e2ace9 e-flex e-con-boxed e-con e-parent\" data-id=\"4e2ace9\" data-element_type=\"container\">\n\t\t\t\t\t<div class=\"e-con-inner\">\n\t\t<div class=\"elementor-element elementor-element-ae8a941 e-con-full e-flex e-con e-child\" data-id=\"ae8a941\" data-element_type=\"container\">\n\t\t\t\t<div class=\"elementor-element elementor-element-556c65e elementor-widget elementor-widget-text-editor\" data-id=\"556c65e\" data-element_type=\"widget\" data-widget_type=\"text-editor.default\">\n\t\t\t\t<div class=\"elementor-widget-container\">\n\t\t\t\t\t\t\t\t\t<p><strong>Morada:<\/strong>\u00a0Rua Jo\u00e3o das Regras, n.\u00ba 222, 4049-051 Porto<\/p><p><strong>Telefone:<\/strong>\u00a0220 949 280<\/p><p><strong>Fax:<\/strong>\u00a0220 949 299<\/p><p><strong>Email:<\/strong>\u00a0porto.tep@tribunais.org.pt<\/p><p>\u00a0<\/p>\t\t\t\t\t\t\t\t<\/div>\n\t\t\t\t<\/div>\n\t\t\t\t<\/div>\n\t\t<div class=\"elementor-element elementor-element-4625974 e-con-full e-flex e-con e-child\" data-id=\"4625974\" data-element_type=\"container\">\n\t\t\t\t<div class=\"elementor-element elementor-element-c636af3 elementor-widget elementor-widget-google_maps\" data-id=\"c636af3\" data-element_type=\"widget\" data-widget_type=\"google_maps.default\">\n\t\t\t\t<div class=\"elementor-widget-container\">\n\t\t\t\t\t\t\t<div class=\"elementor-custom-embed\">\n\t\t\t<iframe loading=\"lazy\"\n\t\t\t\t\tsrc=\"https:\/\/www.google.com\/maps\/embed\/v1\/place?key=AIzaSyDhSoLeftGxfg7Tvco7SEUCY-Cc_XLDY3c&#038;q=Rua%20Jo%C3%A3o%20das%20Regras%2C%20222%2C%20Porto&#038;zoom=16\"\n\t\t\t\t\ttitle=\"Rua Jo\u00e3o das Regras, 222, Porto\"\n\t\t\t\t\taria-label=\"Rua Jo\u00e3o das Regras, 222, Porto\"\n\t\t\t><\/iframe>\n\t\t<\/div>\n\t\t\t\t\t\t<\/div>\n\t\t\t\t<\/div>\n\t\t\t\t<\/div>\n\t\t\t\t\t<\/div>\n\t\t\t\t<\/div>\n\t\t\t\t<\/div>\n\t\t","protected":false},"excerpt":{"rendered":"<p>Tribunal de Execu\u00e7\u00e3o das Penas do Porto Morada:\u00a0Rua Jo\u00e3o das Regras, n.\u00ba 222, 4049-051 Porto Telefone:\u00a0220 949 280 Fax:\u00a0220 949 299 Email:\u00a0porto.tep@tribunais.org.pt \u00a0<\/p>\n","protected":false},"author":22,"featured_media":0,"parent":2242,"menu_order":0,"comment_status":"closed","ping_status":"closed","template":"","meta":{"_tbt_post_transparent":"","_tbt_post_title":"","_tbt_post_layout":"default","_tbt_post_sidebar_id":"","_tbt_post_content_style":"","_tbt_post_vertical_padding":"","_tbt_post_feature":"","_tbt_post_feature_position":"","_tbt_post_header":false,"_tbt_post_footer":false},"class_list":["post-12537","page","type-page","status-publish","hentry"],"yoast_head":"<!-- This site is optimized with the Yoast SEO plugin v25.6 - https:\/\/yoast.com\/wordpress\/plugins\/seo\/ -->\n<title>Tribunal de Execu\u00e7\u00e3o das Penas - Tribunal Judicial da Comarca de Porto<\/title>\n<meta name=\"robots\" content=\"index, follow, max-snippet:-1, max-image-preview:large, max-video-preview:-1\" \/>\n<link rel=\"canonical\" href=\"https:\/\/comarcas.csm.org.pt\/porto\/acomarca\/tribunal-de-execucao-das-penas-do-porto\/\" \/>\n<meta property=\"og:locale\" content=\"pt_PT\" \/>\n<meta property=\"og:type\" content=\"article\" \/>\n<meta property=\"og:title\" content=\"Tribunal de Execu\u00e7\u00e3o das Penas - Tribunal Judicial da Comarca de Porto\" \/>\n<meta property=\"og:description\" content=\"Tribunal de Execu\u00e7\u00e3o das Penas do Porto Morada:\u00a0Rua Jo\u00e3o das Regras, n.\u00ba 222, 4049-051 Porto Telefone:\u00a0220 949 280 Fax:\u00a0220 949 299 Email:\u00a0porto.tep@tribunais.org.pt \u00a0\" \/>\n<meta property=\"og:url\" content=\"https:\/\/comarcas.csm.org.pt\/porto\/acomarca\/tribunal-de-execucao-das-penas-do-porto\/\" \/>\n<meta property=\"og:site_name\" content=\"Tribunal Judicial da Comarca de Porto\" \/>\n<meta property=\"article:modified_time\" content=\"2025-04-04T11:21:55+00:00\" \/>\n<meta name=\"twitter:card\" content=\"summary_large_image\" \/>\n<meta name=\"twitter:label1\" content=\"Tempo estimado de leitura\" \/>\n\t<meta name=\"twitter:data1\" content=\"1 minuto\" \/>\n<script type=\"application\/ld+json\" class=\"yoast-schema-graph\">{\"@context\":\"https:\/\/schema.org\",\"@graph\":[{\"@type\":\"WebPage\",\"@id\":\"https:\/\/comarcas.csm.org.pt\/porto\/acomarca\/tribunal-de-execucao-das-penas-do-porto\/\",\"url\":\"https:\/\/comarcas.csm.org.pt\/porto\/acomarca\/tribunal-de-execucao-das-penas-do-porto\/\",\"name\":\"Tribunal de Execu\u00e7\u00e3o das Penas - Tribunal Judicial da Comarca de Porto\",\"isPartOf\":{\"@id\":\"https:\/\/comarcas.csm.org.pt\/porto\/#website\"},\"datePublished\":\"2025-04-04T11:10:05+00:00\",\"dateModified\":\"2025-04-04T11:21:55+00:00\",\"breadcrumb\":{\"@id\":\"https:\/\/comarcas.csm.org.pt\/porto\/acomarca\/tribunal-de-execucao-das-penas-do-porto\/#breadcrumb\"},\"inLanguage\":\"pt-PT\",\"potentialAction\":[{\"@type\":\"ReadAction\",\"target\":[\"https:\/\/comarcas.csm.org.pt\/porto\/acomarca\/tribunal-de-execucao-das-penas-do-porto\/\"]}]},{\"@type\":\"BreadcrumbList\",\"@id\":\"https:\/\/comarcas.csm.org.pt\/porto\/acomarca\/tribunal-de-execucao-das-penas-do-porto\/#breadcrumb\",\"itemListElement\":[{\"@type\":\"ListItem\",\"position\":1,\"name\":\"In\u00edcio\",\"item\":\"https:\/\/comarcas.csm.org.pt\/porto\/\"},{\"@type\":\"ListItem\",\"position\":2,\"name\":\"Comarca do Porto\",\"item\":\"https:\/\/comarcas.csm.org.pt\/porto\/acomarca\/\"},{\"@type\":\"ListItem\",\"position\":3,\"name\":\"Tribunal de Execu\u00e7\u00e3o das Penas\"}]},{\"@type\":\"WebSite\",\"@id\":\"https:\/\/comarcas.csm.org.pt\/porto\/#website\",\"url\":\"https:\/\/comarcas.csm.org.pt\/porto\/\",\"name\":\"Tribunal Judicial da Comarca de Porto\",\"description\":\"Tribunal Judicial da Comarca do Porto\",\"publisher\":{\"@id\":\"https:\/\/comarcas.csm.org.pt\/porto\/#organization\"},\"potentialAction\":[{\"@type\":\"SearchAction\",\"target\":{\"@type\":\"EntryPoint\",\"urlTemplate\":\"https:\/\/comarcas.csm.org.pt\/porto\/?s={search_term_string}\"},\"query-input\":{\"@type\":\"PropertyValueSpecification\",\"valueRequired\":true,\"valueName\":\"search_term_string\"}}],\"inLanguage\":\"pt-PT\"},{\"@type\":\"Organization\",\"@id\":\"https:\/\/comarcas.csm.org.pt\/porto\/#organization\",\"name\":\"Tribunal Judicial da Comarca de Porto\",\"url\":\"https:\/\/comarcas.csm.org.pt\/porto\/\",\"logo\":{\"@type\":\"ImageObject\",\"inLanguage\":\"pt-PT\",\"@id\":\"https:\/\/comarcas.csm.org.pt\/porto\/#\/schema\/logo\/image\/\",\"url\":\"https:\/\/comarcas.csm.org.pt\/porto\/wp-content\/uploads\/sites\/22\/2024\/11\/Porto_positivo-horizontal.png\",\"contentUrl\":\"https:\/\/comarcas.csm.org.pt\/porto\/wp-content\/uploads\/sites\/22\/2024\/11\/Porto_positivo-horizontal.png\",\"width\":4811,\"height\":1215,\"caption\":\"Tribunal Judicial da Comarca de Porto\"},\"image\":{\"@id\":\"https:\/\/comarcas.csm.org.pt\/porto\/#\/schema\/logo\/image\/\"}}]}<\/script>\n<!-- \/ Yoast SEO plugin. -->","yoast_head_json":{"title":"Tribunal de Execu\u00e7\u00e3o das Penas - Tribunal Judicial da Comarca de Porto","robots":{"index":"index","follow":"follow","max-snippet":"max-snippet:-1","max-image-preview":"max-image-preview:large","max-video-preview":"max-video-preview:-1"},"canonical":"https:\/\/comarcas.csm.org.pt\/porto\/acomarca\/tribunal-de-execucao-das-penas-do-porto\/","og_locale":"pt_PT","og_type":"article","og_title":"Tribunal de Execu\u00e7\u00e3o das Penas - Tribunal Judicial da Comarca de Porto","og_description":"Tribunal de Execu\u00e7\u00e3o das Penas do Porto Morada:\u00a0Rua Jo\u00e3o das Regras, n.\u00ba 222, 4049-051 Porto Telefone:\u00a0220 949 280 Fax:\u00a0220 949 299 Email:\u00a0porto.tep@tribunais.org.pt \u00a0","og_url":"https:\/\/comarcas.csm.org.pt\/porto\/acomarca\/tribunal-de-execucao-das-penas-do-porto\/","og_site_name":"Tribunal Judicial da Comarca de Porto","article_modified_time":"2025-04-04T11:21:55+00:00","twitter_card":"summary_large_image","twitter_misc":{"Tempo estimado de leitura":"1 minuto"},"schema":{"@context":"https:\/\/schema.org","@graph":[{"@type":"WebPage","@id":"https:\/\/comarcas.csm.org.pt\/porto\/acomarca\/tribunal-de-execucao-das-penas-do-porto\/","url":"https:\/\/comarcas.csm.org.pt\/porto\/acomarca\/tribunal-de-execucao-das-penas-do-porto\/","name":"Tribunal de Execu\u00e7\u00e3o das Penas - Tribunal Judicial da Comarca de Porto","isPartOf":{"@id":"https:\/\/comarcas.csm.org.pt\/porto\/#website"},"datePublished":"2025-04-04T11:10:05+00:00","dateModified":"2025-04-04T11:21:55+00:00","breadcrumb":{"@id":"https:\/\/comarcas.csm.org.pt\/porto\/acomarca\/tribunal-de-execucao-das-penas-do-porto\/#breadcrumb"},"inLanguage":"pt-PT","potentialAction":[{"@type":"ReadAction","target":["https:\/\/comarcas.csm.org.pt\/porto\/acomarca\/tribunal-de-execucao-das-penas-do-porto\/"]}]},{"@type":"BreadcrumbList","@id":"https:\/\/comarcas.csm.org.pt\/porto\/acomarca\/tribunal-de-execucao-das-penas-do-porto\/#breadcrumb","itemListElement":[{"@type":"ListItem","position":1,"name":"In\u00edcio","item":"https:\/\/comarcas.csm.org.pt\/porto\/"},{"@type":"ListItem","position":2,"name":"Comarca do Porto","item":"https:\/\/comarcas.csm.org.pt\/porto\/acomarca\/"},{"@type":"ListItem","position":3,"name":"Tribunal de Execu\u00e7\u00e3o das Penas"}]},{"@type":"WebSite","@id":"https:\/\/comarcas.csm.org.pt\/porto\/#website","url":"https:\/\/comarcas.csm.org.pt\/porto\/","name":"Tribunal Judicial da Comarca de Porto","description":"Tribunal Judicial da Comarca do Porto","publisher":{"@id":"https:\/\/comarcas.csm.org.pt\/porto\/#organization"},"potentialAction":[{"@type":"SearchAction","target":{"@type":"EntryPoint","urlTemplate":"https:\/\/comarcas.csm.org.pt\/porto\/?s={search_term_string}"},"query-input":{"@type":"PropertyValueSpecification","valueRequired":true,"valueName":"search_term_string"}}],"inLanguage":"pt-PT"},{"@type":"Organization","@id":"https:\/\/comarcas.csm.org.pt\/porto\/#organization","name":"Tribunal Judicial da Comarca de Porto","url":"https:\/\/comarcas.csm.org.pt\/porto\/","logo":{"@type":"ImageObject","inLanguage":"pt-PT","@id":"https:\/\/comarcas.csm.org.pt\/porto\/#\/schema\/logo\/image\/","url":"https:\/\/comarcas.csm.org.pt\/porto\/wp-content\/uploads\/sites\/22\/2024\/11\/Porto_positivo-horizontal.png","contentUrl":"https:\/\/comarcas.csm.org.pt\/porto\/wp-content\/uploads\/sites\/22\/2024\/11\/Porto_positivo-horizontal.png","width":4811,"height":1215,"caption":"Tribunal Judicial da Comarca de Porto"},"image":{"@id":"https:\/\/comarcas.csm.org.pt\/porto\/#\/schema\/logo\/image\/"}}]}},"_links":{"self":[{"href":"https:\/\/comarcas.csm.org.pt\/porto\/wp-json\/wp\/v2\/pages\/12537","targetHints":{"allow":["GET"]}}],"collection":[{"href":"https:\/\/comarcas.csm.org.pt\/porto\/wp-json\/wp\/v2\/pages"}],"about":[{"href":"https:\/\/comarcas.csm.org.pt\/porto\/wp-json\/wp\/v2\/types\/page"}],"author":[{"embeddable":true,"href":"https:\/\/comarcas.csm.org.pt\/porto\/wp-json\/wp\/v2\/users\/22"}],"replies":[{"embeddable":true,"href":"https:\/\/comarcas.csm.org.pt\/porto\/wp-json\/wp\/v2\/comments?post=12537"}],"version-history":[{"count":11,"href":"https:\/\/comarcas.csm.org.pt\/porto\/wp-json\/wp\/v2\/pages\/12537\/revisions"}],"predecessor-version":[{"id":12553,"href":"https:\/\/comarcas.csm.org.pt\/porto\/wp-json\/wp\/v2\/pages\/12537\/revisions\/12553"}],"up":[{"embeddable":true,"href":"https:\/\/comarcas.csm.org.pt\/porto\/wp-json\/wp\/v2\/pages\/2242"}],"wp:attachment":[{"href":"https:\/\/comarcas.csm.org.pt\/porto\/wp-json\/wp\/v2\/media?parent=12537"}],"curies":[{"name":"wp","href":"https:\/\/api.w.org\/{rel}","templated":true}]}}