{"id":11798,"date":"2024-09-24T09:15:46","date_gmt":"2024-09-24T09:15:46","guid":{"rendered":"https:\/\/setubal.vvr.pt\/?page_id=11798"},"modified":"2025-06-17T14:32:38","modified_gmt":"2025-06-17T14:32:38","slug":"sines","status":"publish","type":"page","link":"https:\/\/comarcas.csm.org.pt\/setubal\/acomarca\/juizos\/sines\/","title":{"rendered":"Sines"},"content":{"rendered":"\t\t<div data-elementor-type=\"wp-page\" data-elementor-id=\"11798\" class=\"elementor elementor-11798\" data-elementor-post-type=\"page\">\n\t\t\t\t<div class=\"elementor-element elementor-element-8e7b53d e-flex e-con-boxed e-con e-parent\" data-id=\"8e7b53d\" data-element_type=\"container\">\n\t\t\t\t\t<div class=\"e-con-inner\">\n\t\t\t\t<div class=\"elementor-element elementor-element-a498782 elementor-widget elementor-widget-spacer\" data-id=\"a498782\" data-element_type=\"widget\" data-widget_type=\"spacer.default\">\n\t\t\t\t<div class=\"elementor-widget-container\">\n\t\t\t\t\t\t\t<div class=\"elementor-spacer\">\n\t\t\t<div class=\"elementor-spacer-inner\"><\/div>\n\t\t<\/div>\n\t\t\t\t\t\t<\/div>\n\t\t\t\t<\/div>\n\t\t\t\t\t<\/div>\n\t\t\t\t<\/div>\n\t\t<div class=\"elementor-element elementor-element-3c10805 e-flex e-con-boxed e-con e-parent\" data-id=\"3c10805\" data-element_type=\"container\">\n\t\t\t\t\t<div class=\"e-con-inner\">\n\t\t<div class=\"elementor-element elementor-element-5821073 e-con-full e-flex e-con e-child\" data-id=\"5821073\" data-element_type=\"container\">\n\t\t\t\t<div class=\"elementor-element elementor-element-dfe70f7 elementor-widget elementor-widget-n-accordion\" data-id=\"dfe70f7\" data-element_type=\"widget\" data-settings=\"{&quot;default_state&quot;:&quot;expanded&quot;,&quot;max_items_expended&quot;:&quot;one&quot;,&quot;n_accordion_animation_duration&quot;:{&quot;unit&quot;:&quot;ms&quot;,&quot;size&quot;:400,&quot;sizes&quot;:[]}}\" data-widget_type=\"nested-accordion.default\">\n\t\t\t\t<div class=\"elementor-widget-container\">\n\t\t\t\t\t\t\t<div class=\"e-n-accordion\" aria-label=\"Accordion. Open links with Enter or Space, close with Escape, and navigate with Arrow Keys\">\n\t\t\t\t\t\t<details id=\"e-n-accordion-item-2340\" class=\"e-n-accordion-item\" open>\n\t\t\t\t<summary class=\"e-n-accordion-item-title\" data-accordion-index=\"1\" tabindex=\"0\" aria-expanded=\"true\" aria-controls=\"e-n-accordion-item-2340\" >\n\t\t\t\t\t<span class='e-n-accordion-item-title-header'><div class=\"e-n-accordion-item-title-text\"> Ju\u00edzo de Proximidade de Sines <\/div><\/span>\n\t\t\t\t\t\t\t<span class='e-n-accordion-item-title-icon'>\n\t\t\t<span class='e-opened' ><svg aria-hidden=\"true\" class=\"e-font-icon-svg e-fas-minus\" viewBox=\"0 0 448 512\" xmlns=\"http:\/\/www.w3.org\/2000\/svg\"><path d=\"M416 208H32c-17.67 0-32 14.33-32 32v32c0 17.67 14.33 32 32 32h384c17.67 0 32-14.33 32-32v-32c0-17.67-14.33-32-32-32z\"><\/path><\/svg><\/span>\n\t\t\t<span class='e-closed'><svg aria-hidden=\"true\" class=\"e-font-icon-svg e-fas-plus\" viewBox=\"0 0 448 512\" xmlns=\"http:\/\/www.w3.org\/2000\/svg\"><path d=\"M416 208H272V64c0-17.67-14.33-32-32-32h-32c-17.67 0-32 14.33-32 32v144H32c-17.67 0-32 14.33-32 32v32c0 17.67 14.33 32 32 32h144v144c0 17.67 14.33 32 32 32h32c17.67 0 32-14.33 32-32V304h144c17.67 0 32-14.33 32-32v-32c0-17.67-14.33-32-32-32z\"><\/path><\/svg><\/span>\n\t\t<\/span>\n\n\t\t\t\t\t\t<\/summary>\n\t\t\t\t<div role=\"region\" aria-labelledby=\"e-n-accordion-item-2340\" class=\"elementor-element elementor-element-4416398 e-con-full e-flex e-con e-child\" data-id=\"4416398\" data-element_type=\"container\">\n\t\t<div role=\"region\" aria-labelledby=\"e-n-accordion-item-2340\" class=\"elementor-element elementor-element-be35324 e-con-full e-flex e-con e-child\" data-id=\"be35324\" data-element_type=\"container\">\n\t\t<div role=\"region\" aria-labelledby=\"e-n-accordion-item-2340\" class=\"elementor-element elementor-element-b02afdf e-con-full e-flex e-con e-child\" data-id=\"b02afdf\" data-element_type=\"container\">\n\t\t\t\t<div class=\"elementor-element elementor-element-5339cb5 elementor-widget elementor-widget-icon-box\" data-id=\"5339cb5\" data-element_type=\"widget\" data-widget_type=\"icon-box.default\">\n\t\t\t\t<div class=\"elementor-widget-container\">\n\t\t\t\t\t\t\t<div class=\"elementor-icon-box-wrapper\">\n\n\t\t\t\n\t\t\t\t\t\t<div class=\"elementor-icon-box-content\">\n\n\t\t\t\t\t\t\t\t\t<h6 class=\"elementor-icon-box-title\">\n\t\t\t\t\t\t<span  >\n\t\t\t\t\t\t\tMorada:\t\t\t\t\t\t<\/span>\n\t\t\t\t\t<\/h6>\n\t\t\t\t\n\t\t\t\t\t\t\t\t\t<p class=\"elementor-icon-box-description\">\n\t\t\t\t\t\tAlameda da Paz, 57<br>\n7520-110 Sines\t\t\t\t\t<\/p>\n\t\t\t\t\n\t\t\t<\/div>\n\t\t\t\n\t\t<\/div>\n\t\t\t\t\t\t<\/div>\n\t\t\t\t<\/div>\n\t\t\t\t<div class=\"elementor-element elementor-element-ac92349 elementor-widget elementor-widget-icon-box\" data-id=\"ac92349\" data-element_type=\"widget\" data-widget_type=\"icon-box.default\">\n\t\t\t\t<div class=\"elementor-widget-container\">\n\t\t\t\t\t\t\t<div class=\"elementor-icon-box-wrapper\">\n\n\t\t\t\n\t\t\t\t\t\t<div class=\"elementor-icon-box-content\">\n\n\t\t\t\t\t\t\t\t\t<h6 class=\"elementor-icon-box-title\">\n\t\t\t\t\t\t<span  >\n\t\t\t\t\t\t\tContactos:\t\t\t\t\t\t<\/span>\n\t\t\t\t\t<\/h6>\n\t\t\t\t\n\t\t\t\t\t\t\t\t\t<p class=\"elementor-icon-box-description\">\n\t\t\t\t\t\t<b>Telefone:<\/b> 269095100\n<br>\n<b>Fax:<\/b> 269095104\n<br>\n<b>Email:<\/b> sines@tribunais.org.pt\t\t\t\t\t<\/p>\n\t\t\t\t\n\t\t\t<\/div>\n\t\t\t\n\t\t<\/div>\n\t\t\t\t\t\t<\/div>\n\t\t\t\t<\/div>\n\t\t\t\t<\/div>\n\t\t\t\t<\/div>\n\t\t<div role=\"region\" aria-labelledby=\"e-n-accordion-item-2340\" class=\"elementor-element elementor-element-2089745 e-con-full e-flex e-con e-child\" data-id=\"2089745\" data-element_type=\"container\">\n\t\t<div role=\"region\" aria-labelledby=\"e-n-accordion-item-2340\" class=\"elementor-element elementor-element-693d5da e-con-full e-flex e-con e-child\" data-id=\"693d5da\" data-element_type=\"container\">\n\t\t\t\t<div class=\"elementor-element elementor-element-6838c84 elementor-widget elementor-widget-google_maps\" data-id=\"6838c84\" data-element_type=\"widget\" data-widget_type=\"google_maps.default\">\n\t\t\t\t<div class=\"elementor-widget-container\">\n\t\t\t\t\t\t\t<div class=\"elementor-custom-embed\">\n\t\t\t<iframe loading=\"lazy\"\n\t\t\t\t\tsrc=\"https:\/\/www.google.com\/maps\/embed\/v1\/place?key=AIzaSyDhSoLeftGxfg7Tvco7SEUCY-Cc_XLDY3c&#038;q=Alameda%20da%20Paz%2C%2057%20-%207520-110%20Sines&#038;zoom=15\"\n\t\t\t\t\ttitle=\"Alameda da Paz, 57 - 7520-110 Sines\"\n\t\t\t\t\taria-label=\"Alameda da Paz, 57 - 7520-110 Sines\"\n\t\t\t><\/iframe>\n\t\t<\/div>\n\t\t\t\t\t\t<\/div>\n\t\t\t\t<\/div>\n\t\t\t\t<\/div>\n\t\t\t\t<\/div>\n\t\t\t\t<\/div>\n\t\t\t\t\t<\/details>\n\t\t\t\t\t\t<details id=\"e-n-accordion-item-2341\" class=\"e-n-accordion-item\" >\n\t\t\t\t<summary class=\"e-n-accordion-item-title\" data-accordion-index=\"2\" tabindex=\"-1\" aria-expanded=\"false\" aria-controls=\"e-n-accordion-item-2341\" >\n\t\t\t\t\t<span class='e-n-accordion-item-title-header'><div class=\"e-n-accordion-item-title-text\"> Ju\u00edzo do Trabalho de Sines <\/div><\/span>\n\t\t\t\t\t\t\t<span class='e-n-accordion-item-title-icon'>\n\t\t\t<span class='e-opened' ><svg aria-hidden=\"true\" class=\"e-font-icon-svg e-fas-minus\" viewBox=\"0 0 448 512\" xmlns=\"http:\/\/www.w3.org\/2000\/svg\"><path d=\"M416 208H32c-17.67 0-32 14.33-32 32v32c0 17.67 14.33 32 32 32h384c17.67 0 32-14.33 32-32v-32c0-17.67-14.33-32-32-32z\"><\/path><\/svg><\/span>\n\t\t\t<span class='e-closed'><svg aria-hidden=\"true\" class=\"e-font-icon-svg e-fas-plus\" viewBox=\"0 0 448 512\" xmlns=\"http:\/\/www.w3.org\/2000\/svg\"><path d=\"M416 208H272V64c0-17.67-14.33-32-32-32h-32c-17.67 0-32 14.33-32 32v144H32c-17.67 0-32 14.33-32 32v32c0 17.67 14.33 32 32 32h144v144c0 17.67 14.33 32 32 32h32c17.67 0 32-14.33 32-32V304h144c17.67 0 32-14.33 32-32v-32c0-17.67-14.33-32-32-32z\"><\/path><\/svg><\/span>\n\t\t<\/span>\n\n\t\t\t\t\t\t<\/summary>\n\t\t\t\t<div role=\"region\" aria-labelledby=\"e-n-accordion-item-2341\" class=\"elementor-element elementor-element-5751eaa e-con-full e-flex e-con e-child\" data-id=\"5751eaa\" data-element_type=\"container\">\n\t\t<div role=\"region\" aria-labelledby=\"e-n-accordion-item-2341\" class=\"elementor-element elementor-element-b810a90 e-con-full e-flex e-con e-child\" data-id=\"b810a90\" data-element_type=\"container\">\n\t\t<div role=\"region\" aria-labelledby=\"e-n-accordion-item-2341\" class=\"elementor-element elementor-element-0b64354 e-con-full e-flex e-con e-child\" data-id=\"0b64354\" data-element_type=\"container\">\n\t\t\t\t<div class=\"elementor-element elementor-element-3fa828d elementor-widget elementor-widget-icon-box\" data-id=\"3fa828d\" data-element_type=\"widget\" data-widget_type=\"icon-box.default\">\n\t\t\t\t<div class=\"elementor-widget-container\">\n\t\t\t\t\t\t\t<div class=\"elementor-icon-box-wrapper\">\n\n\t\t\t\n\t\t\t\t\t\t<div class=\"elementor-icon-box-content\">\n\n\t\t\t\t\t\t\t\t\t<h6 class=\"elementor-icon-box-title\">\n\t\t\t\t\t\t<span  >\n\t\t\t\t\t\t\tCompet\u00eancia Territorial:\t\t\t\t\t\t<\/span>\n\t\t\t\t\t<\/h6>\n\t\t\t\t\n\t\t\t\t\t\t\t\t\t<p class=\"elementor-icon-box-description\">\n\t\t\t\t\t\tMunic\u00edpios de Sines, Alc\u00e1cer do Sal, Gr\u00e2ndola e Santiago do Cac\u00e9m\t\t\t\t\t<\/p>\n\t\t\t\t\n\t\t\t<\/div>\n\t\t\t\n\t\t<\/div>\n\t\t\t\t\t\t<\/div>\n\t\t\t\t<\/div>\n\t\t\t\t<div class=\"elementor-element elementor-element-6c3012b elementor-widget elementor-widget-icon-box\" data-id=\"6c3012b\" data-element_type=\"widget\" data-widget_type=\"icon-box.default\">\n\t\t\t\t<div class=\"elementor-widget-container\">\n\t\t\t\t\t\t\t<div class=\"elementor-icon-box-wrapper\">\n\n\t\t\t\n\t\t\t\t\t\t<div class=\"elementor-icon-box-content\">\n\n\t\t\t\t\t\t\t\t\t<h6 class=\"elementor-icon-box-title\">\n\t\t\t\t\t\t<span  >\n\t\t\t\t\t\t\tMorada:\t\t\t\t\t\t<\/span>\n\t\t\t\t\t<\/h6>\n\t\t\t\t\n\t\t\t\t\t\t\t\t\t<p class=\"elementor-icon-box-description\">\n\t\t\t\t\t\tAlameda da Paz, 57<br>\n7520-110 Sines\t\t\t\t\t<\/p>\n\t\t\t\t\n\t\t\t<\/div>\n\t\t\t\n\t\t<\/div>\n\t\t\t\t\t\t<\/div>\n\t\t\t\t<\/div>\n\t\t\t\t<div class=\"elementor-element elementor-element-4a0b263 elementor-widget elementor-widget-icon-box\" data-id=\"4a0b263\" data-element_type=\"widget\" data-widget_type=\"icon-box.default\">\n\t\t\t\t<div class=\"elementor-widget-container\">\n\t\t\t\t\t\t\t<div class=\"elementor-icon-box-wrapper\">\n\n\t\t\t\n\t\t\t\t\t\t<div class=\"elementor-icon-box-content\">\n\n\t\t\t\t\t\t\t\t\t<h6 class=\"elementor-icon-box-title\">\n\t\t\t\t\t\t<span  >\n\t\t\t\t\t\t\tContactos:\t\t\t\t\t\t<\/span>\n\t\t\t\t\t<\/h6>\n\t\t\t\t\n\t\t\t\t\t\t\t\t\t<p class=\"elementor-icon-box-description\">\n\t\t\t\t\t\t<b>Telefone:<\/b> 269095100\n<br>\n<b>Fax:<\/b> 269095104\n<br>\n<b>Email:<\/b> sines@tribunais.org.pt\t\t\t\t\t<\/p>\n\t\t\t\t\n\t\t\t<\/div>\n\t\t\t\n\t\t<\/div>\n\t\t\t\t\t\t<\/div>\n\t\t\t\t<\/div>\n\t\t\t\t<\/div>\n\t\t\t\t<\/div>\n\t\t<div role=\"region\" aria-labelledby=\"e-n-accordion-item-2341\" class=\"elementor-element elementor-element-d224557 e-con-full e-flex e-con e-child\" data-id=\"d224557\" data-element_type=\"container\">\n\t\t<div role=\"region\" aria-labelledby=\"e-n-accordion-item-2341\" class=\"elementor-element elementor-element-2ad7726 e-con-full e-flex e-con e-child\" data-id=\"2ad7726\" data-element_type=\"container\">\n\t\t\t\t<div class=\"elementor-element elementor-element-2723b9b elementor-widget elementor-widget-google_maps\" data-id=\"2723b9b\" data-element_type=\"widget\" data-widget_type=\"google_maps.default\">\n\t\t\t\t<div class=\"elementor-widget-container\">\n\t\t\t\t\t\t\t<div class=\"elementor-custom-embed\">\n\t\t\t<iframe loading=\"lazy\"\n\t\t\t\t\tsrc=\"https:\/\/www.google.com\/maps\/embed\/v1\/place?key=AIzaSyDhSoLeftGxfg7Tvco7SEUCY-Cc_XLDY3c&#038;q=Alameda%20da%20Paz%2C%2057%20-%207520-110%20Sines&#038;zoom=15\"\n\t\t\t\t\ttitle=\"Alameda da Paz, 57 - 7520-110 Sines\"\n\t\t\t\t\taria-label=\"Alameda da Paz, 57 - 7520-110 Sines\"\n\t\t\t><\/iframe>\n\t\t<\/div>\n\t\t\t\t\t\t<\/div>\n\t\t\t\t<\/div>\n\t\t\t\t<\/div>\n\t\t\t\t<\/div>\n\t\t\t\t<\/div>\n\t\t\t\t\t<\/details>\n\t\t\t\t\t<\/div>\n\t\t\t\t\t\t<\/div>\n\t\t\t\t<\/div>\n\t\t\t\t<\/div>\n\t\t\t\t\t<\/div>\n\t\t\t\t<\/div>\n\t\t\t\t<\/div>\n\t\t","protected":false},"excerpt":{"rendered":"<p>Ju\u00edzo de Proximidade de Sines Morada: Alameda da Paz, 57 7520-110 Sines Contactos: Telefone: 269095100 Fax: 269095104 Email: sines@tribunais.org.pt Ju\u00edzo do Trabalho de Sines Compet\u00eancia Territorial: Munic\u00edpios de Sines, Alc\u00e1cer do Sal, Gr\u00e2ndola e Santiago do Cac\u00e9m Morada: Alameda da Paz, 57 7520-110 Sines Contactos: Telefone: 269095100 Fax: 269095104 Email: sines@tribunais.org.pt Morada: Alameda da Paz,&#8230;<\/p>\n","protected":false},"author":1,"featured_media":0,"parent":11069,"menu_order":0,"comment_status":"closed","ping_status":"closed","template":"","meta":{"_tbt_post_transparent":"","_tbt_post_title":"","_tbt_post_layout":"default","_tbt_post_sidebar_id":"","_tbt_post_content_style":"","_tbt_post_vertical_padding":"","_tbt_post_feature":"","_tbt_post_feature_position":"","_tbt_post_header":false,"_tbt_post_footer":false},"class_list":["post-11798","page","type-page","status-publish","hentry"],"yoast_head":"<!-- This site is optimized with the Yoast SEO plugin v25.6 - https:\/\/yoast.com\/wordpress\/plugins\/seo\/ -->\n<title>Sines - Tribunal Judicial da Comarca de Set\u00fabal<\/title>\n<meta name=\"robots\" content=\"index, follow, max-snippet:-1, max-image-preview:large, max-video-preview:-1\" \/>\n<link rel=\"canonical\" href=\"https:\/\/comarcas.csm.org.pt\/setubal\/acomarca\/juizos\/sines\/\" \/>\n<meta property=\"og:locale\" content=\"pt_PT\" \/>\n<meta property=\"og:type\" content=\"article\" \/>\n<meta property=\"og:title\" content=\"Sines - Tribunal Judicial da Comarca de Set\u00fabal\" \/>\n<meta property=\"og:description\" content=\"Ju\u00edzo de Proximidade de Sines Morada: Alameda da Paz, 57 7520-110 Sines Contactos: Telefone: 269095100 Fax: 269095104 Email: sines@tribunais.org.pt Ju\u00edzo do Trabalho de Sines Compet\u00eancia Territorial: Munic\u00edpios de Sines, Alc\u00e1cer do Sal, Gr\u00e2ndola e Santiago do Cac\u00e9m Morada: Alameda da Paz, 57 7520-110 Sines Contactos: Telefone: 269095100 Fax: 269095104 Email: sines@tribunais.org.pt Morada: Alameda da Paz,...\" \/>\n<meta property=\"og:url\" content=\"https:\/\/comarcas.csm.org.pt\/setubal\/acomarca\/juizos\/sines\/\" \/>\n<meta property=\"og:site_name\" content=\"Tribunal Judicial da Comarca de Set\u00fabal\" \/>\n<meta property=\"article:modified_time\" content=\"2025-06-17T14:32:38+00:00\" \/>\n<meta name=\"twitter:card\" content=\"summary_large_image\" \/>\n<meta name=\"twitter:label1\" content=\"Tempo estimado de leitura\" \/>\n\t<meta name=\"twitter:data1\" content=\"1 minuto\" \/>\n<script type=\"application\/ld+json\" class=\"yoast-schema-graph\">{\"@context\":\"https:\/\/schema.org\",\"@graph\":[{\"@type\":\"WebPage\",\"@id\":\"https:\/\/comarcas.csm.org.pt\/setubal\/acomarca\/juizos\/sines\/\",\"url\":\"https:\/\/comarcas.csm.org.pt\/setubal\/acomarca\/juizos\/sines\/\",\"name\":\"Sines - Tribunal Judicial da Comarca de Set\u00fabal\",\"isPartOf\":{\"@id\":\"https:\/\/comarcas.csm.org.pt\/setubal\/#website\"},\"datePublished\":\"2024-09-24T09:15:46+00:00\",\"dateModified\":\"2025-06-17T14:32:38+00:00\",\"breadcrumb\":{\"@id\":\"https:\/\/comarcas.csm.org.pt\/setubal\/acomarca\/juizos\/sines\/#breadcrumb\"},\"inLanguage\":\"pt-PT\",\"potentialAction\":[{\"@type\":\"ReadAction\",\"target\":[\"https:\/\/comarcas.csm.org.pt\/setubal\/acomarca\/juizos\/sines\/\"]}]},{\"@type\":\"BreadcrumbList\",\"@id\":\"https:\/\/comarcas.csm.org.pt\/setubal\/acomarca\/juizos\/sines\/#breadcrumb\",\"itemListElement\":[{\"@type\":\"ListItem\",\"position\":1,\"name\":\"In\u00edcio\",\"item\":\"https:\/\/comarcas.csm.org.pt\/setubal\/\"},{\"@type\":\"ListItem\",\"position\":2,\"name\":\"A Comarca\",\"item\":\"https:\/\/comarcas.csm.org.pt\/setubal\/acomarca\/\"},{\"@type\":\"ListItem\",\"position\":3,\"name\":\"N\u00facleos\/Ju\u00edzos\",\"item\":\"https:\/\/comarcas.csm.org.pt\/setubal\/acomarca\/juizos\/\"},{\"@type\":\"ListItem\",\"position\":4,\"name\":\"Sines\"}]},{\"@type\":\"WebSite\",\"@id\":\"https:\/\/comarcas.csm.org.pt\/setubal\/#website\",\"url\":\"https:\/\/comarcas.csm.org.pt\/setubal\/\",\"name\":\"Tribunal Judicial da Comarca de Set\u00fabal\",\"description\":\"Tribunal Judicial da Comarca de Set\u00fabal\",\"publisher\":{\"@id\":\"https:\/\/comarcas.csm.org.pt\/setubal\/#organization\"},\"potentialAction\":[{\"@type\":\"SearchAction\",\"target\":{\"@type\":\"EntryPoint\",\"urlTemplate\":\"https:\/\/comarcas.csm.org.pt\/setubal\/?s={search_term_string}\"},\"query-input\":{\"@type\":\"PropertyValueSpecification\",\"valueRequired\":true,\"valueName\":\"search_term_string\"}}],\"inLanguage\":\"pt-PT\"},{\"@type\":\"Organization\",\"@id\":\"https:\/\/comarcas.csm.org.pt\/setubal\/#organization\",\"name\":\"Tribunal Judicial da Comarca de Set\u00fabal\",\"url\":\"https:\/\/comarcas.csm.org.pt\/setubal\/\",\"logo\":{\"@type\":\"ImageObject\",\"inLanguage\":\"pt-PT\",\"@id\":\"https:\/\/comarcas.csm.org.pt\/setubal\/#\/schema\/logo\/image\/\",\"url\":\"https:\/\/comarcas.csm.org.pt\/setubal\/wp-content\/uploads\/sites\/7\/2024\/09\/cropped-Logotipo-Comarca-Setubal-Horizontal.png\",\"contentUrl\":\"https:\/\/comarcas.csm.org.pt\/setubal\/wp-content\/uploads\/sites\/7\/2024\/09\/cropped-Logotipo-Comarca-Setubal-Horizontal.png\",\"width\":4434,\"height\":1102,\"caption\":\"Tribunal Judicial da Comarca de Set\u00fabal\"},\"image\":{\"@id\":\"https:\/\/comarcas.csm.org.pt\/setubal\/#\/schema\/logo\/image\/\"}}]}<\/script>\n<!-- \/ Yoast SEO plugin. -->","yoast_head_json":{"title":"Sines - Tribunal Judicial da Comarca de Set\u00fabal","robots":{"index":"index","follow":"follow","max-snippet":"max-snippet:-1","max-image-preview":"max-image-preview:large","max-video-preview":"max-video-preview:-1"},"canonical":"https:\/\/comarcas.csm.org.pt\/setubal\/acomarca\/juizos\/sines\/","og_locale":"pt_PT","og_type":"article","og_title":"Sines - Tribunal Judicial da Comarca de Set\u00fabal","og_description":"Ju\u00edzo de Proximidade de Sines Morada: Alameda da Paz, 57 7520-110 Sines Contactos: Telefone: 269095100 Fax: 269095104 Email: sines@tribunais.org.pt Ju\u00edzo do Trabalho de Sines Compet\u00eancia Territorial: Munic\u00edpios de Sines, Alc\u00e1cer do Sal, Gr\u00e2ndola e Santiago do Cac\u00e9m Morada: Alameda da Paz, 57 7520-110 Sines Contactos: Telefone: 269095100 Fax: 269095104 Email: sines@tribunais.org.pt Morada: Alameda da Paz,...","og_url":"https:\/\/comarcas.csm.org.pt\/setubal\/acomarca\/juizos\/sines\/","og_site_name":"Tribunal Judicial da Comarca de Set\u00fabal","article_modified_time":"2025-06-17T14:32:38+00:00","twitter_card":"summary_large_image","twitter_misc":{"Tempo estimado de leitura":"1 minuto"},"schema":{"@context":"https:\/\/schema.org","@graph":[{"@type":"WebPage","@id":"https:\/\/comarcas.csm.org.pt\/setubal\/acomarca\/juizos\/sines\/","url":"https:\/\/comarcas.csm.org.pt\/setubal\/acomarca\/juizos\/sines\/","name":"Sines - Tribunal Judicial da Comarca de Set\u00fabal","isPartOf":{"@id":"https:\/\/comarcas.csm.org.pt\/setubal\/#website"},"datePublished":"2024-09-24T09:15:46+00:00","dateModified":"2025-06-17T14:32:38+00:00","breadcrumb":{"@id":"https:\/\/comarcas.csm.org.pt\/setubal\/acomarca\/juizos\/sines\/#breadcrumb"},"inLanguage":"pt-PT","potentialAction":[{"@type":"ReadAction","target":["https:\/\/comarcas.csm.org.pt\/setubal\/acomarca\/juizos\/sines\/"]}]},{"@type":"BreadcrumbList","@id":"https:\/\/comarcas.csm.org.pt\/setubal\/acomarca\/juizos\/sines\/#breadcrumb","itemListElement":[{"@type":"ListItem","position":1,"name":"In\u00edcio","item":"https:\/\/comarcas.csm.org.pt\/setubal\/"},{"@type":"ListItem","position":2,"name":"A Comarca","item":"https:\/\/comarcas.csm.org.pt\/setubal\/acomarca\/"},{"@type":"ListItem","position":3,"name":"N\u00facleos\/Ju\u00edzos","item":"https:\/\/comarcas.csm.org.pt\/setubal\/acomarca\/juizos\/"},{"@type":"ListItem","position":4,"name":"Sines"}]},{"@type":"WebSite","@id":"https:\/\/comarcas.csm.org.pt\/setubal\/#website","url":"https:\/\/comarcas.csm.org.pt\/setubal\/","name":"Tribunal Judicial da Comarca de Set\u00fabal","description":"Tribunal Judicial da Comarca de Set\u00fabal","publisher":{"@id":"https:\/\/comarcas.csm.org.pt\/setubal\/#organization"},"potentialAction":[{"@type":"SearchAction","target":{"@type":"EntryPoint","urlTemplate":"https:\/\/comarcas.csm.org.pt\/setubal\/?s={search_term_string}"},"query-input":{"@type":"PropertyValueSpecification","valueRequired":true,"valueName":"search_term_string"}}],"inLanguage":"pt-PT"},{"@type":"Organization","@id":"https:\/\/comarcas.csm.org.pt\/setubal\/#organization","name":"Tribunal Judicial da Comarca de Set\u00fabal","url":"https:\/\/comarcas.csm.org.pt\/setubal\/","logo":{"@type":"ImageObject","inLanguage":"pt-PT","@id":"https:\/\/comarcas.csm.org.pt\/setubal\/#\/schema\/logo\/image\/","url":"https:\/\/comarcas.csm.org.pt\/setubal\/wp-content\/uploads\/sites\/7\/2024\/09\/cropped-Logotipo-Comarca-Setubal-Horizontal.png","contentUrl":"https:\/\/comarcas.csm.org.pt\/setubal\/wp-content\/uploads\/sites\/7\/2024\/09\/cropped-Logotipo-Comarca-Setubal-Horizontal.png","width":4434,"height":1102,"caption":"Tribunal Judicial da Comarca de Set\u00fabal"},"image":{"@id":"https:\/\/comarcas.csm.org.pt\/setubal\/#\/schema\/logo\/image\/"}}]}},"_links":{"self":[{"href":"https:\/\/comarcas.csm.org.pt\/setubal\/wp-json\/wp\/v2\/pages\/11798","targetHints":{"allow":["GET"]}}],"collection":[{"href":"https:\/\/comarcas.csm.org.pt\/setubal\/wp-json\/wp\/v2\/pages"}],"about":[{"href":"https:\/\/comarcas.csm.org.pt\/setubal\/wp-json\/wp\/v2\/types\/page"}],"author":[{"embeddable":true,"href":"https:\/\/comarcas.csm.org.pt\/setubal\/wp-json\/wp\/v2\/users\/1"}],"replies":[{"embeddable":true,"href":"https:\/\/comarcas.csm.org.pt\/setubal\/wp-json\/wp\/v2\/comments?post=11798"}],"version-history":[{"count":9,"href":"https:\/\/comarcas.csm.org.pt\/setubal\/wp-json\/wp\/v2\/pages\/11798\/revisions"}],"predecessor-version":[{"id":12585,"href":"https:\/\/comarcas.csm.org.pt\/setubal\/wp-json\/wp\/v2\/pages\/11798\/revisions\/12585"}],"up":[{"embeddable":true,"href":"https:\/\/comarcas.csm.org.pt\/setubal\/wp-json\/wp\/v2\/pages\/11069"}],"wp:attachment":[{"href":"https:\/\/comarcas.csm.org.pt\/setubal\/wp-json\/wp\/v2\/media?parent=11798"}],"curies":[{"name":"wp","href":"https:\/\/api.w.org\/{rel}","templated":true}]}}