{"id":11467,"date":"2024-06-30T21:19:48","date_gmt":"2024-06-30T21:19:48","guid":{"rendered":"https:\/\/aveiro.vvr.pt\/?page_id=11467"},"modified":"2025-10-21T14:48:44","modified_gmt":"2025-10-21T14:48:44","slug":"mensagem-do-presidente","status":"publish","type":"page","link":"https:\/\/comarcas.csm.org.pt\/viseu\/acomarca\/mensagem-do-presidente\/","title":{"rendered":"Mensagem da presidente"},"content":{"rendered":"\t\t<div data-elementor-type=\"wp-page\" data-elementor-id=\"11467\" class=\"elementor elementor-11467\" data-elementor-post-type=\"page\">\n\t\t\t\t<div class=\"elementor-element elementor-element-f0b8c02 e-flex e-con-boxed e-con e-parent\" data-id=\"f0b8c02\" data-element_type=\"container\">\n\t\t\t\t\t<div class=\"e-con-inner\">\n\t\t<div class=\"elementor-element elementor-element-fd6e0dc e-con-full e-flex e-con e-child\" data-id=\"fd6e0dc\" data-element_type=\"container\">\n\t\t\t\t<div class=\"elementor-element elementor-element-9ea1d40 elementor-widget elementor-widget-heading\" data-id=\"9ea1d40\" data-element_type=\"widget\" data-widget_type=\"heading.default\">\n\t\t\t\t<div class=\"elementor-widget-container\">\n\t\t\t\t\t<h2 class=\"elementor-heading-title elementor-size-default\">\nMensagem da Juiz Presidente do Tribunal Judicial da Comarca de Viseu<\/h2>\t\t\t\t<\/div>\n\t\t\t\t<\/div>\n\t\t\t\t<div class=\"elementor-element elementor-element-495703b elementor-widget elementor-widget-text-editor\" data-id=\"495703b\" data-element_type=\"widget\" data-widget_type=\"text-editor.default\">\n\t\t\t\t<div class=\"elementor-widget-container\">\n\t\t\t\t\t\t\t\t\t<h5>\u00a0\u00a0<\/h5><h5>\u00a0 \u00a0 \u00a0 \u00a0Seja bem-vindo(a) \u00e0 p\u00e1gina institucional do Tribunal Judicial da Comarca de Viseu.<\/h5><h5>\u00a0 \u00a0 \u00a0 Os Tribunais, nos termos da Constitui\u00e7\u00e3o da Rep\u00fablica Portuguesa, s\u00e3o \u00f3rg\u00e3os de soberania, com compet\u00eancia para administrar a justi\u00e7a em nome do povo, incumbindo-lhe assegurar a defesa dos direitos e interesses legalmente protegidos dos cidad\u00e3os, reprimir a viola\u00e7\u00e3o da legalidade democr\u00e1tica e dirimir os conflitos de interesses p\u00fablicos e privados.<\/h5><h5>\u00a0 \u00a0 \u00a0 O Tribunal Judicial da Comarca de Viseu, cuja \u00e1rea de compet\u00eancia corresponde ao distrito de Viseu, tem sede no Pal\u00e1cio da Justi\u00e7a de Viseu. Abrange 24 Munic\u00edpios, distribu\u00eddos por 12 n\u00facleos, com 9 Ju\u00edzos Centrais (especializados), 4 Ju\u00edzos Locais Especializados, 10 Ju\u00edzos de Compet\u00eancia Gen\u00e9rica e 5 Ju\u00edzos de Proximidade.<\/h5><h5>\u00a0 \u00a0 \u00a0 O prop\u00f3sito desta p\u00e1gina \u00e9 de promover a transpar\u00eancia, aproximando o tribunal das pessoas e prestando-lhe informa\u00e7\u00f5es sobre a organiza\u00e7\u00e3o do Tribunal.<\/h5><h5>\u00a0 \u00a0 \u00a0 Nas principais \u00e1reas da p\u00e1gina \u00e9 apresentada a Comarca de Viseu, com indica\u00e7\u00e3o dos v\u00e1rios Ju\u00edzos que a comp\u00f5em e os contatos dos respetivos servi\u00e7os. Publicitam-se ainda os principais instrumentos de gest\u00e3o, dados estat\u00edsticos, a jurisprud\u00eancia mais relevante da Comarca e outras informa\u00e7\u00f5es \u00fateis sobre o funcionamento do Tribunal.<\/h5><h5>\u00a0 \u00a0 \u00a0 Espera-se, desta forma, contribuir para um refor\u00e7o da confian\u00e7a na justi\u00e7a, com melhor comunica\u00e7\u00e3o da atividade do Tribunal, com transpar\u00eancia e maior proximidade aos cidad\u00e3os.<\/h5><h5 style=\"text-align: left\">\u00a0 \u00a0 \u00a0 A Juiz Presidente do Tribunal Judicial da Comarca de Viseu<br \/>\u00a0 \u00a0 \u00a0 Isabel Em\u00eddio<\/h5>\t\t\t\t\t\t\t\t<\/div>\n\t\t\t\t<\/div>\n\t\t\t\t<\/div>\n\t\t\t\t\t<\/div>\n\t\t\t\t<\/div>\n\t\t\t\t<\/div>\n\t\t","protected":false},"excerpt":{"rendered":"<p>Mensagem da Juiz Presidente do Tribunal Judicial da Comarca de Viseu \u00a0\u00a0 \u00a0 \u00a0 \u00a0 \u00a0Seja bem-vindo(a) \u00e0 p\u00e1gina institucional do Tribunal Judicial da Comarca de Viseu. \u00a0 \u00a0 \u00a0 Os Tribunais, nos termos da Constitui\u00e7\u00e3o da Rep\u00fablica Portuguesa, s\u00e3o \u00f3rg\u00e3os de soberania, com compet\u00eancia para administrar a justi\u00e7a em nome do povo, incumbindo-lhe assegurar&#8230;<\/p>\n","protected":false},"author":1,"featured_media":0,"parent":2242,"menu_order":0,"comment_status":"closed","ping_status":"closed","template":"","meta":{"_tbt_post_transparent":"","_tbt_post_title":"","_tbt_post_layout":"default","_tbt_post_sidebar_id":"","_tbt_post_content_style":"","_tbt_post_vertical_padding":"","_tbt_post_feature":"","_tbt_post_feature_position":"","_tbt_post_header":false,"_tbt_post_footer":false},"class_list":["post-11467","page","type-page","status-publish","hentry"],"yoast_head":"<!-- This site is optimized with the Yoast SEO plugin v25.6 - https:\/\/yoast.com\/wordpress\/plugins\/seo\/ -->\n<title>Mensagem da presidente - Tribunal Judicial da Comarca de Viseu<\/title>\n<meta name=\"robots\" content=\"index, follow, max-snippet:-1, max-image-preview:large, max-video-preview:-1\" \/>\n<link rel=\"canonical\" href=\"https:\/\/comarcas.csm.org.pt\/viseu\/acomarca\/mensagem-do-presidente\/\" \/>\n<meta property=\"og:locale\" content=\"pt_PT\" \/>\n<meta property=\"og:type\" content=\"article\" \/>\n<meta property=\"og:title\" content=\"Mensagem da presidente - Tribunal Judicial da Comarca de Viseu\" \/>\n<meta property=\"og:description\" content=\"Mensagem da Juiz Presidente do Tribunal Judicial da Comarca de Viseu \u00a0\u00a0 \u00a0 \u00a0 \u00a0 \u00a0Seja bem-vindo(a) \u00e0 p\u00e1gina institucional do Tribunal Judicial da Comarca de Viseu. \u00a0 \u00a0 \u00a0 Os Tribunais, nos termos da Constitui\u00e7\u00e3o da Rep\u00fablica Portuguesa, s\u00e3o \u00f3rg\u00e3os de soberania, com compet\u00eancia para administrar a justi\u00e7a em nome do povo, incumbindo-lhe assegurar...\" \/>\n<meta property=\"og:url\" content=\"https:\/\/comarcas.csm.org.pt\/viseu\/acomarca\/mensagem-do-presidente\/\" \/>\n<meta property=\"og:site_name\" content=\"Tribunal Judicial da Comarca de Viseu\" \/>\n<meta property=\"article:modified_time\" content=\"2025-10-21T14:48:44+00:00\" \/>\n<meta name=\"twitter:card\" content=\"summary_large_image\" \/>\n<meta name=\"twitter:label1\" content=\"Tempo estimado de leitura\" \/>\n\t<meta name=\"twitter:data1\" content=\"2 minutos\" \/>\n<script type=\"application\/ld+json\" class=\"yoast-schema-graph\">{\"@context\":\"https:\/\/schema.org\",\"@graph\":[{\"@type\":\"WebPage\",\"@id\":\"https:\/\/comarcas.csm.org.pt\/viseu\/acomarca\/mensagem-do-presidente\/\",\"url\":\"https:\/\/comarcas.csm.org.pt\/viseu\/acomarca\/mensagem-do-presidente\/\",\"name\":\"Mensagem da presidente - Tribunal Judicial da Comarca de Viseu\",\"isPartOf\":{\"@id\":\"https:\/\/comarcas.csm.org.pt\/viseu\/#website\"},\"datePublished\":\"2024-06-30T21:19:48+00:00\",\"dateModified\":\"2025-10-21T14:48:44+00:00\",\"breadcrumb\":{\"@id\":\"https:\/\/comarcas.csm.org.pt\/viseu\/acomarca\/mensagem-do-presidente\/#breadcrumb\"},\"inLanguage\":\"pt-PT\",\"potentialAction\":[{\"@type\":\"ReadAction\",\"target\":[\"https:\/\/comarcas.csm.org.pt\/viseu\/acomarca\/mensagem-do-presidente\/\"]}]},{\"@type\":\"BreadcrumbList\",\"@id\":\"https:\/\/comarcas.csm.org.pt\/viseu\/acomarca\/mensagem-do-presidente\/#breadcrumb\",\"itemListElement\":[{\"@type\":\"ListItem\",\"position\":1,\"name\":\"In\u00edcio\",\"item\":\"https:\/\/comarcas.csm.org.pt\/viseu\/\"},{\"@type\":\"ListItem\",\"position\":2,\"name\":\"A Comarca\",\"item\":\"https:\/\/comarcas.csm.org.pt\/viseu\/acomarca\/\"},{\"@type\":\"ListItem\",\"position\":3,\"name\":\"Mensagem da presidente\"}]},{\"@type\":\"WebSite\",\"@id\":\"https:\/\/comarcas.csm.org.pt\/viseu\/#website\",\"url\":\"https:\/\/comarcas.csm.org.pt\/viseu\/\",\"name\":\"Tribunal Judicial da Comarca de Viseu\",\"description\":\"Tribunal Judicial da Comarca de Aveiro\",\"publisher\":{\"@id\":\"https:\/\/comarcas.csm.org.pt\/viseu\/#organization\"},\"potentialAction\":[{\"@type\":\"SearchAction\",\"target\":{\"@type\":\"EntryPoint\",\"urlTemplate\":\"https:\/\/comarcas.csm.org.pt\/viseu\/?s={search_term_string}\"},\"query-input\":{\"@type\":\"PropertyValueSpecification\",\"valueRequired\":true,\"valueName\":\"search_term_string\"}}],\"inLanguage\":\"pt-PT\"},{\"@type\":\"Organization\",\"@id\":\"https:\/\/comarcas.csm.org.pt\/viseu\/#organization\",\"name\":\"Tribunal Judicial da Comarca de Viseu\",\"url\":\"https:\/\/comarcas.csm.org.pt\/viseu\/\",\"logo\":{\"@type\":\"ImageObject\",\"inLanguage\":\"pt-PT\",\"@id\":\"https:\/\/comarcas.csm.org.pt\/viseu\/#\/schema\/logo\/image\/\",\"url\":\"https:\/\/comarcas.csm.org.pt\/viseu\/wp-content\/uploads\/sites\/27\/2024\/11\/Viseu_positivo-horizontal.png\",\"contentUrl\":\"https:\/\/comarcas.csm.org.pt\/viseu\/wp-content\/uploads\/sites\/27\/2024\/11\/Viseu_positivo-horizontal.png\",\"width\":4331,\"height\":999,\"caption\":\"Tribunal Judicial da Comarca de Viseu\"},\"image\":{\"@id\":\"https:\/\/comarcas.csm.org.pt\/viseu\/#\/schema\/logo\/image\/\"}}]}<\/script>\n<!-- \/ Yoast SEO plugin. -->","yoast_head_json":{"title":"Mensagem da presidente - Tribunal Judicial da Comarca de Viseu","robots":{"index":"index","follow":"follow","max-snippet":"max-snippet:-1","max-image-preview":"max-image-preview:large","max-video-preview":"max-video-preview:-1"},"canonical":"https:\/\/comarcas.csm.org.pt\/viseu\/acomarca\/mensagem-do-presidente\/","og_locale":"pt_PT","og_type":"article","og_title":"Mensagem da presidente - Tribunal Judicial da Comarca de Viseu","og_description":"Mensagem da Juiz Presidente do Tribunal Judicial da Comarca de Viseu \u00a0\u00a0 \u00a0 \u00a0 \u00a0 \u00a0Seja bem-vindo(a) \u00e0 p\u00e1gina institucional do Tribunal Judicial da Comarca de Viseu. \u00a0 \u00a0 \u00a0 Os Tribunais, nos termos da Constitui\u00e7\u00e3o da Rep\u00fablica Portuguesa, s\u00e3o \u00f3rg\u00e3os de soberania, com compet\u00eancia para administrar a justi\u00e7a em nome do povo, incumbindo-lhe assegurar...","og_url":"https:\/\/comarcas.csm.org.pt\/viseu\/acomarca\/mensagem-do-presidente\/","og_site_name":"Tribunal Judicial da Comarca de Viseu","article_modified_time":"2025-10-21T14:48:44+00:00","twitter_card":"summary_large_image","twitter_misc":{"Tempo estimado de leitura":"2 minutos"},"schema":{"@context":"https:\/\/schema.org","@graph":[{"@type":"WebPage","@id":"https:\/\/comarcas.csm.org.pt\/viseu\/acomarca\/mensagem-do-presidente\/","url":"https:\/\/comarcas.csm.org.pt\/viseu\/acomarca\/mensagem-do-presidente\/","name":"Mensagem da presidente - Tribunal Judicial da Comarca de Viseu","isPartOf":{"@id":"https:\/\/comarcas.csm.org.pt\/viseu\/#website"},"datePublished":"2024-06-30T21:19:48+00:00","dateModified":"2025-10-21T14:48:44+00:00","breadcrumb":{"@id":"https:\/\/comarcas.csm.org.pt\/viseu\/acomarca\/mensagem-do-presidente\/#breadcrumb"},"inLanguage":"pt-PT","potentialAction":[{"@type":"ReadAction","target":["https:\/\/comarcas.csm.org.pt\/viseu\/acomarca\/mensagem-do-presidente\/"]}]},{"@type":"BreadcrumbList","@id":"https:\/\/comarcas.csm.org.pt\/viseu\/acomarca\/mensagem-do-presidente\/#breadcrumb","itemListElement":[{"@type":"ListItem","position":1,"name":"In\u00edcio","item":"https:\/\/comarcas.csm.org.pt\/viseu\/"},{"@type":"ListItem","position":2,"name":"A Comarca","item":"https:\/\/comarcas.csm.org.pt\/viseu\/acomarca\/"},{"@type":"ListItem","position":3,"name":"Mensagem da presidente"}]},{"@type":"WebSite","@id":"https:\/\/comarcas.csm.org.pt\/viseu\/#website","url":"https:\/\/comarcas.csm.org.pt\/viseu\/","name":"Tribunal Judicial da Comarca de Viseu","description":"Tribunal Judicial da Comarca de Aveiro","publisher":{"@id":"https:\/\/comarcas.csm.org.pt\/viseu\/#organization"},"potentialAction":[{"@type":"SearchAction","target":{"@type":"EntryPoint","urlTemplate":"https:\/\/comarcas.csm.org.pt\/viseu\/?s={search_term_string}"},"query-input":{"@type":"PropertyValueSpecification","valueRequired":true,"valueName":"search_term_string"}}],"inLanguage":"pt-PT"},{"@type":"Organization","@id":"https:\/\/comarcas.csm.org.pt\/viseu\/#organization","name":"Tribunal Judicial da Comarca de Viseu","url":"https:\/\/comarcas.csm.org.pt\/viseu\/","logo":{"@type":"ImageObject","inLanguage":"pt-PT","@id":"https:\/\/comarcas.csm.org.pt\/viseu\/#\/schema\/logo\/image\/","url":"https:\/\/comarcas.csm.org.pt\/viseu\/wp-content\/uploads\/sites\/27\/2024\/11\/Viseu_positivo-horizontal.png","contentUrl":"https:\/\/comarcas.csm.org.pt\/viseu\/wp-content\/uploads\/sites\/27\/2024\/11\/Viseu_positivo-horizontal.png","width":4331,"height":999,"caption":"Tribunal Judicial da Comarca de Viseu"},"image":{"@id":"https:\/\/comarcas.csm.org.pt\/viseu\/#\/schema\/logo\/image\/"}}]}},"_links":{"self":[{"href":"https:\/\/comarcas.csm.org.pt\/viseu\/wp-json\/wp\/v2\/pages\/11467","targetHints":{"allow":["GET"]}}],"collection":[{"href":"https:\/\/comarcas.csm.org.pt\/viseu\/wp-json\/wp\/v2\/pages"}],"about":[{"href":"https:\/\/comarcas.csm.org.pt\/viseu\/wp-json\/wp\/v2\/types\/page"}],"author":[{"embeddable":true,"href":"https:\/\/comarcas.csm.org.pt\/viseu\/wp-json\/wp\/v2\/users\/1"}],"replies":[{"embeddable":true,"href":"https:\/\/comarcas.csm.org.pt\/viseu\/wp-json\/wp\/v2\/comments?post=11467"}],"version-history":[{"count":58,"href":"https:\/\/comarcas.csm.org.pt\/viseu\/wp-json\/wp\/v2\/pages\/11467\/revisions"}],"predecessor-version":[{"id":12456,"href":"https:\/\/comarcas.csm.org.pt\/viseu\/wp-json\/wp\/v2\/pages\/11467\/revisions\/12456"}],"up":[{"embeddable":true,"href":"https:\/\/comarcas.csm.org.pt\/viseu\/wp-json\/wp\/v2\/pages\/2242"}],"wp:attachment":[{"href":"https:\/\/comarcas.csm.org.pt\/viseu\/wp-json\/wp\/v2\/media?parent=11467"}],"curies":[{"name":"wp","href":"https:\/\/api.w.org\/{rel}","templated":true}]}}

<div data-elementor-type="wp-page" data-elementor-id="11467" class="elementor elementor-11467" data-elementor-post-type="page">
				<div class="elementor-element elementor-element-f0b8c02 e-flex e-con-boxed e-con e-parent" data-id="f0b8c02" data-element_type="container">
					<div class="e-con-inner">
		<div class="elementor-element elementor-element-fd6e0dc e-con-full e-flex e-con e-child" data-id="fd6e0dc" data-element_type="container">
				<div class="elementor-element elementor-element-9ea1d40 elementor-widget elementor-widget-heading" data-id="9ea1d40" data-element_type="widget" data-widget_type="heading.default">
				<div class="elementor-widget-container">
					<h2 class="elementor-heading-title elementor-size-default">
Mensagem da Juiz Presidente do Tribunal Judicial da Comarca de Viseu</h2>				</div>
				</div>
				<div class="elementor-element elementor-element-495703b elementor-widget elementor-widget-text-editor" data-id="495703b" data-element_type="widget" data-widget_type="text-editor.default">
				<div class="elementor-widget-container">
									<h5>  </h5><h5>       Seja bem-vindo(a) à página institucional do Tribunal Judicial da Comarca de Viseu.</h5><h5>      Os Tribunais, nos termos da Constituição da República Portuguesa, são órgãos de soberania, com competência para administrar a justiça em nome do povo, incumbindo-lhe assegurar a defesa dos direitos e interesses legalmente protegidos dos cidadãos, reprimir a violação da legalidade democrática e dirimir os conflitos de interesses públicos e privados.</h5><h5>      O Tribunal Judicial da Comarca de Viseu, cuja área de competência corresponde ao distrito de Viseu, tem sede no Palácio da Justiça de Viseu. Abrange 24 Municípios, distribuídos por 12 núcleos, com 9 Juízos Centrais (especializados), 4 Juízos Locais Especializados, 10 Juízos de Competência Genérica e 5 Juízos de Proximidade.</h5><h5>      O propósito desta página é de promover a transparência, aproximando o tribunal das pessoas e prestando-lhe informações sobre a organização do Tribunal.</h5><h5>      Nas principais áreas da página é apresentada a Comarca de Viseu, com indicação dos vários Juízos que a compõem e os contatos dos respetivos serviços. Publicitam-se ainda os principais instrumentos de gestão, dados estatísticos, a jurisprudência mais relevante da Comarca e outras informações úteis sobre o funcionamento do Tribunal.</h5><h5>      Espera-se, desta forma, contribuir para um reforço da confiança na justiça, com melhor comunicação da atividade do Tribunal, com transparência e maior proximidade aos cidadãos.</h5><h5 style="text-align: left">      A Juiz Presidente do Tribunal Judicial da Comarca de Viseu<br />      Isabel Emídio</h5>								</div>
				</div>
				</div>
					</div>
				</div>
				</div>

<p>Mensagem da Juiz Presidente do Tribunal Judicial da Comarca de Viseu           Seja bem-vindo(a) à página institucional do Tribunal Judicial da Comarca de Viseu.       Os Tribunais, nos termos da Constituição da República Portuguesa, são órgãos de soberania, com competência para administrar a justiça em nome do povo, incumbindo-lhe assegurar&#8230;</p>

<!-- This site is optimized with the Yoast SEO plugin v25.6 - https://yoast.com/wordpress/plugins/seo/ -->
<title>Mensagem da presidente - Tribunal Judicial da Comarca de Viseu</title>
<meta name="robots" content="index, follow, max-snippet:-1, max-image-preview:large, max-video-preview:-1" />
<link rel="canonical" href="https://comarcas.csm.org.pt/viseu/acomarca/mensagem-do-presidente/" />
<meta property="og:locale" content="pt_PT" />
<meta property="og:type" content="article" />
<meta property="og:title" content="Mensagem da presidente - Tribunal Judicial da Comarca de Viseu" />
<meta property="og:description" content="Mensagem da Juiz Presidente do Tribunal Judicial da Comarca de Viseu           Seja bem-vindo(a) à página institucional do Tribunal Judicial da Comarca de Viseu.       Os Tribunais, nos termos da Constituição da República Portuguesa, são órgãos de soberania, com competência para administrar a justiça em nome do povo, incumbindo-lhe assegurar..." />
<meta property="og:url" content="https://comarcas.csm.org.pt/viseu/acomarca/mensagem-do-presidente/" />
<meta property="og:site_name" content="Tribunal Judicial da Comarca de Viseu" />
<meta property="article:modified_time" content="2025-10-21T14:48:44+00:00" />
<meta name="twitter:card" content="summary_large_image" />
<meta name="twitter:label1" content="Tempo estimado de leitura" />
	<meta name="twitter:data1" content="2 minutos" />
<script type="application/ld+json" class="yoast-schema-graph">{"@context":"https://schema.org","@graph":[{"@type":"WebPage","@id":"https://comarcas.csm.org.pt/viseu/acomarca/mensagem-do-presidente/","url":"https://comarcas.csm.org.pt/viseu/acomarca/mensagem-do-presidente/","name":"Mensagem da presidente - Tribunal Judicial da Comarca de Viseu","isPartOf":{"@id":"https://comarcas.csm.org.pt/viseu/#website"},"datePublished":"2024-06-30T21:19:48+00:00","dateModified":"2025-10-21T14:48:44+00:00","breadcrumb":{"@id":"https://comarcas.csm.org.pt/viseu/acomarca/mensagem-do-presidente/#breadcrumb"},"inLanguage":"pt-PT","potentialAction":[{"@type":"ReadAction","target":["https://comarcas.csm.org.pt/viseu/acomarca/mensagem-do-presidente/"]}]},{"@type":"BreadcrumbList","@id":"https://comarcas.csm.org.pt/viseu/acomarca/mensagem-do-presidente/#breadcrumb","itemListElement":[{"@type":"ListItem","position":1,"name":"Início","item":"https://comarcas.csm.org.pt/viseu/"},{"@type":"ListItem","position":2,"name":"A Comarca","item":"https://comarcas.csm.org.pt/viseu/acomarca/"},{"@type":"ListItem","position":3,"name":"Mensagem da presidente"}]},{"@type":"WebSite","@id":"https://comarcas.csm.org.pt/viseu/#website","url":"https://comarcas.csm.org.pt/viseu/","name":"Tribunal Judicial da Comarca de Viseu","description":"Tribunal Judicial da Comarca de Aveiro","publisher":{"@id":"https://comarcas.csm.org.pt/viseu/#organization"},"potentialAction":[{"@type":"SearchAction","target":{"@type":"EntryPoint","urlTemplate":"https://comarcas.csm.org.pt/viseu/?s={search_term_string}"},"query-input":{"@type":"PropertyValueSpecification","valueRequired":true,"valueName":"search_term_string"}}],"inLanguage":"pt-PT"},{"@type":"Organization","@id":"https://comarcas.csm.org.pt/viseu/#organization","name":"Tribunal Judicial da Comarca de Viseu","url":"https://comarcas.csm.org.pt/viseu/","logo":{"@type":"ImageObject","inLanguage":"pt-PT","@id":"https://comarcas.csm.org.pt/viseu/#/schema/logo/image/","url":"https://comarcas.csm.org.pt/viseu/wp-content/uploads/sites/27/2024/11/Viseu_positivo-horizontal.png","contentUrl":"https://comarcas.csm.org.pt/viseu/wp-content/uploads/sites/27/2024/11/Viseu_positivo-horizontal.png","width":4331,"height":999,"caption":"Tribunal Judicial da Comarca de Viseu"},"image":{"@id":"https://comarcas.csm.org.pt/viseu/#/schema/logo/image/"}}]}</script>
<!-- / Yoast SEO plugin. -->

Mensagem da Juiz Presidente do Tribunal Judicial da Comarca de Viseu           Seja bem-vindo(a) à página institucional do Tribunal Judicial da Comarca de Viseu.       Os Tribunais, nos termos da Constituição da República Portuguesa, são órgãos de soberania, com competência para administrar a justiça em nome do povo, incumbindo-lhe assegurar...

Início
