{"id":12225,"date":"2025-05-27T13:24:46","date_gmt":"2025-05-27T13:24:46","guid":{"rendered":"https:\/\/comarcas.csm.org.pt\/viseu\/?page_id=12225"},"modified":"2025-05-28T15:30:25","modified_gmt":"2025-05-28T15:30:25","slug":"tabuaco","status":"publish","type":"page","link":"https:\/\/comarcas.csm.org.pt\/viseu\/acomarca\/tabuaco\/","title":{"rendered":"Tabua\u00e7o"},"content":{"rendered":"\t\t<div data-elementor-type=\"wp-page\" data-elementor-id=\"12225\" class=\"elementor elementor-12225\" data-elementor-post-type=\"page\">\n\t\t\t\t<div class=\"elementor-element elementor-element-7df2f61 e-flex e-con-boxed e-con e-parent\" data-id=\"7df2f61\" data-element_type=\"container\">\n\t\t\t\t\t<div class=\"e-con-inner\">\n\t\t<div class=\"elementor-element elementor-element-96bbd00 e-con-full e-flex e-con e-child\" data-id=\"96bbd00\" data-element_type=\"container\">\n\t\t\t\t<div class=\"elementor-element elementor-element-234a8e4 elementor-widget elementor-widget-heading\" data-id=\"234a8e4\" data-element_type=\"widget\" data-widget_type=\"heading.default\">\n\t\t\t\t<div class=\"elementor-widget-container\">\n\t\t\t\t\t<h2 class=\"elementor-heading-title elementor-size-default\">Ju\u00edzo de Proximidade de Tabua\u00e7o<\/h2>\t\t\t\t<\/div>\n\t\t\t\t<\/div>\n\t\t\t\t<\/div>\n\t\t<div class=\"elementor-element elementor-element-c3958c5 e-con-full e-flex e-con e-child\" data-id=\"c3958c5\" data-element_type=\"container\">\n\t\t\t\t<div class=\"elementor-element elementor-element-1d94b24 elementor-widget elementor-widget-text-editor\" data-id=\"1d94b24\" data-element_type=\"widget\" data-widget_type=\"text-editor.default\">\n\t\t\t\t<div class=\"elementor-widget-container\">\n\t\t\t\t\t\t\t\t\t<h6>Morada:\u00a0Pal\u00e1cio da Justi\u00e7a, Rua Dr. Ant\u00f3nio Jos\u00e9 de Almeida &#8211; 5120-413 Tabua\u00e7o<br \/>Telefone: 254095520<br \/>email: <a href=\"mailto:tabuaco@tribunais.org.pt\"><span style=\"text-decoration: underline\"><span style=\"color: #0000ff;text-decoration: underline\">tabuaco@tribunais.org.pt<\/span><\/span><\/a><\/h6>\t\t\t\t\t\t\t\t<\/div>\n\t\t\t\t<\/div>\n\t\t\t\t<\/div>\n\t\t\t\t\t<\/div>\n\t\t\t\t<\/div>\n\t\t<div class=\"elementor-element elementor-element-f0203f3 e-flex e-con-boxed e-con e-parent\" data-id=\"f0203f3\" data-element_type=\"container\">\n\t\t\t\t\t<div class=\"e-con-inner\">\n\t\t\t\t<div class=\"elementor-element elementor-element-f2f2e69 elementor-widget elementor-widget-google_maps\" data-id=\"f2f2e69\" data-element_type=\"widget\" data-widget_type=\"google_maps.default\">\n\t\t\t\t<div class=\"elementor-widget-container\">\n\t\t\t\t\t\t\t<div class=\"elementor-custom-embed\">\n\t\t\t<iframe loading=\"lazy\"\n\t\t\t\t\tsrc=\"https:\/\/www.google.com\/maps\/embed\/v1\/place?key=AIzaSyDhSoLeftGxfg7Tvco7SEUCY-Cc_XLDY3c&#038;q=%20Pal%C3%A1cio%20da%20Justi%C3%A7a%2C%20Rua%20Dr.%20Ant%C3%B3nio%20Jos%C3%A9%20de%20Almeida%20-%205120-413%20Tabua%C3%A7o&#038;zoom=10\"\n\t\t\t\t\ttitle=\" Pal\u00e1cio da Justi\u00e7a, Rua Dr. Ant\u00f3nio Jos\u00e9 de Almeida - 5120-413 Tabua\u00e7o\"\n\t\t\t\t\taria-label=\" Pal\u00e1cio da Justi\u00e7a, Rua Dr. Ant\u00f3nio Jos\u00e9 de Almeida - 5120-413 Tabua\u00e7o\"\n\t\t\t><\/iframe>\n\t\t<\/div>\n\t\t\t\t\t\t<\/div>\n\t\t\t\t<\/div>\n\t\t\t\t\t<\/div>\n\t\t\t\t<\/div>\n\t\t\t\t<\/div>\n\t\t","protected":false},"excerpt":{"rendered":"<p>Ju\u00edzo de Proximidade de Tabua\u00e7o Morada:\u00a0Pal\u00e1cio da Justi\u00e7a, Rua Dr. Ant\u00f3nio Jos\u00e9 de Almeida &#8211; 5120-413 Tabua\u00e7oTelefone: 254095520email: tabuaco@tribunais.org.pt<\/p>\n","protected":false},"author":26,"featured_media":0,"parent":2242,"menu_order":0,"comment_status":"closed","ping_status":"closed","template":"","meta":{"_tbt_post_transparent":"","_tbt_post_title":"","_tbt_post_layout":"default","_tbt_post_sidebar_id":"","_tbt_post_content_style":"","_tbt_post_vertical_padding":"","_tbt_post_feature":"","_tbt_post_feature_position":"","_tbt_post_header":false,"_tbt_post_footer":false},"class_list":["post-12225","page","type-page","status-publish","hentry"],"yoast_head":"<!-- This site is optimized with the Yoast SEO plugin v25.6 - https:\/\/yoast.com\/wordpress\/plugins\/seo\/ -->\n<title>Tabua\u00e7o - Tribunal Judicial da Comarca de Viseu<\/title>\n<meta name=\"robots\" content=\"index, follow, max-snippet:-1, max-image-preview:large, max-video-preview:-1\" \/>\n<link rel=\"canonical\" href=\"https:\/\/comarcas.csm.org.pt\/viseu\/acomarca\/tabuaco\/\" \/>\n<meta property=\"og:locale\" content=\"pt_PT\" \/>\n<meta property=\"og:type\" content=\"article\" \/>\n<meta property=\"og:title\" content=\"Tabua\u00e7o - Tribunal Judicial da Comarca de Viseu\" \/>\n<meta property=\"og:description\" content=\"Ju\u00edzo de Proximidade de Tabua\u00e7o Morada:\u00a0Pal\u00e1cio da Justi\u00e7a, Rua Dr. Ant\u00f3nio Jos\u00e9 de Almeida &#8211; 5120-413 Tabua\u00e7oTelefone: 254095520email: tabuaco@tribunais.org.pt\" \/>\n<meta property=\"og:url\" content=\"https:\/\/comarcas.csm.org.pt\/viseu\/acomarca\/tabuaco\/\" \/>\n<meta property=\"og:site_name\" content=\"Tribunal Judicial da Comarca de Viseu\" \/>\n<meta property=\"article:modified_time\" content=\"2025-05-28T15:30:25+00:00\" \/>\n<meta name=\"twitter:card\" content=\"summary_large_image\" \/>\n<meta name=\"twitter:label1\" content=\"Tempo estimado de leitura\" \/>\n\t<meta name=\"twitter:data1\" content=\"1 minuto\" \/>\n<script type=\"application\/ld+json\" class=\"yoast-schema-graph\">{\"@context\":\"https:\/\/schema.org\",\"@graph\":[{\"@type\":\"WebPage\",\"@id\":\"https:\/\/comarcas.csm.org.pt\/viseu\/acomarca\/tabuaco\/\",\"url\":\"https:\/\/comarcas.csm.org.pt\/viseu\/acomarca\/tabuaco\/\",\"name\":\"Tabua\u00e7o - Tribunal Judicial da Comarca de Viseu\",\"isPartOf\":{\"@id\":\"https:\/\/comarcas.csm.org.pt\/viseu\/#website\"},\"datePublished\":\"2025-05-27T13:24:46+00:00\",\"dateModified\":\"2025-05-28T15:30:25+00:00\",\"breadcrumb\":{\"@id\":\"https:\/\/comarcas.csm.org.pt\/viseu\/acomarca\/tabuaco\/#breadcrumb\"},\"inLanguage\":\"pt-PT\",\"potentialAction\":[{\"@type\":\"ReadAction\",\"target\":[\"https:\/\/comarcas.csm.org.pt\/viseu\/acomarca\/tabuaco\/\"]}]},{\"@type\":\"BreadcrumbList\",\"@id\":\"https:\/\/comarcas.csm.org.pt\/viseu\/acomarca\/tabuaco\/#breadcrumb\",\"itemListElement\":[{\"@type\":\"ListItem\",\"position\":1,\"name\":\"In\u00edcio\",\"item\":\"https:\/\/comarcas.csm.org.pt\/viseu\/\"},{\"@type\":\"ListItem\",\"position\":2,\"name\":\"A Comarca\",\"item\":\"https:\/\/comarcas.csm.org.pt\/viseu\/acomarca\/\"},{\"@type\":\"ListItem\",\"position\":3,\"name\":\"Tabua\u00e7o\"}]},{\"@type\":\"WebSite\",\"@id\":\"https:\/\/comarcas.csm.org.pt\/viseu\/#website\",\"url\":\"https:\/\/comarcas.csm.org.pt\/viseu\/\",\"name\":\"Tribunal Judicial da Comarca de Viseu\",\"description\":\"Tribunal Judicial da Comarca de Aveiro\",\"publisher\":{\"@id\":\"https:\/\/comarcas.csm.org.pt\/viseu\/#organization\"},\"potentialAction\":[{\"@type\":\"SearchAction\",\"target\":{\"@type\":\"EntryPoint\",\"urlTemplate\":\"https:\/\/comarcas.csm.org.pt\/viseu\/?s={search_term_string}\"},\"query-input\":{\"@type\":\"PropertyValueSpecification\",\"valueRequired\":true,\"valueName\":\"search_term_string\"}}],\"inLanguage\":\"pt-PT\"},{\"@type\":\"Organization\",\"@id\":\"https:\/\/comarcas.csm.org.pt\/viseu\/#organization\",\"name\":\"Tribunal Judicial da Comarca de Viseu\",\"url\":\"https:\/\/comarcas.csm.org.pt\/viseu\/\",\"logo\":{\"@type\":\"ImageObject\",\"inLanguage\":\"pt-PT\",\"@id\":\"https:\/\/comarcas.csm.org.pt\/viseu\/#\/schema\/logo\/image\/\",\"url\":\"https:\/\/comarcas.csm.org.pt\/viseu\/wp-content\/uploads\/sites\/27\/2024\/11\/Viseu_positivo-horizontal.png\",\"contentUrl\":\"https:\/\/comarcas.csm.org.pt\/viseu\/wp-content\/uploads\/sites\/27\/2024\/11\/Viseu_positivo-horizontal.png\",\"width\":4331,\"height\":999,\"caption\":\"Tribunal Judicial da Comarca de Viseu\"},\"image\":{\"@id\":\"https:\/\/comarcas.csm.org.pt\/viseu\/#\/schema\/logo\/image\/\"}}]}<\/script>\n<!-- \/ Yoast SEO plugin. -->","yoast_head_json":{"title":"Tabua\u00e7o - Tribunal Judicial da Comarca de Viseu","robots":{"index":"index","follow":"follow","max-snippet":"max-snippet:-1","max-image-preview":"max-image-preview:large","max-video-preview":"max-video-preview:-1"},"canonical":"https:\/\/comarcas.csm.org.pt\/viseu\/acomarca\/tabuaco\/","og_locale":"pt_PT","og_type":"article","og_title":"Tabua\u00e7o - Tribunal Judicial da Comarca de Viseu","og_description":"Ju\u00edzo de Proximidade de Tabua\u00e7o Morada:\u00a0Pal\u00e1cio da Justi\u00e7a, Rua Dr. Ant\u00f3nio Jos\u00e9 de Almeida &#8211; 5120-413 Tabua\u00e7oTelefone: 254095520email: tabuaco@tribunais.org.pt","og_url":"https:\/\/comarcas.csm.org.pt\/viseu\/acomarca\/tabuaco\/","og_site_name":"Tribunal Judicial da Comarca de Viseu","article_modified_time":"2025-05-28T15:30:25+00:00","twitter_card":"summary_large_image","twitter_misc":{"Tempo estimado de leitura":"1 minuto"},"schema":{"@context":"https:\/\/schema.org","@graph":[{"@type":"WebPage","@id":"https:\/\/comarcas.csm.org.pt\/viseu\/acomarca\/tabuaco\/","url":"https:\/\/comarcas.csm.org.pt\/viseu\/acomarca\/tabuaco\/","name":"Tabua\u00e7o - Tribunal Judicial da Comarca de Viseu","isPartOf":{"@id":"https:\/\/comarcas.csm.org.pt\/viseu\/#website"},"datePublished":"2025-05-27T13:24:46+00:00","dateModified":"2025-05-28T15:30:25+00:00","breadcrumb":{"@id":"https:\/\/comarcas.csm.org.pt\/viseu\/acomarca\/tabuaco\/#breadcrumb"},"inLanguage":"pt-PT","potentialAction":[{"@type":"ReadAction","target":["https:\/\/comarcas.csm.org.pt\/viseu\/acomarca\/tabuaco\/"]}]},{"@type":"BreadcrumbList","@id":"https:\/\/comarcas.csm.org.pt\/viseu\/acomarca\/tabuaco\/#breadcrumb","itemListElement":[{"@type":"ListItem","position":1,"name":"In\u00edcio","item":"https:\/\/comarcas.csm.org.pt\/viseu\/"},{"@type":"ListItem","position":2,"name":"A Comarca","item":"https:\/\/comarcas.csm.org.pt\/viseu\/acomarca\/"},{"@type":"ListItem","position":3,"name":"Tabua\u00e7o"}]},{"@type":"WebSite","@id":"https:\/\/comarcas.csm.org.pt\/viseu\/#website","url":"https:\/\/comarcas.csm.org.pt\/viseu\/","name":"Tribunal Judicial da Comarca de Viseu","description":"Tribunal Judicial da Comarca de Aveiro","publisher":{"@id":"https:\/\/comarcas.csm.org.pt\/viseu\/#organization"},"potentialAction":[{"@type":"SearchAction","target":{"@type":"EntryPoint","urlTemplate":"https:\/\/comarcas.csm.org.pt\/viseu\/?s={search_term_string}"},"query-input":{"@type":"PropertyValueSpecification","valueRequired":true,"valueName":"search_term_string"}}],"inLanguage":"pt-PT"},{"@type":"Organization","@id":"https:\/\/comarcas.csm.org.pt\/viseu\/#organization","name":"Tribunal Judicial da Comarca de Viseu","url":"https:\/\/comarcas.csm.org.pt\/viseu\/","logo":{"@type":"ImageObject","inLanguage":"pt-PT","@id":"https:\/\/comarcas.csm.org.pt\/viseu\/#\/schema\/logo\/image\/","url":"https:\/\/comarcas.csm.org.pt\/viseu\/wp-content\/uploads\/sites\/27\/2024\/11\/Viseu_positivo-horizontal.png","contentUrl":"https:\/\/comarcas.csm.org.pt\/viseu\/wp-content\/uploads\/sites\/27\/2024\/11\/Viseu_positivo-horizontal.png","width":4331,"height":999,"caption":"Tribunal Judicial da Comarca de Viseu"},"image":{"@id":"https:\/\/comarcas.csm.org.pt\/viseu\/#\/schema\/logo\/image\/"}}]}},"_links":{"self":[{"href":"https:\/\/comarcas.csm.org.pt\/viseu\/wp-json\/wp\/v2\/pages\/12225","targetHints":{"allow":["GET"]}}],"collection":[{"href":"https:\/\/comarcas.csm.org.pt\/viseu\/wp-json\/wp\/v2\/pages"}],"about":[{"href":"https:\/\/comarcas.csm.org.pt\/viseu\/wp-json\/wp\/v2\/types\/page"}],"author":[{"embeddable":true,"href":"https:\/\/comarcas.csm.org.pt\/viseu\/wp-json\/wp\/v2\/users\/26"}],"replies":[{"embeddable":true,"href":"https:\/\/comarcas.csm.org.pt\/viseu\/wp-json\/wp\/v2\/comments?post=12225"}],"version-history":[{"count":7,"href":"https:\/\/comarcas.csm.org.pt\/viseu\/wp-json\/wp\/v2\/pages\/12225\/revisions"}],"predecessor-version":[{"id":12380,"href":"https:\/\/comarcas.csm.org.pt\/viseu\/wp-json\/wp\/v2\/pages\/12225\/revisions\/12380"}],"up":[{"embeddable":true,"href":"https:\/\/comarcas.csm.org.pt\/viseu\/wp-json\/wp\/v2\/pages\/2242"}],"wp:attachment":[{"href":"https:\/\/comarcas.csm.org.pt\/viseu\/wp-json\/wp\/v2\/media?parent=12225"}],"curies":[{"name":"wp","href":"https:\/\/api.w.org\/{rel}","templated":true}]}}

Tabuaço

<div data-elementor-type="wp-page" data-elementor-id="12225" class="elementor elementor-12225" data-elementor-post-type="page">
				<div class="elementor-element elementor-element-7df2f61 e-flex e-con-boxed e-con e-parent" data-id="7df2f61" data-element_type="container">
					<div class="e-con-inner">
		<div class="elementor-element elementor-element-96bbd00 e-con-full e-flex e-con e-child" data-id="96bbd00" data-element_type="container">
				<div class="elementor-element elementor-element-234a8e4 elementor-widget elementor-widget-heading" data-id="234a8e4" data-element_type="widget" data-widget_type="heading.default">
				<div class="elementor-widget-container">
					<h2 class="elementor-heading-title elementor-size-default">Juízo de Proximidade de Tabuaço</h2>				</div>
				</div>
				</div>
		<div class="elementor-element elementor-element-c3958c5 e-con-full e-flex e-con e-child" data-id="c3958c5" data-element_type="container">
				<div class="elementor-element elementor-element-1d94b24 elementor-widget elementor-widget-text-editor" data-id="1d94b24" data-element_type="widget" data-widget_type="text-editor.default">
				<div class="elementor-widget-container">
									<h6>Morada: Palácio da Justiça, Rua Dr. António José de Almeida &#8211; 5120-413 Tabuaço<br />Telefone: 254095520<br />email: <a href="mailto:tabuaco@tribunais.org.pt"><span style="text-decoration: underline"><span style="color: #0000ff;text-decoration: underline">tabuaco@tribunais.org.pt</span></span></a></h6>								</div>
				</div>
				</div>
					</div>
				</div>
		<div class="elementor-element elementor-element-f0203f3 e-flex e-con-boxed e-con e-parent" data-id="f0203f3" data-element_type="container">
					<div class="e-con-inner">
				<div class="elementor-element elementor-element-f2f2e69 elementor-widget elementor-widget-google_maps" data-id="f2f2e69" data-element_type="widget" data-widget_type="google_maps.default">
				<div class="elementor-widget-container">
							<div class="elementor-custom-embed">
			<iframe loading="lazy"
					src="https://www.google.com/maps/embed/v1/place?key=AIzaSyDhSoLeftGxfg7Tvco7SEUCY-Cc_XLDY3c&#038;q=%20Pal%C3%A1cio%20da%20Justi%C3%A7a%2C%20Rua%20Dr.%20Ant%C3%B3nio%20Jos%C3%A9%20de%20Almeida%20-%205120-413%20Tabua%C3%A7o&#038;zoom=10"
					title=" Palácio da Justiça, Rua Dr. António José de Almeida - 5120-413 Tabuaço"
					aria-label=" Palácio da Justiça, Rua Dr. António José de Almeida - 5120-413 Tabuaço"
			></iframe>
		</div>
						</div>
				</div>
					</div>
				</div>
				</div>

<p>Juízo de Proximidade de Tabuaço Morada: Palácio da Justiça, Rua Dr. António José de Almeida &#8211; 5120-413 TabuaçoTelefone: 254095520email: tabuaco@tribunais.org.pt</p>

<!-- This site is optimized with the Yoast SEO plugin v25.6 - https://yoast.com/wordpress/plugins/seo/ -->
<title>Tabuaço - Tribunal Judicial da Comarca de Viseu</title>
<meta name="robots" content="index, follow, max-snippet:-1, max-image-preview:large, max-video-preview:-1" />
<link rel="canonical" href="https://comarcas.csm.org.pt/viseu/acomarca/tabuaco/" />
<meta property="og:locale" content="pt_PT" />
<meta property="og:type" content="article" />
<meta property="og:title" content="Tabuaço - Tribunal Judicial da Comarca de Viseu" />
<meta property="og:description" content="Juízo de Proximidade de Tabuaço Morada: Palácio da Justiça, Rua Dr. António José de Almeida &#8211; 5120-413 TabuaçoTelefone: 254095520email: tabuaco@tribunais.org.pt" />
<meta property="og:url" content="https://comarcas.csm.org.pt/viseu/acomarca/tabuaco/" />
<meta property="og:site_name" content="Tribunal Judicial da Comarca de Viseu" />
<meta property="article:modified_time" content="2025-05-28T15:30:25+00:00" />
<meta name="twitter:card" content="summary_large_image" />
<meta name="twitter:label1" content="Tempo estimado de leitura" />
	<meta name="twitter:data1" content="1 minuto" />
<script type="application/ld+json" class="yoast-schema-graph">{"@context":"https://schema.org","@graph":[{"@type":"WebPage","@id":"https://comarcas.csm.org.pt/viseu/acomarca/tabuaco/","url":"https://comarcas.csm.org.pt/viseu/acomarca/tabuaco/","name":"Tabuaço - Tribunal Judicial da Comarca de Viseu","isPartOf":{"@id":"https://comarcas.csm.org.pt/viseu/#website"},"datePublished":"2025-05-27T13:24:46+00:00","dateModified":"2025-05-28T15:30:25+00:00","breadcrumb":{"@id":"https://comarcas.csm.org.pt/viseu/acomarca/tabuaco/#breadcrumb"},"inLanguage":"pt-PT","potentialAction":[{"@type":"ReadAction","target":["https://comarcas.csm.org.pt/viseu/acomarca/tabuaco/"]}]},{"@type":"BreadcrumbList","@id":"https://comarcas.csm.org.pt/viseu/acomarca/tabuaco/#breadcrumb","itemListElement":[{"@type":"ListItem","position":1,"name":"Início","item":"https://comarcas.csm.org.pt/viseu/"},{"@type":"ListItem","position":2,"name":"A Comarca","item":"https://comarcas.csm.org.pt/viseu/acomarca/"},{"@type":"ListItem","position":3,"name":"Tabuaço"}]},{"@type":"WebSite","@id":"https://comarcas.csm.org.pt/viseu/#website","url":"https://comarcas.csm.org.pt/viseu/","name":"Tribunal Judicial da Comarca de Viseu","description":"Tribunal Judicial da Comarca de Aveiro","publisher":{"@id":"https://comarcas.csm.org.pt/viseu/#organization"},"potentialAction":[{"@type":"SearchAction","target":{"@type":"EntryPoint","urlTemplate":"https://comarcas.csm.org.pt/viseu/?s={search_term_string}"},"query-input":{"@type":"PropertyValueSpecification","valueRequired":true,"valueName":"search_term_string"}}],"inLanguage":"pt-PT"},{"@type":"Organization","@id":"https://comarcas.csm.org.pt/viseu/#organization","name":"Tribunal Judicial da Comarca de Viseu","url":"https://comarcas.csm.org.pt/viseu/","logo":{"@type":"ImageObject","inLanguage":"pt-PT","@id":"https://comarcas.csm.org.pt/viseu/#/schema/logo/image/","url":"https://comarcas.csm.org.pt/viseu/wp-content/uploads/sites/27/2024/11/Viseu_positivo-horizontal.png","contentUrl":"https://comarcas.csm.org.pt/viseu/wp-content/uploads/sites/27/2024/11/Viseu_positivo-horizontal.png","width":4331,"height":999,"caption":"Tribunal Judicial da Comarca de Viseu"},"image":{"@id":"https://comarcas.csm.org.pt/viseu/#/schema/logo/image/"}}]}</script>
<!-- / Yoast SEO plugin. -->

Tabuaço - Tribunal Judicial da Comarca de Viseu

Juízo de Proximidade de Tabuaço Morada: Palácio da Justiça, Rua Dr. António José de Almeida &#8211; 5120-413 TabuaçoTelefone: 254095520email: tabuaco@tribunais.org.pt

Início
